{"id":987,"date":"2017-02-27T18:25:11","date_gmt":"2017-02-27T17:25:11","guid":{"rendered":"http:\/\/ligue-golfgrandest.org\/?page_id=987"},"modified":"2025-01-09T14:34:33","modified_gmt":"2025-01-09T13:34:33","slug":"golf-nancy-pulnoy","status":"publish","type":"page","link":"https:\/\/ligue-golfgrandest.org\/index.php\/clubs\/lorraine\/golf-nancy-pulnoy\/","title":{"rendered":"UGolf  Grand Nancy Pulnoy"},"content":{"rendered":"\n<div class=\"wp-block-columns is-layout-flex wp-container-core-columns-is-layout-9d6595d7 wp-block-columns-is-layout-flex\">\n<div class=\"wp-block-column is-layout-flow wp-block-column-is-layout-flow\"><div class=\"wp-block-image\">\n<figure class=\"alignleft\"><a href=\"http:\/\/ligue-golfgrandest.org\/wp-content\/uploads\/2019\/05\/03-GRAND-NANCY-AS.jpg\"><img loading=\"lazy\" decoding=\"async\" width=\"250\" height=\"160\" src=\"http:\/\/ligue-golfgrandest.org\/wp-content\/uploads\/2019\/05\/03-GRAND-NANCY-AS.jpg\" alt=\"\" class=\"wp-image-19635\"\/><\/a><\/figure><\/div><\/div>\n\n\n\n<div class=\"wp-block-column is-layout-flow wp-block-column-is-layout-flow\">\n<h3 class=\"wp-block-heading\">Ass. Sportive<\/h3>\n\n\n\n<p>10, Rue du Golf<br>54 425 PULNOY<br>Pr\u00e9sident AS : Xavier TILLEMENT<br><a href=\"mailto:as.golf.grand.nancy.pulnoy@gmail.com\">as.golf.grand.nancy.pulnoy@gmail.com<\/a><br>Facebook : <a href=\"https:\/\/www.facebook.com\/pages\/Golf-Nancy-Pulnoy\/273911719381011\" data-type=\"link\" data-id=\"https:\/\/www.facebook.com\/pages\/Golf-Nancy-Pulnoy\/273911719381011\">Golf Nancy Pulnoy<\/a><\/p>\n\n\n\n<p><a href=\"https:\/\/pages.ffgolf.org\/departs\/golf\/9265cd11e2246c1d5e257d8d1809a2c1\">D\u00e9parts comp\u00e9titions<\/a><br><a href=\"https:\/\/pages.ffgolf.org\/resultats\/liste-competitions\/9265cd11e2246c1d5e257d8d1809a2c1\">R\u00e9sultats comp\u00e9titions<\/a><\/p>\n<\/div>\n\n\n\n<div class=\"wp-block-column is-layout-flow wp-block-column-is-layout-flow\">\n<h3 class=\"wp-block-heading\">Le Club<\/h3>\n\n\n\n<p>1 parcours 18 Trous<br>1 pitch &amp; putt<br>1 practice<br>1 pro-shop<br>1 restaurant<br>Directrice : Laurence HAUSER<br><a href=\"mailto:contact.pulnoy@ugolf.eu\">contact.pulnoy@ugolf.eu<\/a><br><a href=\"https:\/\/jouer.golf\/grand-nancy-pulnoy\/\" target=\"_blank\" rel=\"noreferrer noopener\">https:\/\/jouer.golf\/grand-nancy-pulnoy\/<\/a><br>Facebook : <a href=\"https:\/\/www.facebook.com\/golfgrandnancypulnoy\/\" data-type=\"link\" data-id=\"https:\/\/www.facebook.com\/golfgrandnancypulnoy\/\">UGOLF (Grand Nancy Pulnoy)<\/a><br>03 83 18 10 18<\/p>\n<\/div>\n<\/div>\n\n\n\n<figure class=\"wp-block-gallery has-nested-images columns-default is-cropped wp-block-gallery-1 is-layout-flex wp-block-gallery-is-layout-flex\">\n<figure class=\"wp-block-image size-full\"><a href=\"https:\/\/ligue-golfgrandest.org\/wp-content\/uploads\/2017\/02\/03-Nancy-Pulnoy-3.jpg\"><img loading=\"lazy\" decoding=\"async\" width=\"800\" height=\"600\" data-id=\"992\" src=\"https:\/\/ligue-golfgrandest.org\/wp-content\/uploads\/2017\/02\/03-Nancy-Pulnoy-3.jpg\" alt=\"\" class=\"wp-image-992\" srcset=\"https:\/\/ligue-golfgrandest.org\/wp-content\/uploads\/2017\/02\/03-Nancy-Pulnoy-3.jpg 800w, https:\/\/ligue-golfgrandest.org\/wp-content\/uploads\/2017\/02\/03-Nancy-Pulnoy-3-350x263.jpg 350w, https:\/\/ligue-golfgrandest.org\/wp-content\/uploads\/2017\/02\/03-Nancy-Pulnoy-3-768x576.jpg 768w\" sizes=\"auto, (max-width: 800px) 100vw, 800px\" \/><\/a><\/figure>\n\n\n\n<figure class=\"wp-block-image size-full\"><a href=\"https:\/\/ligue-golfgrandest.org\/wp-content\/uploads\/2017\/02\/03-Nancy-Pulnoy-2.jpg\"><img loading=\"lazy\" decoding=\"async\" width=\"800\" height=\"600\" data-id=\"991\" src=\"https:\/\/ligue-golfgrandest.org\/wp-content\/uploads\/2017\/02\/03-Nancy-Pulnoy-2.jpg\" alt=\"\" class=\"wp-image-991\" srcset=\"https:\/\/ligue-golfgrandest.org\/wp-content\/uploads\/2017\/02\/03-Nancy-Pulnoy-2.jpg 800w, https:\/\/ligue-golfgrandest.org\/wp-content\/uploads\/2017\/02\/03-Nancy-Pulnoy-2-350x263.jpg 350w, https:\/\/ligue-golfgrandest.org\/wp-content\/uploads\/2017\/02\/03-Nancy-Pulnoy-2-768x576.jpg 768w\" sizes=\"auto, (max-width: 800px) 100vw, 800px\" \/><\/a><\/figure>\n\n\n\n<figure class=\"wp-block-image size-full\"><a href=\"https:\/\/ligue-golfgrandest.org\/wp-content\/uploads\/2017\/02\/03-Nancy-Pulnoy-1.jpg\"><img loading=\"lazy\" decoding=\"async\" width=\"800\" height=\"600\" data-id=\"990\" src=\"https:\/\/ligue-golfgrandest.org\/wp-content\/uploads\/2017\/02\/03-Nancy-Pulnoy-1.jpg\" alt=\"\" class=\"wp-image-990\" srcset=\"https:\/\/ligue-golfgrandest.org\/wp-content\/uploads\/2017\/02\/03-Nancy-Pulnoy-1.jpg 800w, https:\/\/ligue-golfgrandest.org\/wp-content\/uploads\/2017\/02\/03-Nancy-Pulnoy-1-350x263.jpg 350w, https:\/\/ligue-golfgrandest.org\/wp-content\/uploads\/2017\/02\/03-Nancy-Pulnoy-1-768x576.jpg 768w\" sizes=\"auto, (max-width: 800px) 100vw, 800px\" \/><\/a><\/figure>\n<\/figure>\n\n\n\n<iframe src=\"https:\/\/www.google.com\/maps\/embed?pb=!1m18!1m12!1m3!1d32960.57386281007!2d6.239326832260217!3d48.70098973008578!2m3!1f0!2f0!3f0!3m2!1i1024!2i768!4f13.1!3m3!1m2!1s0x479499fa34fab56d%3A0xa1573bbaafadf56c!2sUGOLF%20%3A%20Golf%20Grand%20Nancy-Pulnoy!5e0!3m2!1sfr!2sfr!4v1642682440291!5m2!1sfr!2sfr\" width=\"100%\" height=\"450\" style=\"border:0;\" allowfullscreen=\"\" loading=\"lazy\"><\/iframe>\n","protected":false},"excerpt":{"rendered":"<p>Ass. Sportive 10, Rue du Golf54 425 PULNOYPr\u00e9sident AS : Xavier TILLEMENTas.golf.grand.nancy.pulnoy@gmail.comFacebook : Golf Nancy Pulnoy D\u00e9parts comp\u00e9titionsR\u00e9sultats comp\u00e9titions Le Club 1 parcours 18 Trous1 pitch &amp; putt1 practice1 pro-shop1 restaurantDirectrice : Laurence HAUSERcontact.pulnoy@ugolf.euhttps:\/\/jouer.golf\/grand-nancy-pulnoy\/Facebook : UGOLF (Grand Nancy Pulnoy)03 83 18 10 18<\/p>\n","protected":false},"author":3,"featured_media":0,"parent":137,"menu_order":2,"comment_status":"closed","ping_status":"closed","template":"page-templates\/page-full-width.php","meta":{"footnotes":""},"class_list":["post-987","page","type-page","status-publish","hentry"],"_links":{"self":[{"href":"https:\/\/ligue-golfgrandest.org\/index.php\/wp-json\/wp\/v2\/pages\/987","targetHints":{"allow":["GET"]}}],"collection":[{"href":"https:\/\/ligue-golfgrandest.org\/index.php\/wp-json\/wp\/v2\/pages"}],"about":[{"href":"https:\/\/ligue-golfgrandest.org\/index.php\/wp-json\/wp\/v2\/types\/page"}],"author":[{"embeddable":true,"href":"https:\/\/ligue-golfgrandest.org\/index.php\/wp-json\/wp\/v2\/users\/3"}],"replies":[{"embeddable":true,"href":"https:\/\/ligue-golfgrandest.org\/index.php\/wp-json\/wp\/v2\/comments?post=987"}],"version-history":[{"count":0,"href":"https:\/\/ligue-golfgrandest.org\/index.php\/wp-json\/wp\/v2\/pages\/987\/revisions"}],"up":[{"embeddable":true,"href":"https:\/\/ligue-golfgrandest.org\/index.php\/wp-json\/wp\/v2\/pages\/137"}],"wp:attachment":[{"href":"https:\/\/ligue-golfgrandest.org\/index.php\/wp-json\/wp\/v2\/media?parent=987"}],"curies":[{"name":"wp","href":"https:\/\/api.w.org\/{rel}","templated":true}]}}