{"id":8580,"date":"2018-02-22T10:26:13","date_gmt":"2018-02-22T09:26:13","guid":{"rendered":"http:\/\/ligue-golfgrandest.org\/?page_id=8580"},"modified":"2026-04-24T10:25:46","modified_gmt":"2026-04-24T08:25:46","slug":"coupe-france","status":"publish","type":"page","link":"https:\/\/ligue-golfgrandest.org\/index.php\/entreprise\/coupe-france\/","title":{"rendered":"GOLF ENTREPRISE | COUPE DE FRANCE"},"content":{"rendered":"\n<h2 class=\"wp-block-heading\">COUPE DE FRANCE PAR \u00c9QUIPE | QUALIFICATION ALSACE<\/h2>\n\n\n\n<p>Inscription sur Extranet <a href=\"http:\/\/xnet.ffgpolf.org\">http:\/\/xnet.ffgpolf.org<\/a> :<br><strong>Inscription de l&rsquo;\u00e9quipe au plus tard 1 mois avant le premier jour de l\u2019\u00e9preuve<\/strong><br><strong>Inscription des \u00e9quipiers au plus tard 7 jours pleins avant le premier jour de l\u2019\u00e9preuve<\/strong><\/p>\n\n\n\n<p><strong>Samedi 21 mars 2026 &#8211; Div.2 | Alsace Golf Links <\/strong><\/p>\n\n\n\n<p><a href=\"https:\/\/ligue-golfgrandest.org\/wp-content\/uploads\/2026\/03\/Resultats-bruts.pdf\">R\u00e9sultats Brut<\/a> | <a href=\"https:\/\/ligue-golfgrandest.org\/wp-content\/uploads\/2026\/03\/Resultats-nets.pdf\">R\u00e9sultats Net<\/a> | <a href=\"https:\/\/ligue-golfgrandest.org\/wp-content\/uploads\/2026\/03\/Resultats-Equipes-D2-AGL.pdf\">R\u00e9sultats par \u00e9quipe<\/a> |<\/p>\n\n\n\n<p><strong>Samedi 28 mars 2026 &#8211; Div.1+Div.2 | La Wantzenau<\/strong><\/p>\n\n\n\n<p><a href=\"https:\/\/ligue-golfgrandest.org\/wp-content\/uploads\/2026\/04\/1a.-Resultats-Div-1.pdf\">R\u00e9sultats Div.1<\/a> | <a href=\"https:\/\/ligue-golfgrandest.org\/wp-content\/uploads\/2026\/04\/1a.-Resultats-Div-2.pdf\">R\u00e9sultats Div.2<\/a> | <a href=\"https:\/\/ligue-golfgrandest.org\/wp-content\/uploads\/2026\/04\/Resultats-Equipes-Wantzenau.pdf\">R\u00e9sultats par \u00e9quipe<\/a> |<\/p>\n\n\n\n<p><strong>Samedi 11 avril 2026 &#8211; Div.1 | Soufflenheim<\/strong><\/p>\n\n\n\n<p><a href=\"https:\/\/ligue-golfgrandest.org\/wp-content\/uploads\/2026\/04\/RESULTAT-BRUT-D1.pdf\">R\u00e9sultats Brut Div.1<\/a> | <a href=\"https:\/\/ligue-golfgrandest.org\/wp-content\/uploads\/2026\/04\/RESULTAT-NET-D1.pdf\">R\u00e9sultats Net Div.1<\/a> | <a href=\"https:\/\/ligue-golfgrandest.org\/wp-content\/uploads\/2026\/04\/RESULTAT-BRUT-D2.pdf\">R\u00e9sultats Brut Div.2<\/a> | <a href=\"https:\/\/ligue-golfgrandest.org\/wp-content\/uploads\/2026\/04\/RESULTAT-NET-D2.pdf\">R\u00e9sultats Net Div.2<\/a> | <a href=\"https:\/\/ligue-golfgrandest.org\/wp-content\/uploads\/2026\/04\/Resultats-Equipes-Soufflenheim.pdf\">R\u00e9sultats par \u00e9quipe<\/a> |<\/p>\n\n\n\n<p><strong>Samedi 18 avril 2026 &#8211; Div.1 | Alsace Golf Links<\/strong><\/p>\n\n\n\n<p><a href=\"https:\/\/ligue-golfgrandest.org\/wp-content\/uploads\/2026\/04\/1d.-Resultats-clubs-entreprises-sans-nouveaux-index.pdf\">R\u00e9sultats <\/a>|<\/p>\n\n\n\n<p><strong>Samedi 25 avril 2026 &#8211; Div1+Div.2 | Le Rhin<\/strong><\/p>\n\n\n\n<p><a href=\"https:\/\/ligue-golfgrandest.org\/wp-content\/uploads\/2026\/04\/2026-Departs-ffg-ent.-Div-1.pdf\">Heures de d\u00e9part Div.1<\/a> | <a href=\"https:\/\/ligue-golfgrandest.org\/wp-content\/uploads\/2026\/04\/2026-Departs-ffg-ent.-Div-2.pdf\">Heures de d\u00e9part Div.2<\/a> |<\/p>\n\n\n\n<p><strong>Samedi 16 mai 2026 &#8211; Div1+Div.2 | Les Bouleaux<\/strong><\/p>\n\n\n\n<hr class=\"wp-block-separator has-alpha-channel-opacity\"\/>\n\n\n\n<h2 class=\"wp-block-heading\">COUPE DE FRANCE PAR \u00c9QUIPE | QUALIFICATION CHAMPAGNE-ARDENNE<\/h2>\n\n\n\n<p>Inscription sur Extranet <a href=\"http:\/\/xnet.ffgpolf.org\">http:\/\/xnet.ffgpolf.org<\/a> :<br><strong>Inscription de l&rsquo;\u00e9quipe au plus tard 1 mois avant le premier jour de l\u2019\u00e9preuve<\/strong><br><strong>Inscription des \u00e9quipiers au plus tard 7 jours pleins avant le premier jour de l\u2019\u00e9preuve<\/strong><\/p>\n\n\n\n<p><strong>Samedi 28 mars 2026 | Ch\u00e2lons en Champagne<\/strong><\/p>\n\n\n\n<p><a href=\"https:\/\/ligue-golfgrandest.org\/wp-content\/uploads\/2026\/04\/Golf-entreprise-2026-Championnat-de-Champagne-Ardenne.pdf\">R\u00e9sultats par \u00e9quipe<\/a> |<\/p>\n\n\n\n<p><strong>Samedi 4 avril 2026 | Champagne<\/strong><\/p>\n\n\n\n<p><a href=\"https:\/\/ligue-golfgrandest.org\/wp-content\/uploads\/2026\/04\/Golf-entreprise-2026-Championnat-de-Champagne-Ardenne.pdf\">R\u00e9sultats par \u00e9quipe<\/a> |<\/p>\n\n\n\n<p><strong>Samedi 30 mai 2026 | Combles-en-Barrois<\/strong><\/p>\n\n\n\n<p><strong>Samedi 6 juin 2026 | Troyes<\/strong><\/p>\n\n\n\n<p><strong>Samedi 13 juin 2026 | Poursaudes<\/strong><\/p>\n\n\n\n<hr class=\"wp-block-separator has-alpha-channel-opacity\"\/>\n\n\n\n<h2 class=\"wp-block-heading\">COUPE DE FRANCE PAR \u00c9QUIPE | QUALIFICATION LORRAINE<\/h2>\n\n\n\n<p>Inscription sur Extranet <a href=\"http:\/\/xnet.ffgpolf.org\">http:\/\/xnet.ffgpolf.org<\/a> :<br><strong>Inscription de l&rsquo;\u00e9quipe au plus tard 1 mois avant le premier jour de l\u2019\u00e9preuve<\/strong><br><strong>Inscription des \u00e9quipiers au plus tard 7 jours pleins avant le premier jour de l\u2019\u00e9preuve<\/strong><\/p>\n\n\n\n<p><strong>Samedi 28 mars 2026 | Nancy Aingeray<\/strong> |<\/p>\n\n\n\n<p><a href=\"https:\/\/ligue-golfgrandest.org\/wp-content\/uploads\/2026\/03\/260328-RESULTATS-STROKEPLAY-AINGERAY.pdf\">R\u00e9sultats Strokeplay <\/a>|<a href=\"https:\/\/ligue-golfgrandest.org\/wp-content\/uploads\/2026\/03\/260328-RESULTATS-STABLEFORD-AINGERAY.pdf\"> R\u00e9sultats Stableford <\/a>|<\/p>\n\n\n\n<p><strong>Samedi 11 avril 2026 | Metz Ch\u00e9risey<\/strong><\/p>\n\n\n\n<p><a href=\"https:\/\/ligue-golfgrandest.org\/wp-content\/uploads\/2026\/04\/20260412081959828.pdf\">R\u00e9sultats individuels<\/a> | <a href=\"https:\/\/ligue-golfgrandest.org\/wp-content\/uploads\/2026\/04\/2026-04-11-resultat-metz-cherisey.pdf\">R\u00e9sultats par \u00e9quipe<\/a> | <a href=\"https:\/\/ligue-golfgrandest.org\/wp-content\/uploads\/2026\/04\/2026-04-11-metz-cherisey-accompagnants.pdf\">R\u00e9sultats par \u00e9quipe accompagnants<\/a> |<\/p>\n\n\n\n<p><strong>Samedi 25 avril 2026 | Sarrebourg<\/strong><\/p>\n\n\n\n<p><a href=\"https:\/\/ligue-golfgrandest.org\/wp-content\/uploads\/2026\/04\/260425_SBG_Departs-Coupe-de-France-entreprises.pdf\">D\u00e9parts Coupe France<\/a> | <a href=\"https:\/\/ligue-golfgrandest.org\/wp-content\/uploads\/2026\/04\/260425_SBG_Departs-Accompagnants-Entreprise-v2.pdf\">D\u00e9parts Accompagnants<\/a> |<\/p>\n\n\n\n<p><strong>Samedi 16 mai 2026 | Nancy Pulnoy<\/strong><\/p>\n\n\n\n<p><strong>Samedi 23 mai 2026 | \u00c9pinal<\/strong><\/p>\n\n\n\n<hr class=\"wp-block-separator has-alpha-channel-opacity\"\/>\n\n\n\n<h2 class=\"wp-block-heading\">COUPE DE FRANCE PAR \u00c9QUIPE | QUALIFICATION GRAND EST<\/h2>\n\n\n\n<p>27-28 juin 2026 | Golf de Faulquemont<\/p>\n\n\n\n<p>Suite aux qualifications par territoire, chaque territoire s\u00e9lectionnera au maximum 4 AS pour la Champagne-Ardenne, 4 AS pour la Lorraine et 8 AS pour l\u2019Alsace pour participer \u00e0 la qualification Grand Est.<\/p>\n\n\n\n<hr class=\"wp-block-separator has-alpha-channel-opacity\"\/>\n\n\n\n<h2 class=\"wp-block-heading\">COUPE DE FRANCE PAR \u00c9QUIPE | FINALE NATIONALE<\/h2>\n\n\n\n<p>11-13 septembre 2026 | Golf d&rsquo;Ile d&rsquo;Or<\/p>\n\n\n\n<p>Les 2 premi\u00e8res \u00e9quipes vainqueurs de la qualification Grand Est Coupe de France seront s\u00e9lectionn\u00e9es pour repr\u00e9senter la Ligue Grand Est lors de la Finale Nationale :<\/p>\n\n\n\n<hr class=\"wp-block-separator has-alpha-channel-opacity\"\/>\n\n\n\n<hr class=\"wp-block-separator has-alpha-channel-opacity\"\/>\n\n\n\n<h2 class=\"wp-block-heading has-cyan-bluish-gray-color has-text-color has-link-color wp-elements-3d71ce4fc076e922a0ee5fb99aee9831\">R\u00e9sultats 2025<\/h2>\n\n\n\n<p>COUPE DE FRANCE ALSACE | <a href=\"https:\/\/ligue-golfgrandest.org\/wp-content\/uploads\/2025\/05\/ALS_D2-tous-scores-et-classement-meilleurs-scores.pdf\">D1 Classement Final<\/a> | <a href=\"https:\/\/ligue-golfgrandest.org\/wp-content\/uploads\/2025\/05\/ALS_D1-tous-scores-et-classement-meilleurs-scores.pdf\">D2 Classement Final<\/a><br>COUPE DE FRANCE CHAMPAGNE-ARDENNE | <br>COUPE DE FRANCE LORRAINE | <a href=\"https:\/\/ligue-golfgrandest.org\/wp-content\/uploads\/2025\/05\/2025-resultats-coupe-de-France-Lorraine.pdf\">Classement Coupe France Lorraine<\/a>&nbsp;|&nbsp;<a href=\"https:\/\/ligue-golfgrandest.org\/wp-content\/uploads\/2025\/05\/2025-resultats-accompagnants-2025.pdf\">Classement Accompagnants<\/a>&nbsp;|<br>COUPE DE FRANCE QUALIFICATION GRAND EST | 1er ARRIMAGE &#8211; 2e AGJSEP Alsace<strong> <\/strong>| <a href=\"https:\/\/ligue-golfgrandest.org\/wp-content\/uploads\/2025\/06\/Classements-equipes-Samedi-DimancheSarregourg-14-06-25.pdf\">classement<\/a>&nbsp;|&nbsp;<a href=\"https:\/\/ligue-golfgrandest.org\/wp-content\/uploads\/2025\/06\/RESULTATS-Samedi-DimancheSarregourg-14-06-25.pdf\">scores d\u00e9taill\u00e9s&nbsp;<\/a>|&nbsp;<br>COUPE DE FRANCE FINALE NATIONALE | 2FOPEN57 14e | ARRIMAGE 15e<\/p>\n\n\n\n<hr class=\"wp-block-separator has-alpha-channel-opacity\"\/>\n\n\n\n<h2 class=\"wp-block-heading has-cyan-bluish-gray-color has-text-color has-link-color wp-elements-db5f94ab874e964708e78b5d6443c216\">R\u00e9sultats 2024<\/h2>\n\n\n\n<p>COUPE DE FRANCE ALSACE | <a href=\"https:\/\/ligue-golfgrandest.org\/wp-content\/uploads\/2025\/04\/2024-Resultats-finaux-coupe-de-france-Alsace.pdf\">R\u00e9sultats<\/a><br>COUPE DE FRANCE CHAMPAGNE-ARDENNE | <a href=\"https:\/\/ligue-golfgrandest.org\/wp-content\/uploads\/2025\/04\/Golf-entreprise-2024-Champagne-Ardenne-Classement-general.pdf\">R\u00e9sultats<\/a><br>COUPE DE FRANCE LORRAINE | <a href=\"https:\/\/ligue-golfgrandest.org\/wp-content\/uploads\/2025\/04\/2024-Resultat-STK-Lorraine-Coupe-de-France-entreprise-2024.pdf\">R\u00e9sultats<\/a><br>COUPE DE FRANCE QUALIFICATION GRAND EST | 1er AGJSEP Champagne &#8211; 2e Aviation Civile | <a href=\"https:\/\/ligue-golfgrandest.org\/wp-content\/uploads\/2025\/04\/2024-FINALE-EQUIPES-ENTREPRISE-EPINAL-GESTION-EXCEL-FINAL.pdf\">Classement<\/a> | <a href=\"https:\/\/ligue-golfgrandest.org\/wp-content\/uploads\/2025\/04\/2024-FINALE-EQUIPES-ENTREPRISE-EPINAL-GESTION-EXCEL-FINAL-DETAIL.pdf\">R\u00e9sultats d\u00e9taill\u00e9s<\/a> |<br>COUPE DE FRANCE FINALE NATIONALE | ASCLF Aviation Civile 11e | AGJSEP manque le cut<\/p>\n\n\n\n<p><\/p>\n","protected":false},"excerpt":{"rendered":"<p>COUPE DE FRANCE PAR \u00c9QUIPE | QUALIFICATION ALSACE Inscription sur Extranet http:\/\/xnet.ffgpolf.org :Inscription de l&rsquo;\u00e9quipe au plus tard 1 mois avant le premier jour de l\u2019\u00e9preuveInscription des \u00e9quipiers au plus tard 7 jours pleins avant le premier jour de l\u2019\u00e9preuve Samedi 21 mars 2026 &#8211; Div.2 | Alsace Golf Links R\u00e9sultats Brut | R\u00e9sultats Net [&hellip;]<\/p>\n","protected":false},"author":3,"featured_media":0,"parent":108,"menu_order":3,"comment_status":"closed","ping_status":"closed","template":"page-templates\/page-full-width.php","meta":{"footnotes":""},"class_list":["post-8580","page","type-page","status-publish","hentry"],"_links":{"self":[{"href":"https:\/\/ligue-golfgrandest.org\/index.php\/wp-json\/wp\/v2\/pages\/8580","targetHints":{"allow":["GET"]}}],"collection":[{"href":"https:\/\/ligue-golfgrandest.org\/index.php\/wp-json\/wp\/v2\/pages"}],"about":[{"href":"https:\/\/ligue-golfgrandest.org\/index.php\/wp-json\/wp\/v2\/types\/page"}],"author":[{"embeddable":true,"href":"https:\/\/ligue-golfgrandest.org\/index.php\/wp-json\/wp\/v2\/users\/3"}],"replies":[{"embeddable":true,"href":"https:\/\/ligue-golfgrandest.org\/index.php\/wp-json\/wp\/v2\/comments?post=8580"}],"version-history":[{"count":42,"href":"https:\/\/ligue-golfgrandest.org\/index.php\/wp-json\/wp\/v2\/pages\/8580\/revisions"}],"predecessor-version":[{"id":62629,"href":"https:\/\/ligue-golfgrandest.org\/index.php\/wp-json\/wp\/v2\/pages\/8580\/revisions\/62629"}],"up":[{"embeddable":true,"href":"https:\/\/ligue-golfgrandest.org\/index.php\/wp-json\/wp\/v2\/pages\/108"}],"wp:attachment":[{"href":"https:\/\/ligue-golfgrandest.org\/index.php\/wp-json\/wp\/v2\/media?parent=8580"}],"curies":[{"name":"wp","href":"https:\/\/api.w.org\/{rel}","templated":true}]}}