{"id":648,"date":"2017-02-17T14:02:44","date_gmt":"2017-02-17T13:02:44","guid":{"rendered":"http:\/\/ligue-golfgrandest.org\/?page_id=648"},"modified":"2025-02-04T11:17:05","modified_gmt":"2025-02-04T10:17:05","slug":"golf-la-largue","status":"publish","type":"page","link":"https:\/\/ligue-golfgrandest.org\/index.php\/clubs\/alsace\/golf-la-largue\/","title":{"rendered":"Golf de LaLargue"},"content":{"rendered":"\n<div class=\"wp-block-columns is-layout-flex wp-container-core-columns-is-layout-9d6595d7 wp-block-columns-is-layout-flex\">\n<div class=\"wp-block-column is-layout-flow wp-block-column-is-layout-flow\">\n<figure class=\"wp-block-image size-full\"><img loading=\"lazy\" decoding=\"async\" width=\"299\" height=\"210\" src=\"https:\/\/ligue-golfgrandest.org\/wp-content\/uploads\/2020\/11\/LALARGUE.jpg\" alt=\"\" class=\"wp-image-30166\"\/><\/figure>\n<\/div>\n\n\n\n<div class=\"wp-block-column is-layout-flow wp-block-column-is-layout-flow\">\n<h3 class=\"wp-block-heading\">Asso. Sportive<\/h3>\n\n\n\n<p>25, Rue du Golf<br>68580 MOOSLARGUE<\/p>\n\n\n\n<p>D\u00e9parts comp\u00e9titions<br>R\u00e9sultats comp\u00e9titions<\/p>\n<\/div>\n\n\n\n<div class=\"wp-block-column is-layout-flow wp-block-column-is-layout-flow\">\n<h3 class=\"wp-block-heading\">Le Club<\/h3>\n\n\n\n<p>1 parcours 18 Trous<br>1 parcours 9 Trous<br>2 practices couverts<\/p>\n\n\n\n<div class=\"wp-block-group\"><div class=\"wp-block-group__inner-container is-layout-constrained wp-block-group-is-layout-constrained\">\n<p>Directeur : Pascal USELDINGER<\/p>\n\n\n\n<p><a href=\"mailto:admlalargue@gmail.com\">admlalargue@gmail.com<\/a><\/p>\n<\/div><\/div>\n\n\n\n<p><a href=\"mailto:accueil@golflalargue.com\">accueil@golflalargue.com<\/a> <br><br><br><br><br><br><\/p>\n<\/div>\n<\/div>\n\n\n\n<figure class=\"wp-block-gallery has-nested-images columns-default is-cropped wp-block-gallery-1 is-layout-flex wp-block-gallery-is-layout-flex\">\n<figure class=\"wp-block-image size-large\"><img loading=\"lazy\" decoding=\"async\" width=\"800\" height=\"600\" data-id=\"654\" src=\"https:\/\/ligue-golfgrandest.org\/wp-content\/uploads\/2017\/02\/11-LARGUE-03.jpg\" alt=\"\" class=\"wp-image-654\" srcset=\"https:\/\/ligue-golfgrandest.org\/wp-content\/uploads\/2017\/02\/11-LARGUE-03.jpg 800w, https:\/\/ligue-golfgrandest.org\/wp-content\/uploads\/2017\/02\/11-LARGUE-03-350x263.jpg 350w, https:\/\/ligue-golfgrandest.org\/wp-content\/uploads\/2017\/02\/11-LARGUE-03-768x576.jpg 768w\" sizes=\"auto, (max-width: 800px) 100vw, 800px\" \/><\/figure>\n\n\n\n<figure class=\"wp-block-image size-large\"><img loading=\"lazy\" decoding=\"async\" width=\"800\" height=\"600\" data-id=\"652\" src=\"https:\/\/ligue-golfgrandest.org\/wp-content\/uploads\/2017\/02\/11-LARGUE-01.jpg\" alt=\"\" class=\"wp-image-652\" srcset=\"https:\/\/ligue-golfgrandest.org\/wp-content\/uploads\/2017\/02\/11-LARGUE-01.jpg 800w, https:\/\/ligue-golfgrandest.org\/wp-content\/uploads\/2017\/02\/11-LARGUE-01-350x263.jpg 350w, https:\/\/ligue-golfgrandest.org\/wp-content\/uploads\/2017\/02\/11-LARGUE-01-768x576.jpg 768w\" sizes=\"auto, (max-width: 800px) 100vw, 800px\" \/><\/figure>\n\n\n\n<figure class=\"wp-block-image size-large\"><img loading=\"lazy\" decoding=\"async\" width=\"800\" height=\"600\" data-id=\"653\" src=\"https:\/\/ligue-golfgrandest.org\/wp-content\/uploads\/2017\/02\/11-LARGUE-02.jpg\" alt=\"\" class=\"wp-image-653\" srcset=\"https:\/\/ligue-golfgrandest.org\/wp-content\/uploads\/2017\/02\/11-LARGUE-02.jpg 800w, https:\/\/ligue-golfgrandest.org\/wp-content\/uploads\/2017\/02\/11-LARGUE-02-350x263.jpg 350w, https:\/\/ligue-golfgrandest.org\/wp-content\/uploads\/2017\/02\/11-LARGUE-02-768x576.jpg 768w\" sizes=\"auto, (max-width: 800px) 100vw, 800px\" \/><\/figure>\n\n\n\n<figure class=\"wp-block-image size-large\"><img loading=\"lazy\" decoding=\"async\" width=\"480\" height=\"320\" data-id=\"22868\" src=\"https:\/\/ligue-golfgrandest.org\/wp-content\/uploads\/2019\/10\/golf-de-montpellier-massane-baillargues.jpg\" alt=\"\" class=\"wp-image-22868\" srcset=\"https:\/\/ligue-golfgrandest.org\/wp-content\/uploads\/2019\/10\/golf-de-montpellier-massane-baillargues.jpg 480w, https:\/\/ligue-golfgrandest.org\/wp-content\/uploads\/2019\/10\/golf-de-montpellier-massane-baillargues-300x200.jpg 300w, https:\/\/ligue-golfgrandest.org\/wp-content\/uploads\/2019\/10\/golf-de-montpellier-massane-baillargues-400x267.jpg 400w, https:\/\/ligue-golfgrandest.org\/wp-content\/uploads\/2019\/10\/golf-de-montpellier-massane-baillargues-272x182.jpg 272w\" sizes=\"auto, (max-width: 480px) 100vw, 480px\" \/><\/figure>\n\n\n\n<figure class=\"wp-block-image size-large\"><img loading=\"lazy\" decoding=\"async\" width=\"394\" height=\"263\" data-id=\"15922\" src=\"https:\/\/ligue-golfgrandest.org\/wp-content\/uploads\/2018\/12\/pic_f_kech_golf_largue_1800_web.jpg\" alt=\"\" class=\"wp-image-15922\" srcset=\"https:\/\/ligue-golfgrandest.org\/wp-content\/uploads\/2018\/12\/pic_f_kech_golf_largue_1800_web.jpg 394w, https:\/\/ligue-golfgrandest.org\/wp-content\/uploads\/2018\/12\/pic_f_kech_golf_largue_1800_web-300x200.jpg 300w, https:\/\/ligue-golfgrandest.org\/wp-content\/uploads\/2018\/12\/pic_f_kech_golf_largue_1800_web-272x182.jpg 272w\" sizes=\"auto, (max-width: 394px) 100vw, 394px\" \/><\/figure>\n<\/figure>\n\n\n\n<p><\/p>\n\n\n\n<iframe src=\"https:\/\/www.google.com\/maps\/embed?pb=!1m18!1m12!1m3!1d33975.71632728528!2d7.191197382374318!3d47.513148947310555!2m3!1f0!2f0!3f0!3m2!1i1024!2i768!4f13.1!3m3!1m2!1s0x4791f2e58f08280b%3A0x67fecc236daa47a1!2sLaLargue%20Golf%20%26%20Wellness%20Resort!5e0!3m2!1sfr!2sfr!4v1642502011096!5m2!1sfr!2sfr\" width=\"100%\" height=\"450\" style=\"border:0;\" allowfullscreen=\"\" loading=\"lazy\"><\/iframe>\n","protected":false},"excerpt":{"rendered":"<p>Asso. Sportive 25, Rue du Golf68580 MOOSLARGUE D\u00e9parts comp\u00e9titionsR\u00e9sultats comp\u00e9titions Le Club 1 parcours 18 Trous1 parcours 9 Trous2 practices couverts Directeur : Pascal USELDINGER admlalargue@gmail.com accueil@golflalargue.com<\/p>\n","protected":false},"author":3,"featured_media":0,"parent":135,"menu_order":11,"comment_status":"closed","ping_status":"closed","template":"page-templates\/page-full-width.php","meta":{"footnotes":""},"class_list":["post-648","page","type-page","status-publish","hentry"],"_links":{"self":[{"href":"https:\/\/ligue-golfgrandest.org\/index.php\/wp-json\/wp\/v2\/pages\/648","targetHints":{"allow":["GET"]}}],"collection":[{"href":"https:\/\/ligue-golfgrandest.org\/index.php\/wp-json\/wp\/v2\/pages"}],"about":[{"href":"https:\/\/ligue-golfgrandest.org\/index.php\/wp-json\/wp\/v2\/types\/page"}],"author":[{"embeddable":true,"href":"https:\/\/ligue-golfgrandest.org\/index.php\/wp-json\/wp\/v2\/users\/3"}],"replies":[{"embeddable":true,"href":"https:\/\/ligue-golfgrandest.org\/index.php\/wp-json\/wp\/v2\/comments?post=648"}],"version-history":[{"count":0,"href":"https:\/\/ligue-golfgrandest.org\/index.php\/wp-json\/wp\/v2\/pages\/648\/revisions"}],"up":[{"embeddable":true,"href":"https:\/\/ligue-golfgrandest.org\/index.php\/wp-json\/wp\/v2\/pages\/135"}],"wp:attachment":[{"href":"https:\/\/ligue-golfgrandest.org\/index.php\/wp-json\/wp\/v2\/media?parent=648"}],"curies":[{"name":"wp","href":"https:\/\/api.w.org\/{rel}","templated":true}]}}