{"id":633,"date":"2017-02-17T12:52:17","date_gmt":"2017-02-17T11:52:17","guid":{"rendered":"http:\/\/ligue-golfgrandest.org\/?page_id=633"},"modified":"2026-03-10T16:51:49","modified_gmt":"2026-03-10T15:51:49","slug":"golf-du-rhin","status":"publish","type":"page","link":"https:\/\/ligue-golfgrandest.org\/index.php\/clubs\/alsace\/golf-du-rhin\/","title":{"rendered":"Golf du Rhin"},"content":{"rendered":"\n<p><\/p>\n\n\n\n<div class=\"wp-block-columns is-layout-flex wp-container-core-columns-is-layout-9d6595d7 wp-block-columns-is-layout-flex\">\n<div class=\"wp-block-column is-layout-flow wp-block-column-is-layout-flow\"><div class=\"wp-block-image\">\n<figure class=\"aligncenter\"><a href=\"http:\/\/ligue-golfgrandest.org\/wp-content\/uploads\/2018\/05\/RHIN.gif\"><img loading=\"lazy\" decoding=\"async\" width=\"120\" height=\"160\" src=\"http:\/\/ligue-golfgrandest.org\/wp-content\/uploads\/2018\/05\/RHIN.gif\" alt=\"\" class=\"wp-image-10984\"\/><\/a><\/figure><\/div><\/div>\n\n\n\n<div class=\"wp-block-column is-layout-flow wp-block-column-is-layout-flow\">\n<h3 class=\"wp-block-heading\">Asso. Sportive<\/h3>\n\n\n\n<p>Ile du Rhin<br>68490 CHALAMPE<br>Pr\u00e9sident AS : Jean-Denis BECQ<\/p>\n\n\n\n<p><a href=\"mailto:denis.dietschy@gmail.com\">jean-denis.becq@orange.fr<\/a><\/p>\n\n\n\n<p>D\u00e9parts comp\u00e9titions<br>R\u00e9sultats comp\u00e9titions<\/p>\n<\/div>\n\n\n\n<div class=\"wp-block-column is-layout-flow wp-block-column-is-layout-flow\">\n<h3 class=\"wp-block-heading\">Le Club<\/h3>\n\n\n\n<p>1 parcours 18 Trous<br>1 compact 3 Trous<br>1 practice<br>1 pro-shop<br>1 restaurant<br>Directrice : Christine DIETRICH<br><a href=\"mailto:golfdurhin@golfdurhin.com\">golfdurhin@golfdurhin.com<\/a><br><a href=\"http:\/\/www.golfdurhin.com\" target=\"_blank\" rel=\"noreferrer noopener\">www.golfdurhin.com<\/a><br>Facebook : <a href=\"https:\/\/www.facebook.com\/golfdurhin\/\">Golf du Rhin<\/a><br>03 89 832 832<\/p>\n<\/div>\n<\/div>\n\n\n\n<figure class=\"wp-block-gallery has-nested-images columns-4 is-cropped wp-block-gallery-1 is-layout-flex wp-block-gallery-is-layout-flex\">\n<figure class=\"wp-block-image size-large\"><a href=\"https:\/\/ligue-golfgrandest.org\/wp-content\/uploads\/2017\/02\/08-RHIN.jpg\"><img loading=\"lazy\" decoding=\"async\" width=\"800\" height=\"600\" data-id=\"642\" src=\"https:\/\/ligue-golfgrandest.org\/wp-content\/uploads\/2017\/02\/08-RHIN.jpg\" alt=\"\" class=\"wp-image-642\" srcset=\"https:\/\/ligue-golfgrandest.org\/wp-content\/uploads\/2017\/02\/08-RHIN.jpg 800w, https:\/\/ligue-golfgrandest.org\/wp-content\/uploads\/2017\/02\/08-RHIN-350x263.jpg 350w, https:\/\/ligue-golfgrandest.org\/wp-content\/uploads\/2017\/02\/08-RHIN-768x576.jpg 768w\" sizes=\"auto, (max-width: 800px) 100vw, 800px\" \/><\/a><\/figure>\n\n\n\n<figure class=\"wp-block-image size-large\"><a href=\"https:\/\/ligue-golfgrandest.org\/wp-content\/uploads\/2017\/02\/08-RHIN-3.jpg\"><img loading=\"lazy\" decoding=\"async\" width=\"800\" height=\"600\" data-id=\"641\" src=\"https:\/\/ligue-golfgrandest.org\/wp-content\/uploads\/2017\/02\/08-RHIN-3.jpg\" alt=\"\" class=\"wp-image-641\" srcset=\"https:\/\/ligue-golfgrandest.org\/wp-content\/uploads\/2017\/02\/08-RHIN-3.jpg 800w, https:\/\/ligue-golfgrandest.org\/wp-content\/uploads\/2017\/02\/08-RHIN-3-350x263.jpg 350w, https:\/\/ligue-golfgrandest.org\/wp-content\/uploads\/2017\/02\/08-RHIN-3-768x576.jpg 768w\" sizes=\"auto, (max-width: 800px) 100vw, 800px\" \/><\/a><\/figure>\n\n\n\n<figure class=\"wp-block-image size-large\"><a href=\"https:\/\/ligue-golfgrandest.org\/wp-content\/uploads\/2017\/02\/08-RHIN-2.jpg\"><img loading=\"lazy\" decoding=\"async\" width=\"800\" height=\"600\" data-id=\"640\" src=\"https:\/\/ligue-golfgrandest.org\/wp-content\/uploads\/2017\/02\/08-RHIN-2.jpg\" alt=\"\" class=\"wp-image-640\" srcset=\"https:\/\/ligue-golfgrandest.org\/wp-content\/uploads\/2017\/02\/08-RHIN-2.jpg 800w, https:\/\/ligue-golfgrandest.org\/wp-content\/uploads\/2017\/02\/08-RHIN-2-350x263.jpg 350w, https:\/\/ligue-golfgrandest.org\/wp-content\/uploads\/2017\/02\/08-RHIN-2-768x576.jpg 768w\" sizes=\"auto, (max-width: 800px) 100vw, 800px\" \/><\/a><\/figure>\n\n\n\n<figure class=\"wp-block-image size-large\"><a href=\"https:\/\/ligue-golfgrandest.org\/wp-content\/uploads\/2020\/11\/rhin.jpg\"><img loading=\"lazy\" decoding=\"async\" width=\"350\" height=\"263\" data-id=\"30151\" src=\"https:\/\/ligue-golfgrandest.org\/wp-content\/uploads\/2020\/11\/rhin.jpg\" alt=\"\" class=\"wp-image-30151\"\/><\/a><\/figure>\n<\/figure>\n\n\n\n<iframe src=\"https:\/\/www.google.com\/maps\/embed?pb=!1m18!1m12!1m3!1d23357.02008886385!2d7.530120095962908!3d47.85295043821516!2m3!1f0!2f0!3f0!3m2!1i1024!2i768!4f13.1!3m3!1m2!1s0x47910af4144c95ad%3A0x1557118231ed8878!2sGolf%20du%20Rhin!5e0!3m2!1sfr!2sfr!4v1642588070267!5m2!1sfr!2sfr\" width=\"100%\" height=\"450\" style=\"border:0;\" allowfullscreen=\"\" loading=\"lazy\"><\/iframe>\n","protected":false},"excerpt":{"rendered":"<p>Asso. Sportive Ile du Rhin68490 CHALAMPEPr\u00e9sident AS : Jean-Denis BECQ jean-denis.becq@orange.fr D\u00e9parts comp\u00e9titionsR\u00e9sultats comp\u00e9titions Le Club 1 parcours 18 Trous1 compact 3 Trous1 practice1 pro-shop1 restaurantDirectrice : Christine DIETRICHgolfdurhin@golfdurhin.comwww.golfdurhin.comFacebook : Golf du Rhin03 89 832 832<\/p>\n","protected":false},"author":3,"featured_media":0,"parent":135,"menu_order":8,"comment_status":"closed","ping_status":"closed","template":"page-templates\/page-full-width.php","meta":{"footnotes":""},"class_list":["post-633","page","type-page","status-publish","hentry"],"_links":{"self":[{"href":"https:\/\/ligue-golfgrandest.org\/index.php\/wp-json\/wp\/v2\/pages\/633","targetHints":{"allow":["GET"]}}],"collection":[{"href":"https:\/\/ligue-golfgrandest.org\/index.php\/wp-json\/wp\/v2\/pages"}],"about":[{"href":"https:\/\/ligue-golfgrandest.org\/index.php\/wp-json\/wp\/v2\/types\/page"}],"author":[{"embeddable":true,"href":"https:\/\/ligue-golfgrandest.org\/index.php\/wp-json\/wp\/v2\/users\/3"}],"replies":[{"embeddable":true,"href":"https:\/\/ligue-golfgrandest.org\/index.php\/wp-json\/wp\/v2\/comments?post=633"}],"version-history":[{"count":3,"href":"https:\/\/ligue-golfgrandest.org\/index.php\/wp-json\/wp\/v2\/pages\/633\/revisions"}],"predecessor-version":[{"id":61997,"href":"https:\/\/ligue-golfgrandest.org\/index.php\/wp-json\/wp\/v2\/pages\/633\/revisions\/61997"}],"up":[{"embeddable":true,"href":"https:\/\/ligue-golfgrandest.org\/index.php\/wp-json\/wp\/v2\/pages\/135"}],"wp:attachment":[{"href":"https:\/\/ligue-golfgrandest.org\/index.php\/wp-json\/wp\/v2\/media?parent=633"}],"curies":[{"name":"wp","href":"https:\/\/api.w.org\/{rel}","templated":true}]}}