{"id":602,"date":"2017-02-16T14:04:09","date_gmt":"2017-02-16T13:04:09","guid":{"rendered":"http:\/\/ligue-golfgrandest.org\/?page_id=602"},"modified":"2026-01-28T10:21:59","modified_gmt":"2026-01-28T09:21:59","slug":"golf-des-bouleaux","status":"publish","type":"page","link":"https:\/\/ligue-golfgrandest.org\/index.php\/clubs\/alsace\/golf-des-bouleaux\/","title":{"rendered":"Golf des Bouleaux"},"content":{"rendered":"\n<div class=\"wp-block-columns is-layout-flex wp-container-core-columns-is-layout-9d6595d7 wp-block-columns-is-layout-flex\">\n<div class=\"wp-block-column is-layout-flow wp-block-column-is-layout-flow\"><div class=\"wp-block-image\">\n<figure class=\"aligncenter\"><img loading=\"lazy\" decoding=\"async\" width=\"250\" height=\"131\" src=\"http:\/\/ligue-golfgrandest.org\/wp-content\/uploads\/2018\/01\/Logo-Golf-des-Bouleaux-2.jpg\" alt=\"\" class=\"wp-image-8016\"\/><\/figure><\/div><\/div>\n\n\n\n<div class=\"wp-block-column is-layout-flow wp-block-column-is-layout-flow\">\n<h3 class=\"wp-block-heading\">Asso. Sportive<\/h3>\n\n\n\n<p>250, route de Reiningue<br>68130 WITTELSHEIM<br>Pr\u00e9sident (AS) : Dominique SIEDLACZEK<br><a href=\"mailto:domsied@icloud.com\">domsied@icloud.com<\/a><\/p>\n\n\n\n<p><a href=\"http:\/\/www.golf-bouleaux.fr\/fr\/competitions\">D\u00e9parts comp\u00e9titions<\/a><br><a href=\"http:\/\/www.golf-bouleaux.fr\/fr\/competitions\">R\u00e9sultats comp\u00e9titions<\/a><\/p>\n<\/div>\n\n\n\n<div class=\"wp-block-column is-layout-flow wp-block-column-is-layout-flow\">\n<h3 class=\"wp-block-heading\">Le club<\/h3>\n\n\n\n<p>1 parcours 18 Trous<br>1 practice couvert<br>1 pro-shop<br>1 restaurant<br>Directeur : Christian GORIN<br><a href=\"mailto:contact@golf-bouleaux.fr\">contact@golf-bouleaux.fr<\/a><br><a href=\"http:\/\/www.golf-bouleaux.fr\" target=\"_blank\" rel=\"noreferrer noopener\">www.golf-bouleaux.fr<\/a><br>Facebook : <a href=\"https:\/\/www.facebook.com\/golfdesbouleaux\/\">Golf des Bouleaux<\/a><br>03 89 55 55 07<\/p>\n<\/div>\n<\/div>\n\n\n\n<figure class=\"wp-block-gallery has-nested-images columns-default is-cropped wp-block-gallery-1 is-layout-flex wp-block-gallery-is-layout-flex\">\n<figure class=\"wp-block-image size-large\"><a href=\"https:\/\/ligue-golfgrandest.org\/wp-content\/uploads\/2017\/02\/10-Bouleaux-B-800.jpg\"><img loading=\"lazy\" decoding=\"async\" width=\"800\" height=\"600\" data-id=\"2062\" src=\"https:\/\/ligue-golfgrandest.org\/wp-content\/uploads\/2017\/02\/10-Bouleaux-B-800.jpg\" alt=\"\" class=\"wp-image-2062\" srcset=\"https:\/\/ligue-golfgrandest.org\/wp-content\/uploads\/2017\/02\/10-Bouleaux-B-800.jpg 800w, https:\/\/ligue-golfgrandest.org\/wp-content\/uploads\/2017\/02\/10-Bouleaux-B-800-350x263.jpg 350w, https:\/\/ligue-golfgrandest.org\/wp-content\/uploads\/2017\/02\/10-Bouleaux-B-800-768x576.jpg 768w\" sizes=\"auto, (max-width: 800px) 100vw, 800px\" \/><\/a><\/figure>\n\n\n\n<figure class=\"wp-block-image size-large\"><a href=\"https:\/\/ligue-golfgrandest.org\/wp-content\/uploads\/2017\/02\/10-Bouleaux-D-800.jpg\"><img loading=\"lazy\" decoding=\"async\" width=\"800\" height=\"600\" data-id=\"2064\" src=\"https:\/\/ligue-golfgrandest.org\/wp-content\/uploads\/2017\/02\/10-Bouleaux-D-800.jpg\" alt=\"\" class=\"wp-image-2064\" srcset=\"https:\/\/ligue-golfgrandest.org\/wp-content\/uploads\/2017\/02\/10-Bouleaux-D-800.jpg 800w, https:\/\/ligue-golfgrandest.org\/wp-content\/uploads\/2017\/02\/10-Bouleaux-D-800-350x263.jpg 350w, https:\/\/ligue-golfgrandest.org\/wp-content\/uploads\/2017\/02\/10-Bouleaux-D-800-768x576.jpg 768w\" sizes=\"auto, (max-width: 800px) 100vw, 800px\" \/><\/a><\/figure>\n\n\n\n<figure class=\"wp-block-image size-large\"><a href=\"https:\/\/ligue-golfgrandest.org\/wp-content\/uploads\/2017\/02\/10-Bouleaux-C-800.jpg\"><img loading=\"lazy\" decoding=\"async\" width=\"800\" height=\"600\" data-id=\"2063\" src=\"https:\/\/ligue-golfgrandest.org\/wp-content\/uploads\/2017\/02\/10-Bouleaux-C-800.jpg\" alt=\"\" class=\"wp-image-2063\" srcset=\"https:\/\/ligue-golfgrandest.org\/wp-content\/uploads\/2017\/02\/10-Bouleaux-C-800.jpg 800w, https:\/\/ligue-golfgrandest.org\/wp-content\/uploads\/2017\/02\/10-Bouleaux-C-800-350x263.jpg 350w, https:\/\/ligue-golfgrandest.org\/wp-content\/uploads\/2017\/02\/10-Bouleaux-C-800-768x576.jpg 768w\" sizes=\"auto, (max-width: 800px) 100vw, 800px\" \/><\/a><\/figure>\n<\/figure>\n\n\n\n<iframe src=\"https:\/\/www.google.com\/maps\/embed?pb=!1m18!1m12!1m3!1d6611.610902154264!2d7.219397845330308!3d47.776138946512035!2m3!1f0!2f0!3f0!3m2!1i1024!2i768!4f13.1!3m3!1m2!1s0x479183f51bffbc1f%3A0x2f597f7da7bdb8b1!2sGolf%20Club%20des%20Bouleaux!5e0!3m2!1sfr!2sfr!4v1642587438102!5m2!1sfr!2sfr\" width=\"100%\" height=\"450\" style=\"border:0;\" allowfullscreen=\"\" loading=\"lazy\"><\/iframe>\n","protected":false},"excerpt":{"rendered":"<p>Asso. Sportive 250, route de Reiningue68130 WITTELSHEIMPr\u00e9sident (AS) : Dominique SIEDLACZEKdomsied@icloud.com D\u00e9parts comp\u00e9titionsR\u00e9sultats comp\u00e9titions Le club 1 parcours 18 Trous1 practice couvert1 pro-shop1 restaurantDirecteur : Christian GORINcontact@golf-bouleaux.frwww.golf-bouleaux.frFacebook : Golf des Bouleaux03 89 55 55 07<\/p>\n","protected":false},"author":3,"featured_media":0,"parent":135,"menu_order":10,"comment_status":"closed","ping_status":"closed","template":"page-templates\/page-full-width.php","meta":{"footnotes":""},"class_list":["post-602","page","type-page","status-publish","hentry"],"_links":{"self":[{"href":"https:\/\/ligue-golfgrandest.org\/index.php\/wp-json\/wp\/v2\/pages\/602","targetHints":{"allow":["GET"]}}],"collection":[{"href":"https:\/\/ligue-golfgrandest.org\/index.php\/wp-json\/wp\/v2\/pages"}],"about":[{"href":"https:\/\/ligue-golfgrandest.org\/index.php\/wp-json\/wp\/v2\/types\/page"}],"author":[{"embeddable":true,"href":"https:\/\/ligue-golfgrandest.org\/index.php\/wp-json\/wp\/v2\/users\/3"}],"replies":[{"embeddable":true,"href":"https:\/\/ligue-golfgrandest.org\/index.php\/wp-json\/wp\/v2\/comments?post=602"}],"version-history":[{"count":1,"href":"https:\/\/ligue-golfgrandest.org\/index.php\/wp-json\/wp\/v2\/pages\/602\/revisions"}],"predecessor-version":[{"id":61378,"href":"https:\/\/ligue-golfgrandest.org\/index.php\/wp-json\/wp\/v2\/pages\/602\/revisions\/61378"}],"up":[{"embeddable":true,"href":"https:\/\/ligue-golfgrandest.org\/index.php\/wp-json\/wp\/v2\/pages\/135"}],"wp:attachment":[{"href":"https:\/\/ligue-golfgrandest.org\/index.php\/wp-json\/wp\/v2\/media?parent=602"}],"curies":[{"name":"wp","href":"https:\/\/api.w.org\/{rel}","templated":true}]}}