{"id":5647,"date":"2017-08-10T10:14:06","date_gmt":"2017-08-10T08:14:06","guid":{"rendered":"http:\/\/ligue-golfgrandest.org\/?page_id=5647"},"modified":"2022-06-05T22:32:52","modified_gmt":"2022-06-05T20:32:52","slug":"trophee-seniors","status":"publish","type":"page","link":"https:\/\/ligue-golfgrandest.org\/index.php\/competitions\/trophee-seniors\/","title":{"rendered":"DAMES ET MESSIEURS SENIORS | TROPHEES SENIORS"},"content":{"rendered":"\n<div class=\"wp-block-columns is-layout-flex wp-container-core-columns-is-layout-9d6595d7 wp-block-columns-is-layout-flex\">\n<div class=\"wp-block-column is-layout-flow wp-block-column-is-layout-flow\" style=\"flex-basis:33.33%\">\n<figure class=\"wp-block-image size-large\"><a href=\"https:\/\/ligue-golfgrandest.org\/wp-content\/uploads\/2022\/02\/GRAND-PRIX-5-scaled.jpg\"><img loading=\"lazy\" decoding=\"async\" width=\"849\" height=\"1200\" src=\"https:\/\/ligue-golfgrandest.org\/wp-content\/uploads\/2022\/02\/GRAND-PRIX-5-849x1200.jpg\" alt=\"\" class=\"wp-image-38440\" srcset=\"https:\/\/ligue-golfgrandest.org\/wp-content\/uploads\/2022\/02\/GRAND-PRIX-5-849x1200.jpg 849w, https:\/\/ligue-golfgrandest.org\/wp-content\/uploads\/2022\/02\/GRAND-PRIX-5-212x300.jpg 212w, https:\/\/ligue-golfgrandest.org\/wp-content\/uploads\/2022\/02\/GRAND-PRIX-5-768x1086.jpg 768w, https:\/\/ligue-golfgrandest.org\/wp-content\/uploads\/2022\/02\/GRAND-PRIX-5-1086x1536.jpg 1086w, https:\/\/ligue-golfgrandest.org\/wp-content\/uploads\/2022\/02\/GRAND-PRIX-5-1448x2048.jpg 1448w, https:\/\/ligue-golfgrandest.org\/wp-content\/uploads\/2022\/02\/GRAND-PRIX-5-scaled.jpg 1810w\" sizes=\"auto, (max-width: 849px) 100vw, 849px\" \/><\/a><\/figure>\n<\/div>\n\n\n\n<div class=\"wp-block-column is-layout-flow wp-block-column-is-layout-flow\" style=\"flex-basis:66.66%\"><\/div>\n<\/div>\n\n\n\n<hr class=\"wp-block-separator\"\/>\n\n\n\n<div class=\"wp-block-columns has-2-columns is-layout-flex wp-container-core-columns-is-layout-9d6595d7 wp-block-columns-is-layout-flex\">\n<div class=\"wp-block-column is-layout-flow wp-block-column-is-layout-flow\" style=\"flex-basis:33.33%\">\n<figure class=\"wp-block-image size-large\"><a href=\"https:\/\/ligue-golfgrandest.org\/wp-content\/uploads\/2022\/05\/GD-PX-SENIORS-ET-CLASSIC-MID-AM-LALARGE_V3-scaled.jpg\"><img loading=\"lazy\" decoding=\"async\" width=\"849\" height=\"1200\" src=\"https:\/\/ligue-golfgrandest.org\/wp-content\/uploads\/2022\/05\/GD-PX-SENIORS-ET-CLASSIC-MID-AM-LALARGE_V3-849x1200.jpg\" alt=\"\" class=\"wp-image-40437\" srcset=\"https:\/\/ligue-golfgrandest.org\/wp-content\/uploads\/2022\/05\/GD-PX-SENIORS-ET-CLASSIC-MID-AM-LALARGE_V3-849x1200.jpg 849w, https:\/\/ligue-golfgrandest.org\/wp-content\/uploads\/2022\/05\/GD-PX-SENIORS-ET-CLASSIC-MID-AM-LALARGE_V3-212x300.jpg 212w, https:\/\/ligue-golfgrandest.org\/wp-content\/uploads\/2022\/05\/GD-PX-SENIORS-ET-CLASSIC-MID-AM-LALARGE_V3-768x1086.jpg 768w, https:\/\/ligue-golfgrandest.org\/wp-content\/uploads\/2022\/05\/GD-PX-SENIORS-ET-CLASSIC-MID-AM-LALARGE_V3-1086x1536.jpg 1086w, https:\/\/ligue-golfgrandest.org\/wp-content\/uploads\/2022\/05\/GD-PX-SENIORS-ET-CLASSIC-MID-AM-LALARGE_V3-1448x2048.jpg 1448w, https:\/\/ligue-golfgrandest.org\/wp-content\/uploads\/2022\/05\/GD-PX-SENIORS-ET-CLASSIC-MID-AM-LALARGE_V3-scaled.jpg 1810w\" sizes=\"auto, (max-width: 849px) 100vw, 849px\" \/><\/a><\/figure>\n<\/div>\n\n\n\n<div class=\"wp-block-column is-layout-flow wp-block-column-is-layout-flow\" style=\"flex-basis:66.66%\">\n<h2 class=\"wp-block-heading\" id=\"grand-prix-seniors-lalargue-68\">Grand Prix Seniors Lalargue (68)<\/h2>\n\n\n\n<p>4 et 5 juin 2022<\/p>\n<p><a href=\"https:\/\/ligue-golfgrandest.org\/wp-content\/uploads\/2022\/05\/GD-PX-SENIORS-ET-CLASSIC-MID-AM-LALARGE_V3-1.pdf\">Affiche <\/a>|<\/p>\n<p><a href=\"https:\/\/ligue-golfgrandest.org\/wp-content\/uploads\/2022\/04\/Reglement-GD-PRIX-SENIORS-2022-et-Classic-Mid-Am-002.pdf\">R\u00e8glement de l&rsquo;\u00e9preuve<\/a> | <a href=\"https:\/\/ligue-golfgrandest.org\/wp-content\/uploads\/2022\/04\/Bulletin-dinscription-Gd-Prix-Seniors-2022.pdf\">Bulletin d&rsquo;inscription<\/a> |\u00a0<\/p>\n<p><a href=\"https:\/\/ligue-golfgrandest.org\/wp-content\/uploads\/2022\/06\/departs-samedi.pdf\">Heures de d\u00e9part samedi<\/a> | <a href=\"https:\/\/ligue-golfgrandest.org\/wp-content\/uploads\/2022\/06\/departs-dimanche.pdf\">Heures de d\u00e9part dimanche<\/a> |<\/p>\n<\/div>\n<\/div>\n\n\n\n<hr class=\"wp-block-separator\"\/>\n\n\n\n<div class=\"wp-block-columns has-2-columns is-layout-flex wp-container-core-columns-is-layout-9d6595d7 wp-block-columns-is-layout-flex\">\n<div class=\"wp-block-column is-layout-flow wp-block-column-is-layout-flow\" style=\"flex-basis:33.33%\">\n<figure class=\"wp-block-image size-full\"><a href=\"https:\/\/ligue-golfgrandest.org\/wp-content\/uploads\/2022\/03\/Affiche-double_Seniors_Mid_Am_2022.jpg\"><img loading=\"lazy\" decoding=\"async\" width=\"851\" height=\"1200\" src=\"https:\/\/ligue-golfgrandest.org\/wp-content\/uploads\/2022\/03\/Affiche-double_Seniors_Mid_Am_2022.jpg\" alt=\"\" class=\"wp-image-39303\" srcset=\"https:\/\/ligue-golfgrandest.org\/wp-content\/uploads\/2022\/03\/Affiche-double_Seniors_Mid_Am_2022.jpg 851w, https:\/\/ligue-golfgrandest.org\/wp-content\/uploads\/2022\/03\/Affiche-double_Seniors_Mid_Am_2022-213x300.jpg 213w, https:\/\/ligue-golfgrandest.org\/wp-content\/uploads\/2022\/03\/Affiche-double_Seniors_Mid_Am_2022-768x1083.jpg 768w\" sizes=\"auto, (max-width: 851px) 100vw, 851px\" \/><\/a><\/figure>\n<\/div>\n\n\n\n<div class=\"wp-block-column is-layout-flow wp-block-column-is-layout-flow\" style=\"flex-basis:66.66%\">\n<h2 class=\"wp-block-heading\" id=\"grand-prix-seniors-strasbourg-67\"> Grand Prix Seniors Strasbourg (67)<\/h2>\n\n\n\n<p>16 et 17 juillet 2022<\/p>\n<p><a href=\"https:\/\/ligue-golfgrandest.org\/wp-content\/uploads\/2022\/03\/Affiche-double_Seniors_Mid_Am_2022_BAT.pdf\">Affiche<\/a> |<\/p>\n<p><a href=\"https:\/\/ligue-golfgrandest.org\/wp-content\/uploads\/2022\/03\/Reglement-GD-PRIX-SENIORS-2022-et-Classic-Mid-Am.pdf\">R\u00e8glement de l&rsquo;\u00e9preuve<\/a> | <a href=\"https:\/\/ligue-golfgrandest.org\/wp-content\/uploads\/2022\/03\/Bulletin-dinscription-Gd-Prix-Seniors-2022.pdf\">Bulletin d&rsquo;inscription<\/a> | <span style=\"color: #ff0000;\">Cl\u00f4ture d&rsquo;inscription le 2 juillet<\/span><\/p>\n<\/div>\n<\/div>\n\n\n\n<hr class=\"wp-block-separator\"\/>\n\n\n\n<div class=\"wp-block-columns has-2-columns is-layout-flex wp-container-core-columns-is-layout-9d6595d7 wp-block-columns-is-layout-flex\">\n<div class=\"wp-block-column is-layout-flow wp-block-column-is-layout-flow\" style=\"flex-basis:33.33%\">\n<figure class=\"wp-block-image size-large\"><img loading=\"lazy\" decoding=\"async\" width=\"848\" height=\"1200\" src=\"https:\/\/ligue-golfgrandest.org\/wp-content\/uploads\/2022\/01\/Sans-titre-1-848x1200.jpg\" alt=\"\" class=\"wp-image-37410\" srcset=\"https:\/\/ligue-golfgrandest.org\/wp-content\/uploads\/2022\/01\/Sans-titre-1-848x1200.jpg 848w, https:\/\/ligue-golfgrandest.org\/wp-content\/uploads\/2022\/01\/Sans-titre-1-212x300.jpg 212w, https:\/\/ligue-golfgrandest.org\/wp-content\/uploads\/2022\/01\/Sans-titre-1-768x1086.jpg 768w, https:\/\/ligue-golfgrandest.org\/wp-content\/uploads\/2022\/01\/Sans-titre-1-1086x1536.jpg 1086w, https:\/\/ligue-golfgrandest.org\/wp-content\/uploads\/2022\/01\/Sans-titre-1-1448x2048.jpg 1448w, https:\/\/ligue-golfgrandest.org\/wp-content\/uploads\/2022\/01\/Sans-titre-1.jpg 1810w\" sizes=\"auto, (max-width: 848px) 100vw, 848px\" \/><\/figure>\n<\/div>\n\n\n\n<div class=\"wp-block-column is-layout-flow wp-block-column-is-layout-flow\" style=\"flex-basis:66.66%\">\n<h2 class=\"wp-block-heading\" id=\"grand-prix-seniors-metz-cherisey-57\"> Grand Prix Seniors Metz Ch\u00e9risey (57)<\/h2>\n\n\n\n<p>30 et 31 juillet 2022<\/p>\n<p>Affiche |<\/p>\n<p>R\u00e8glement de l&rsquo;\u00e9preuve et bulletin d&rsquo;inscription |<\/p>\n<\/div>\n<\/div>\n\n\n\n<hr class=\"wp-block-separator\"\/>\n\n\n\n<div class=\"wp-block-columns has-2-columns is-layout-flex wp-container-core-columns-is-layout-9d6595d7 wp-block-columns-is-layout-flex\">\n<div class=\"wp-block-column is-layout-flow wp-block-column-is-layout-flow\" style=\"flex-basis:33.33%\">\n<figure class=\"wp-block-image size-large\"><img loading=\"lazy\" decoding=\"async\" width=\"848\" height=\"1200\" src=\"https:\/\/ligue-golfgrandest.org\/wp-content\/uploads\/2022\/01\/Sans-titre-1-848x1200.jpg\" alt=\"\" class=\"wp-image-37410\" srcset=\"https:\/\/ligue-golfgrandest.org\/wp-content\/uploads\/2022\/01\/Sans-titre-1-848x1200.jpg 848w, https:\/\/ligue-golfgrandest.org\/wp-content\/uploads\/2022\/01\/Sans-titre-1-212x300.jpg 212w, https:\/\/ligue-golfgrandest.org\/wp-content\/uploads\/2022\/01\/Sans-titre-1-768x1086.jpg 768w, https:\/\/ligue-golfgrandest.org\/wp-content\/uploads\/2022\/01\/Sans-titre-1-1086x1536.jpg 1086w, https:\/\/ligue-golfgrandest.org\/wp-content\/uploads\/2022\/01\/Sans-titre-1-1448x2048.jpg 1448w, https:\/\/ligue-golfgrandest.org\/wp-content\/uploads\/2022\/01\/Sans-titre-1.jpg 1810w\" sizes=\"auto, (max-width: 848px) 100vw, 848px\" \/><\/figure>\n<\/div>\n\n\n\n<div class=\"wp-block-column is-layout-flow wp-block-column-is-layout-flow\" style=\"flex-basis:66.66%\">\n<h2 class=\"wp-block-heading\" id=\"grand-prix-seniors-nancy-pulnoy-54\"> Grand Prix Seniors Nancy Pulnoy (54)<\/h2>\n\n\n\n<p>20 et 21 ao\u00fbt 2022<\/p>\n<p>Affiche |<\/p>\n<p>R\u00e8glement de l&rsquo;\u00e9preuve et bulletin d&rsquo;inscription |<\/p>\n<\/div>\n<\/div>\n\n\n\n<hr class=\"wp-block-separator\"\/>\n\n\n\n<div class=\"wp-block-columns has-2-columns is-layout-flex wp-container-core-columns-is-layout-9d6595d7 wp-block-columns-is-layout-flex\">\n<div class=\"wp-block-column is-layout-flow wp-block-column-is-layout-flow\" style=\"flex-basis:33.33%\">\n<figure class=\"wp-block-image size-large\"><img loading=\"lazy\" decoding=\"async\" width=\"848\" height=\"1200\" src=\"https:\/\/ligue-golfgrandest.org\/wp-content\/uploads\/2022\/01\/Sans-titre-1-848x1200.jpg\" alt=\"\" class=\"wp-image-37410\" srcset=\"https:\/\/ligue-golfgrandest.org\/wp-content\/uploads\/2022\/01\/Sans-titre-1-848x1200.jpg 848w, https:\/\/ligue-golfgrandest.org\/wp-content\/uploads\/2022\/01\/Sans-titre-1-212x300.jpg 212w, https:\/\/ligue-golfgrandest.org\/wp-content\/uploads\/2022\/01\/Sans-titre-1-768x1086.jpg 768w, https:\/\/ligue-golfgrandest.org\/wp-content\/uploads\/2022\/01\/Sans-titre-1-1086x1536.jpg 1086w, https:\/\/ligue-golfgrandest.org\/wp-content\/uploads\/2022\/01\/Sans-titre-1-1448x2048.jpg 1448w, https:\/\/ligue-golfgrandest.org\/wp-content\/uploads\/2022\/01\/Sans-titre-1.jpg 1810w\" sizes=\"auto, (max-width: 848px) 100vw, 848px\" \/><\/figure>\n<\/div>\n\n\n\n<div class=\"wp-block-column is-layout-flow wp-block-column-is-layout-flow\" style=\"flex-basis:66.66%\">\n<h2 class=\"wp-block-heading\" id=\"grand-prix-seniors-la-wantzenau-67\"> Grand Prix Seniors La Wantzenau (67)<\/h2>\n\n\n\n<p>10 et 11 septembre 2022<\/p>\n<p><a href=\"https:\/\/ligue-golfgrandest.org\/wp-content\/uploads\/2022\/02\/AFFICHE-GPS-MA.pdf\">Affiche<\/a> |<\/p>\n<p><a href=\"https:\/\/ligue-golfgrandest.org\/wp-content\/uploads\/2022\/02\/REGLEMENT-GRAND-PRIX-SENIORS-ET-CLASSIC-MID-AMATEURS-LA-WANTZENAU.pdf\">R\u00e8glement de l&rsquo;\u00e9preuve et bulletin d&rsquo;inscription<\/a> | <span style=\"color: #ff0000;\">Cl\u00f4ture d&rsquo;inscription le 26 ao\u00fbt<\/span><\/p>\n<\/div>\n<\/div>\n\n\n\n<hr class=\"wp-block-separator\"\/>\n","protected":false},"excerpt":{"rendered":"<p>Grand Prix Seniors Lalargue (68) 4 et 5 juin 2022 Affiche | R\u00e8glement de l&rsquo;\u00e9preuve | Bulletin d&rsquo;inscription |\u00a0 Heures de d\u00e9part samedi | Heures de d\u00e9part dimanche | Grand Prix Seniors Strasbourg (67) 16 et 17 juillet 2022 Affiche | R\u00e8glement de l&rsquo;\u00e9preuve | Bulletin d&rsquo;inscription | Cl\u00f4ture d&rsquo;inscription le 2 juillet Grand Prix [&hellip;]<\/p>\n","protected":false},"author":3,"featured_media":0,"parent":77,"menu_order":9,"comment_status":"closed","ping_status":"closed","template":"page-templates\/page-full-width.php","meta":{"footnotes":""},"class_list":["post-5647","page","type-page","status-publish","hentry"],"_links":{"self":[{"href":"https:\/\/ligue-golfgrandest.org\/index.php\/wp-json\/wp\/v2\/pages\/5647","targetHints":{"allow":["GET"]}}],"collection":[{"href":"https:\/\/ligue-golfgrandest.org\/index.php\/wp-json\/wp\/v2\/pages"}],"about":[{"href":"https:\/\/ligue-golfgrandest.org\/index.php\/wp-json\/wp\/v2\/types\/page"}],"author":[{"embeddable":true,"href":"https:\/\/ligue-golfgrandest.org\/index.php\/wp-json\/wp\/v2\/users\/3"}],"replies":[{"embeddable":true,"href":"https:\/\/ligue-golfgrandest.org\/index.php\/wp-json\/wp\/v2\/comments?post=5647"}],"version-history":[{"count":0,"href":"https:\/\/ligue-golfgrandest.org\/index.php\/wp-json\/wp\/v2\/pages\/5647\/revisions"}],"up":[{"embeddable":true,"href":"https:\/\/ligue-golfgrandest.org\/index.php\/wp-json\/wp\/v2\/pages\/77"}],"wp:attachment":[{"href":"https:\/\/ligue-golfgrandest.org\/index.php\/wp-json\/wp\/v2\/media?parent=5647"}],"curies":[{"name":"wp","href":"https:\/\/api.w.org\/{rel}","templated":true}]}}