{"id":5379,"date":"2017-07-31T14:01:50","date_gmt":"2017-07-31T12:01:50","guid":{"rendered":"http:\/\/ligue-golfgrandest.org\/?page_id=5379"},"modified":"2025-08-06T10:48:22","modified_gmt":"2025-08-06T08:48:22","slug":"sante","status":"publish","type":"page","link":"https:\/\/ligue-golfgrandest.org\/index.php\/la-ligue\/sante\/","title":{"rendered":"SANT\u00c9"},"content":{"rendered":"<div class=\"wp-block-image is-resized\">\n<figure class=\"aligncenter size-thumbnail\"><a href=\"https:\/\/ligue-golfgrandest.org\/wp-content\/uploads\/2025\/02\/gourde.jpg\"><img loading=\"lazy\" decoding=\"async\" width=\"300\" height=\"200\" src=\"https:\/\/ligue-golfgrandest.org\/wp-content\/uploads\/2025\/02\/gourde-300x200.jpg\" alt=\"\" class=\"wp-image-57764\" srcset=\"https:\/\/ligue-golfgrandest.org\/wp-content\/uploads\/2025\/02\/gourde-300x200.jpg 300w, https:\/\/ligue-golfgrandest.org\/wp-content\/uploads\/2025\/02\/gourde-272x182.jpg 272w\" sizes=\"auto, (max-width: 300px) 100vw, 300px\" \/><\/a><\/figure><\/div>\n\n\n<hr class=\"wp-block-separator has-alpha-channel-opacity\"\/>\n\n\n\n<h2 class=\"wp-block-heading\">ESPACE SANS TABAC<\/h2>\n\n\n\n<p>Le tabac est d\u00e9sormais interdit dans les golfs fran\u00e7ais (depuis le 1er juillet 2025)<\/p>\n\n\n\n<p><a href=\"https:\/\/www.ffgolf.org\/la-federation\/toute-l-actualite\/le-tabac-est-desormais-interdit-dans-les-golfs-francais?sc_src=email_4606997&amp;sc_lid=177106807&amp;sc_uid=1ow2yV1rDM&amp;sc_llid=113087&amp;sc_eh=3a145d1b69131c021\">D\u00e9tails<\/a><\/p>\n\n\n\n<figure class=\"wp-block-gallery has-nested-images columns-default is-cropped wp-block-gallery-1 is-layout-flex wp-block-gallery-is-layout-flex\">\n<figure class=\"wp-block-image size-large\"><img loading=\"lazy\" decoding=\"async\" width=\"611\" height=\"626\" data-id=\"60210\" src=\"https:\/\/ligue-golfgrandest.org\/wp-content\/uploads\/2025\/08\/Capture-decran-2025-08-06-104601.jpg\" alt=\"\" class=\"wp-image-60210\" srcset=\"https:\/\/ligue-golfgrandest.org\/wp-content\/uploads\/2025\/08\/Capture-decran-2025-08-06-104601.jpg 611w, https:\/\/ligue-golfgrandest.org\/wp-content\/uploads\/2025\/08\/Capture-decran-2025-08-06-104601-293x300.jpg 293w\" sizes=\"auto, (max-width: 611px) 100vw, 611px\" \/><\/figure>\n<\/figure>\n\n\n\n<h2 class=\"wp-block-heading\">ALERTE CANICULE<\/h2>\n\n\n\n<p><a href=\"https:\/\/ligue-golfgrandest.org\/wp-content\/uploads\/2025\/07\/Fiche_canicule_golf_2023_VF.pdf\">fiche canicule<\/a><\/p>\n\n\n\n<figure class=\"wp-block-gallery has-nested-images columns-default is-cropped wp-block-gallery-2 is-layout-flex wp-block-gallery-is-layout-flex\">\n<figure class=\"wp-block-image size-large\"><img loading=\"lazy\" decoding=\"async\" width=\"538\" height=\"808\" data-id=\"59883\" src=\"https:\/\/ligue-golfgrandest.org\/wp-content\/uploads\/2025\/07\/Capture-decran-2025-07-01-162131.jpg\" alt=\"\" class=\"wp-image-59883\" srcset=\"https:\/\/ligue-golfgrandest.org\/wp-content\/uploads\/2025\/07\/Capture-decran-2025-07-01-162131.jpg 538w, https:\/\/ligue-golfgrandest.org\/wp-content\/uploads\/2025\/07\/Capture-decran-2025-07-01-162131-200x300.jpg 200w\" sizes=\"auto, (max-width: 538px) 100vw, 538px\" \/><\/figure>\n<\/figure>\n\n\n\n<hr class=\"wp-block-separator has-alpha-channel-opacity\"\/>\n\n\n\n<h2 class=\"wp-block-heading\"><strong>Tous concern\u00e9s par le DOPAGE<\/strong><\/h2>\n\n\n\n<p>Pr\u00e9vention et sensibilisation \u00e0 la lutte contre le dopage : <a href=\"https:\/\/ligue-golfgrandest.org\/wp-content\/uploads\/2025\/06\/Fiche-dopage-1.pdf\">Fiche dopage<\/a> |<\/p>\n\n\n\n<figure class=\"wp-block-gallery has-nested-images columns-default is-cropped wp-block-gallery-3 is-layout-flex wp-block-gallery-is-layout-flex\">\n<figure class=\"wp-block-image size-large\"><a href=\"https:\/\/ligue-golfgrandest.org\/wp-content\/uploads\/2025\/06\/affiche_antidopage_24_2_01-1.pdf\"><img loading=\"lazy\" decoding=\"async\" width=\"601\" height=\"856\" data-id=\"59500\" src=\"https:\/\/ligue-golfgrandest.org\/wp-content\/uploads\/2025\/06\/Capture-decran-2025-06-06-151335.jpg\" alt=\"\" class=\"wp-image-59500\" srcset=\"https:\/\/ligue-golfgrandest.org\/wp-content\/uploads\/2025\/06\/Capture-decran-2025-06-06-151335.jpg 601w, https:\/\/ligue-golfgrandest.org\/wp-content\/uploads\/2025\/06\/Capture-decran-2025-06-06-151335-211x300.jpg 211w\" sizes=\"auto, (max-width: 601px) 100vw, 601px\" \/><\/a><\/figure>\n\n\n\n<figure class=\"wp-block-image size-large\"><a href=\"https:\/\/ligue-golfgrandest.org\/wp-content\/uploads\/2025\/06\/affiche_antidopage_24_2_02-1.pdf\"><img loading=\"lazy\" decoding=\"async\" width=\"605\" height=\"862\" data-id=\"59501\" src=\"https:\/\/ligue-golfgrandest.org\/wp-content\/uploads\/2025\/06\/Capture-decran-2025-06-06-151410.jpg\" alt=\"\" class=\"wp-image-59501\" srcset=\"https:\/\/ligue-golfgrandest.org\/wp-content\/uploads\/2025\/06\/Capture-decran-2025-06-06-151410.jpg 605w, https:\/\/ligue-golfgrandest.org\/wp-content\/uploads\/2025\/06\/Capture-decran-2025-06-06-151410-211x300.jpg 211w\" sizes=\"auto, (max-width: 605px) 100vw, 605px\" \/><\/a><\/figure>\n\n\n\n<figure class=\"wp-block-image size-large\"><a href=\"https:\/\/ligue-golfgrandest.org\/wp-content\/uploads\/2025\/06\/affiche_antidopage_golfy_VRAD_1224-1.pdf\"><img loading=\"lazy\" decoding=\"async\" width=\"623\" height=\"836\" data-id=\"59502\" src=\"https:\/\/ligue-golfgrandest.org\/wp-content\/uploads\/2025\/06\/Capture-decran-2025-06-06-151439.jpg\" alt=\"\" class=\"wp-image-59502\" srcset=\"https:\/\/ligue-golfgrandest.org\/wp-content\/uploads\/2025\/06\/Capture-decran-2025-06-06-151439.jpg 623w, https:\/\/ligue-golfgrandest.org\/wp-content\/uploads\/2025\/06\/Capture-decran-2025-06-06-151439-224x300.jpg 224w\" sizes=\"auto, (max-width: 623px) 100vw, 623px\" \/><\/a><\/figure>\n<\/figure>\n\n\n\n<hr class=\"wp-block-separator has-alpha-channel-opacity\"\/>\n\n\n\n<h2 class=\"wp-block-heading\"><strong>Violences Sexistes et Sexuelles dans le Golf<\/strong><\/h2>\n\n\n\n<p><strong>Documents Colosse aux pieds d&rsquo;argile<\/strong> : <a href=\"https:\/\/ligue-golfgrandest.org\/wp-content\/uploads\/2025\/05\/AFFICHE_A3-CAPA-FF-Golf.pdf\">Consignes du Colosse aux pieds d&rsquo;argile<\/a> | <a href=\"https:\/\/ligue-golfgrandest.org\/wp-content\/uploads\/2025\/05\/Guide-Encadrant-num-CAPA-FF-Golf-V2.pdf\">Guide de l&rsquo;encadrant<\/a> | <a href=\"https:\/\/ligue-golfgrandest.org\/wp-content\/uploads\/2025\/05\/Guide-Colosses-2021-CAPA-FF-Golf-Num-V3.pdf\">Guide des Colosses<\/a> | <a href=\"https:\/\/ligue-golfgrandest.org\/wp-content\/uploads\/2025\/05\/Fiche-PAV-FF.pdf\">L&rsquo;accompagnement des victimes<\/a> | <a href=\"https:\/\/ligue-golfgrandest.org\/wp-content\/uploads\/2025\/05\/Charte-de-bonne-conduite-CAPA-FF-Golf-V2.pdf\">Charte de bonne conduite<\/a> | <a href=\"https:\/\/ligue-golfgrandest.org\/wp-content\/uploads\/2025\/05\/Catalogue-Colosse-Interventions-Sept-24-tarifs.pdf\">Catalogue Colosse Interventions<\/a> | <a href=\"https:\/\/ligue-golfgrandest.org\/wp-content\/uploads\/2025\/05\/2303-Colosse-Process-Alerte.pdf\">Proc\u00e9dure d&rsquo;alerte<\/a><\/p>\n\n\n\n<p><a href=\"https:\/\/ligue-golfgrandest.org\/wp-content\/uploads\/2025\/05\/FicheVictimesViolencesSexuellesMineurs.pdf\">Fiche Victimes violence<\/a> | <a href=\"https:\/\/ligue-golfgrandest.org\/wp-content\/uploads\/2025\/05\/2021_GUIDE_PARENTS_digital.pdf\">Guide Parents Mon enfant joue au golf en comp\u00e9tition <\/a>|<\/p>\n\n\n\n<figure class=\"wp-block-gallery has-nested-images columns-4 is-cropped wp-block-gallery-4 is-layout-flex wp-block-gallery-is-layout-flex\">\n<figure class=\"wp-block-image size-large\"><a href=\"https:\/\/ligue-golfgrandest.org\/wp-content\/uploads\/2025\/05\/Banniere-FF-Golf-2025.png\"><img loading=\"lazy\" decoding=\"async\" width=\"1600\" height=\"901\" data-id=\"59120\" src=\"https:\/\/ligue-golfgrandest.org\/wp-content\/uploads\/2025\/05\/Banniere-FF-Golf-2025-1600x901.png\" alt=\"\" class=\"wp-image-59120\" srcset=\"https:\/\/ligue-golfgrandest.org\/wp-content\/uploads\/2025\/05\/Banniere-FF-Golf-2025-1600x901.png 1600w, https:\/\/ligue-golfgrandest.org\/wp-content\/uploads\/2025\/05\/Banniere-FF-Golf-2025-768x433.png 768w, https:\/\/ligue-golfgrandest.org\/wp-content\/uploads\/2025\/05\/Banniere-FF-Golf-2025-1536x865.png 1536w, https:\/\/ligue-golfgrandest.org\/wp-content\/uploads\/2025\/05\/Banniere-FF-Golf-2025.png 1640w\" sizes=\"auto, (max-width: 1600px) 100vw, 1600px\" \/><\/a><\/figure>\n\n\n\n<figure class=\"wp-block-image size-large\"><a href=\"https:\/\/ligue-golfgrandest.org\/wp-content\/uploads\/2025\/05\/Catalogue.jpg\"><img loading=\"lazy\" decoding=\"async\" width=\"592\" height=\"851\" data-id=\"59130\" src=\"https:\/\/ligue-golfgrandest.org\/wp-content\/uploads\/2025\/05\/Catalogue.jpg\" alt=\"\" class=\"wp-image-59130\" srcset=\"https:\/\/ligue-golfgrandest.org\/wp-content\/uploads\/2025\/05\/Catalogue.jpg 592w, https:\/\/ligue-golfgrandest.org\/wp-content\/uploads\/2025\/05\/Catalogue-209x300.jpg 209w\" sizes=\"auto, (max-width: 592px) 100vw, 592px\" \/><\/a><\/figure>\n\n\n\n<figure class=\"wp-block-image size-large\"><a href=\"https:\/\/ligue-golfgrandest.org\/wp-content\/uploads\/2025\/05\/Consignes.jpg\"><img loading=\"lazy\" decoding=\"async\" width=\"592\" height=\"851\" data-id=\"59131\" src=\"https:\/\/ligue-golfgrandest.org\/wp-content\/uploads\/2025\/05\/Consignes.jpg\" alt=\"\" class=\"wp-image-59131\" srcset=\"https:\/\/ligue-golfgrandest.org\/wp-content\/uploads\/2025\/05\/Consignes.jpg 592w, https:\/\/ligue-golfgrandest.org\/wp-content\/uploads\/2025\/05\/Consignes-209x300.jpg 209w\" sizes=\"auto, (max-width: 592px) 100vw, 592px\" \/><\/a><\/figure>\n\n\n\n<figure class=\"wp-block-image size-large\"><a href=\"https:\/\/ligue-golfgrandest.org\/wp-content\/uploads\/2025\/05\/2021_GUIDE_PARENTS_digital.pdf\"><img loading=\"lazy\" decoding=\"async\" width=\"398\" height=\"787\" data-id=\"59132\" src=\"https:\/\/ligue-golfgrandest.org\/wp-content\/uploads\/2025\/05\/Guide-parents.jpg\" alt=\"\" class=\"wp-image-59132\" srcset=\"https:\/\/ligue-golfgrandest.org\/wp-content\/uploads\/2025\/05\/Guide-parents.jpg 398w, https:\/\/ligue-golfgrandest.org\/wp-content\/uploads\/2025\/05\/Guide-parents-152x300.jpg 152w\" sizes=\"auto, (max-width: 398px) 100vw, 398px\" \/><\/a><\/figure>\n<\/figure>\n\n\n\n<hr class=\"wp-block-separator has-alpha-channel-opacity\"\/>\n\n\n\n<h2 class=\"wp-block-heading\"><strong>DOCUMENTS GOLF ET SANTE<\/strong><\/h2>\n\n\n\n<p>Articles Golf | <a href=\"https:\/\/www.docdusport.com\/tag\/golf\/\">docdusport.com <\/a><\/p>\n\n\n\n<p><mark style=\"background-color:rgba(0, 0, 0, 0)\" class=\"has-inline-color has-white-color\">.<\/mark><\/p>\n\n\n\n<h1 class=\"wp-block-heading has-black-color has-text-color has-medium-font-size\"><strong>D\u00c9PLIANT GOLF ET SANTE<\/strong><\/h1>\n\n\n<p>2017 |\u00a0<a href=\"http:\/\/ligue-golfgrandest.org\/wp-content\/uploads\/2017\/12\/SANTE-7.pdf\">Osez la pratique r\u00e9guli\u00e8re du golf, un sport passionnant qui maintient en forme<\/a><span style=\"display: inline !important; float: none; background-color: transparent; color: #767676; cursor: text; font-family: 'Open Sans',Arial,'Helvetica Neue',Helvetica,sans-serif; font-size: 13px; font-style: normal; font-variant: normal; font-weight: 400; letter-spacing: normal; orphans: 2; text-align: left; text-decoration: none; text-indent: 0px; text-transform: none; -webkit-text-stroke-width: 0px; white-space: normal; word-spacing: 0px;\"> &#8211; Dr Aude ROCHOUX<\/span><\/p>\n\n\n<figure class=\"wp-block-image is-resized\"><img loading=\"lazy\" decoding=\"async\" width=\"557\" height=\"390\" src=\"http:\/\/ligue-golfgrandest.org\/wp-content\/uploads\/2019\/04\/golf-et-sant\u00e9.jpg\" alt=\"\" class=\"wp-image-18320\" style=\"width:279px;height:195px\" srcset=\"https:\/\/ligue-golfgrandest.org\/wp-content\/uploads\/2019\/04\/golf-et-sant\u00e9.jpg 557w, https:\/\/ligue-golfgrandest.org\/wp-content\/uploads\/2019\/04\/golf-et-sant\u00e9-400x280.jpg 400w\" sizes=\"auto, (max-width: 557px) 100vw, 557px\" \/><\/figure>\n\n\n\n<p><\/p>\n\n\n\n<p class=\"has-black-color has-text-color has-medium-font-size\"><strong>LES ARTICLES SANT\u00c9 DE LA LIGUE<\/strong><\/p>\n\n\n<p>2020 | Sauver la vie d&rsquo;un golfeur, c&rsquo;est possible\u00a0 &#8211; Dr Aude Rochoux<\/p>\n<p>2019 | Reprendre le golf apr\u00e8s la pose d&rsquo;une proth\u00e8se de hanche ou de genou &#8211; Dr Aude Rochoux<\/p>\n<p>2018 | <a href=\"http:\/\/ligue-golfgrandest.org\/wp-content\/uploads\/2018\/09\/PG-2018_A.-Rochoux_Nutrition-et-golf.pdf\">Nutrition et golf<\/a> &#8211; Dr Aude Rochoux<\/p>\n<p>2018 | <a href=\"https:\/\/www.senioractu.com\/Le-golf-un-sport-bon-pour-les-seniors_a21230.html\">Le golf : un sport bon pour les Seniors<\/a> |<\/p>\n<p>2018 | <a href=\"http:\/\/ligue-golfgrandest.org\/wp-content\/uploads\/2018\/09\/ALIM-reco-compe\u0301tion-golf-2.0.pdf\">Alimentation et comp\u00e9tition<\/a> | <a href=\"http:\/\/ligue-golfgrandest.org\/wp-content\/uploads\/2018\/09\/Pre\u0301sentation-Alim-Quot.pdf\">Alimentation quotidienne<\/a> | ffgolf<\/p>\n<p>2017 | <a href=\"http:\/\/ligue-golfgrandest.org\/wp-content\/uploads\/2017\/08\/PG-2017_A.-Rochoux_Le-golf-une-activit\u00e9-saine-\u00e0-bien-des-\u00e9gards-.pdf\">Le golf, une activit\u00e9 saine \u00e0 bien des \u00e9gards ! <\/a>&#8211; Dr Aude Rochoux<\/p>\n<p>2016 | <a href=\"http:\/\/ligue-golfgrandest.org\/wp-content\/uploads\/2017\/08\/PG-2016_A.-Rochoux_Quel-bonheur-de-jouer-au-golf-en-plein-air-.pdf\">Quel bonheur de jouer au golf en plein air !<\/a> &#8211; Dr Aude Rochoux<\/p>\n<p>2015 | <a href=\"http:\/\/ligue-golfgrandest.org\/wp-content\/uploads\/2017\/08\/PG-2015_A.-Rochoux_Se-prot\u00e9ger-shydrater-salimenter....pdf\">Se prot\u00e9ger, s&rsquo;hydrater, s&rsquo;alimenter&#8230; <\/a>&#8211; Dr Aude Rochoux<\/p>\n<p>2014 | <a href=\"http:\/\/ligue-golfgrandest.org\/wp-content\/uploads\/2017\/08\/PG-2014_A.-Rochoux_Chaussures-de-golf-et-performances.pdf\">Chaussures de golf et performances <\/a>&#8211; Dr Aude Rochoux<\/p>\n<p>2013| <a href=\"http:\/\/ligue-golfgrandest.org\/wp-content\/uploads\/2017\/08\/PG-2013_S.-Gateaud_Golf-et-ost\u00e9opathie.pdf\">Golf et ost\u00e9opathie <\/a>&#8211; Sylvain Gateaud<\/p>\n<p>2013 | <a href=\"http:\/\/ligue-golfgrandest.org\/wp-content\/uploads\/2017\/08\/PG-2013_A.-Rochoux_Sauver-la-vie-dun-golfeur-cest-possible.pdf\">Sauver la vie d&rsquo;un golfeur, c&rsquo;est possible <\/a>&#8211; Dr Aude Rochoux<\/p>\n<p>2011 | <a href=\"http:\/\/ligue-golfgrandest.org\/wp-content\/uploads\/2017\/08\/PG-2011_E.-Stiefvater_Le-yoga-pour-mieux-vivre-sa-pratique-du-golf.pdf\">Le yoga pour mieux vivre sa pratique du golf <\/a>&#8211; Charles-Edouard Stiefvater<\/p>\n\n\n<figure class=\"wp-block-gallery has-nested-images columns-4 is-cropped wp-block-gallery-5 is-layout-flex wp-block-gallery-is-layout-flex\">\n<figure class=\"wp-block-image size-large\"><img loading=\"lazy\" decoding=\"async\" width=\"400\" height=\"300\" data-id=\"25392\" src=\"http:\/\/ligue-golfgrandest.org\/wp-content\/uploads\/2020\/04\/golf-DAE_400x300.jpg\" alt=\"\" class=\"wp-image-25392\"\/><\/figure>\n\n\n\n<figure class=\"wp-block-image size-large\"><img loading=\"lazy\" decoding=\"async\" width=\"400\" height=\"300\" data-id=\"25393\" src=\"http:\/\/ligue-golfgrandest.org\/wp-content\/uploads\/2020\/04\/golf-et-yoga_400x300.jpg\" alt=\"\" class=\"wp-image-25393\"\/><\/figure>\n\n\n\n<figure class=\"wp-block-image size-large\"><img loading=\"lazy\" decoding=\"async\" width=\"1600\" height=\"1067\" data-id=\"38417\" src=\"https:\/\/ligue-golfgrandest.org\/wp-content\/uploads\/2022\/02\/CHAMP-13.jpg\" alt=\"\" class=\"wp-image-38417\" srcset=\"https:\/\/ligue-golfgrandest.org\/wp-content\/uploads\/2022\/02\/CHAMP-13.jpg 1600w, https:\/\/ligue-golfgrandest.org\/wp-content\/uploads\/2022\/02\/CHAMP-13-450x300.jpg 450w, https:\/\/ligue-golfgrandest.org\/wp-content\/uploads\/2022\/02\/CHAMP-13-300x200.jpg 300w, https:\/\/ligue-golfgrandest.org\/wp-content\/uploads\/2022\/02\/CHAMP-13-768x512.jpg 768w, https:\/\/ligue-golfgrandest.org\/wp-content\/uploads\/2022\/02\/CHAMP-13-1536x1024.jpg 1536w, https:\/\/ligue-golfgrandest.org\/wp-content\/uploads\/2022\/02\/CHAMP-13-272x182.jpg 272w\" sizes=\"auto, (max-width: 1600px) 100vw, 1600px\" \/><\/figure>\n\n\n\n<figure class=\"wp-block-image size-large\"><img loading=\"lazy\" decoding=\"async\" width=\"1600\" height=\"1067\" data-id=\"38419\" src=\"https:\/\/ligue-golfgrandest.org\/wp-content\/uploads\/2022\/02\/CHAMP-27.jpg\" alt=\"\" class=\"wp-image-38419\" srcset=\"https:\/\/ligue-golfgrandest.org\/wp-content\/uploads\/2022\/02\/CHAMP-27.jpg 1600w, https:\/\/ligue-golfgrandest.org\/wp-content\/uploads\/2022\/02\/CHAMP-27-450x300.jpg 450w, https:\/\/ligue-golfgrandest.org\/wp-content\/uploads\/2022\/02\/CHAMP-27-300x200.jpg 300w, https:\/\/ligue-golfgrandest.org\/wp-content\/uploads\/2022\/02\/CHAMP-27-768x512.jpg 768w, https:\/\/ligue-golfgrandest.org\/wp-content\/uploads\/2022\/02\/CHAMP-27-1536x1024.jpg 1536w, https:\/\/ligue-golfgrandest.org\/wp-content\/uploads\/2022\/02\/CHAMP-27-272x182.jpg 272w\" sizes=\"auto, (max-width: 1600px) 100vw, 1600px\" \/><\/figure>\n<\/figure>\n\n\n\n<p><\/p>\n\n\n\n<h2 class=\"wp-block-heading has-black-color has-text-color has-medium-font-size\"><strong>BIEN S&rsquo;ALIMENTER<\/strong><\/h2>\n\n\n<p>Documents pr\u00e9sent\u00e9s aux jeunes et parents lors du Championnat de France jeunes 2018 :<br \/><a href=\"http:\/\/ligue-golfgrandest.org\/wp-content\/uploads\/2019\/04\/Pre\u0301sentation-Alim-Quot.pdf\">Alimentation quotidienne<\/a> |<br \/><a href=\"http:\/\/ligue-golfgrandest.org\/wp-content\/uploads\/2019\/04\/ALIM-reco-compe\u0301tion-golf-2.0.pdf\">Alimentation et Comp\u00e9tition : avant, pendant, apr\u00e8s<\/a> |<\/p>\n\n\n<figure class=\"wp-block-gallery has-nested-images columns-default is-cropped wp-block-gallery-6 is-layout-flex wp-block-gallery-is-layout-flex\">\n<figure class=\"wp-block-image size-large\"><img loading=\"lazy\" decoding=\"async\" width=\"530\" height=\"200\" data-id=\"25385\" src=\"http:\/\/ligue-golfgrandest.org\/wp-content\/uploads\/2020\/04\/Sans-titre-1.jpg\" alt=\"\" class=\"wp-image-25385\" srcset=\"https:\/\/ligue-golfgrandest.org\/wp-content\/uploads\/2020\/04\/Sans-titre-1.jpg 530w, https:\/\/ligue-golfgrandest.org\/wp-content\/uploads\/2020\/04\/Sans-titre-1-400x151.jpg 400w\" sizes=\"auto, (max-width: 530px) 100vw, 530px\" \/><\/figure>\n\n\n\n<figure class=\"wp-block-image size-large\"><img loading=\"lazy\" decoding=\"async\" width=\"530\" height=\"200\" data-id=\"25386\" src=\"http:\/\/ligue-golfgrandest.org\/wp-content\/uploads\/2020\/04\/Sans-titre-2.jpg\" alt=\"\" class=\"wp-image-25386\" srcset=\"https:\/\/ligue-golfgrandest.org\/wp-content\/uploads\/2020\/04\/Sans-titre-2.jpg 530w, https:\/\/ligue-golfgrandest.org\/wp-content\/uploads\/2020\/04\/Sans-titre-2-400x151.jpg 400w\" sizes=\"auto, (max-width: 530px) 100vw, 530px\" \/><\/figure>\n\n\n\n<figure class=\"wp-block-image size-large\"><img loading=\"lazy\" decoding=\"async\" width=\"530\" height=\"200\" data-id=\"25387\" src=\"http:\/\/ligue-golfgrandest.org\/wp-content\/uploads\/2020\/04\/Sans-titre-3.jpg\" alt=\"\" class=\"wp-image-25387\" srcset=\"https:\/\/ligue-golfgrandest.org\/wp-content\/uploads\/2020\/04\/Sans-titre-3.jpg 530w, https:\/\/ligue-golfgrandest.org\/wp-content\/uploads\/2020\/04\/Sans-titre-3-400x151.jpg 400w\" sizes=\"auto, (max-width: 530px) 100vw, 530px\" \/><\/figure>\n<\/figure>\n\n\n\n<p><\/p>\n\n\n\n<p class=\"has-black-color has-text-color has-medium-font-size\"><strong>AM\u00c9LIORER LA MOBILIT\u00c9 DU RACHIS ET LA SOUPLESSE<\/strong><\/p>\n\n\n<p>Par C\u00e9line DEL BOURGO &#8211; Masseur Kin\u00e9sith\u00e9rapeute<br \/>Travail de la mobilit\u00e9 du rachis<br \/>Ce travail peut se faire tous les jours. Le travail de la mobilit\u00e9 du rachis permettra d\u2019obtenir plus grandes amplitudes et de retrouver des amplitudes sym\u00e9triques si besoin.<br \/>Le travail de mobilit\u00e9 peut s\u2019inclure dans une s\u00e9ance de sport, de pr\u00e9f\u00e9rence au d\u00e9but de la s\u00e9ance.<br \/>Travail des \u00e9tirements du rachis lombaire et des membres inf\u00e9rieurs<br \/>Les \u00e9tirements peuvent \u00eatre travaill\u00e9s 2 fois par semaine. Ils peuvent s\u2019ins\u00e9rer \u00e0 la fin d\u2019une s\u00e9ance de sport ou constituer une s\u00e9ance de sport enti\u00e8re coupl\u00e9e au travail de mobilit\u00e9.<br \/>Si vous faites 2 s\u00e9ances de sport par semaine vous pouvez faire une s\u00e9ance de sport et une s\u00e9ance consacr\u00e9e au travail de la mobilit\u00e9 et des \u00e9tirements .<br \/>Les \u00e9tirements sont efficaces si on les maintient pendant 20 secondes sur la phase expiratoire de la respiration et r\u00e9p\u00e9t\u00e9s 3 fois de suite.<\/p>\n<p><a href=\"http:\/\/ligue-golfgrandest.org\/wp-content\/uploads\/2019\/04\/LA-MOBILITE\u0301-DU-RACHIS-.pdf\">Comment travailler la mobilit\u00e9 du rachis<\/a> |<br \/>\n<a href=\"http:\/\/ligue-golfgrandest.org\/wp-content\/uploads\/2019\/04\/E\u0301TIREMENT-RACHIS-LOMBAIRE-1.pdf\">Etirement du rachis lombaire<\/a> |<br \/>\n<a href=\"http:\/\/ligue-golfgrandest.org\/wp-content\/uploads\/2019\/04\/E\u0301TIREMENTS-MEMBRES-INFE\u0301RIEURS-1.pdf\">Comment \u00e9tirer les membres inf\u00e9rieurs<\/a> |<\/p>","protected":false},"excerpt":{"rendered":"<p>ESPACE SANS TABAC Le tabac est d\u00e9sormais interdit dans les golfs fran\u00e7ais (depuis le 1er juillet 2025) D\u00e9tails ALERTE CANICULE fiche canicule Tous concern\u00e9s par le DOPAGE Pr\u00e9vention et sensibilisation \u00e0 la lutte contre le dopage : Fiche dopage | Violences Sexistes et Sexuelles dans le Golf Documents Colosse aux pieds d&rsquo;argile : Consignes du [&hellip;]<\/p>\n","protected":false},"author":3,"featured_media":0,"parent":150,"menu_order":0,"comment_status":"closed","ping_status":"closed","template":"page-templates\/page-full-width.php","meta":{"footnotes":""},"class_list":["post-5379","page","type-page","status-publish","hentry"],"_links":{"self":[{"href":"https:\/\/ligue-golfgrandest.org\/index.php\/wp-json\/wp\/v2\/pages\/5379","targetHints":{"allow":["GET"]}}],"collection":[{"href":"https:\/\/ligue-golfgrandest.org\/index.php\/wp-json\/wp\/v2\/pages"}],"about":[{"href":"https:\/\/ligue-golfgrandest.org\/index.php\/wp-json\/wp\/v2\/types\/page"}],"author":[{"embeddable":true,"href":"https:\/\/ligue-golfgrandest.org\/index.php\/wp-json\/wp\/v2\/users\/3"}],"replies":[{"embeddable":true,"href":"https:\/\/ligue-golfgrandest.org\/index.php\/wp-json\/wp\/v2\/comments?post=5379"}],"version-history":[{"count":7,"href":"https:\/\/ligue-golfgrandest.org\/index.php\/wp-json\/wp\/v2\/pages\/5379\/revisions"}],"predecessor-version":[{"id":60212,"href":"https:\/\/ligue-golfgrandest.org\/index.php\/wp-json\/wp\/v2\/pages\/5379\/revisions\/60212"}],"up":[{"embeddable":true,"href":"https:\/\/ligue-golfgrandest.org\/index.php\/wp-json\/wp\/v2\/pages\/150"}],"wp:attachment":[{"href":"https:\/\/ligue-golfgrandest.org\/index.php\/wp-json\/wp\/v2\/media?parent=5379"}],"curies":[{"name":"wp","href":"https:\/\/api.w.org\/{rel}","templated":true}]}}