{"id":415,"date":"2017-02-11T20:17:35","date_gmt":"2017-02-11T19:17:35","guid":{"rendered":"http:\/\/ligue-golfgrandest.org\/?page_id=415"},"modified":"2023-11-17T09:58:20","modified_gmt":"2023-11-17T08:58:20","slug":"kempferhof-golf-resort","status":"publish","type":"page","link":"https:\/\/ligue-golfgrandest.org\/index.php\/clubs\/alsace\/kempferhof-golf-resort\/","title":{"rendered":"Le Kempferhof"},"content":{"rendered":"\n<div class=\"wp-block-columns is-layout-flex wp-container-core-columns-is-layout-9d6595d7 wp-block-columns-is-layout-flex\">\n<div class=\"wp-block-column is-layout-flow wp-block-column-is-layout-flow\"><div class=\"wp-block-image\">\n<figure class=\"aligncenter\"><img loading=\"lazy\" decoding=\"async\" width=\"250\" height=\"160\" src=\"http:\/\/ligue-golfgrandest.org\/wp-content\/uploads\/2017\/12\/le-kempferhof-logo-2017.png\" alt=\"\" class=\"wp-image-7829\"\/><\/figure><\/div><\/div>\n\n\n\n<div class=\"wp-block-column is-layout-flow wp-block-column-is-layout-flow\">\n<h3 class=\"wp-block-heading\">Asso. Sportive<\/h3>\n\n\n\n<p>351, rue du Moulin<br>67115 PLOBSHEIM<br>Pr\u00e9sidente AS : Elisabeth BINDSCHEDLER<br><a href=\"mailto:e.bindschedler@hotmail.fr\">e.bindschedler@hotmail.fr<\/a><br><a href=\"https:\/\/www.as-kempferhof.com\/\">www.as-kempferhof.com<\/a><br>Facebook : <a href=\"https:\/\/www.facebook.com\/AS.Golf.Kempferhof\">Association Sportive du Golf &lsquo;Le Kempferhof&rsquo;<\/a><\/p>\n\n\n\n<p>D\u00e9parts comp\u00e9titions<br>R\u00e9sultats comp\u00e9titions<\/p>\n<\/div>\n\n\n\n<div class=\"wp-block-column is-layout-flow wp-block-column-is-layout-flow\">\n<h3 class=\"wp-block-heading\">Le club<\/h3>\n\n\n\n<p>1 parcours 18 Trous<br>1 practice couvert<br>1 restaurant<br>1 h\u00f4tel<br>Directeur : Arnaud ABBAS<br><a href=\"mailto:contact@kempferhof.fr\">contact@kempferhof.fr<\/a><br><a rel=\"noreferrer noopener\" href=\"http:\/\/www.kempferhof.fr\" target=\"_blank\">www.kempferhof.fr<\/a><br>Facebook : <a href=\"https:\/\/www.facebook.com\/LeKempferhof\/\">Golf du Kempferhof<\/a><br>03 88 98 72 72<\/p>\n<\/div>\n<\/div>\n\n\n\n<figure class=\"wp-block-gallery has-nested-images columns-default is-cropped wp-block-gallery-1 is-layout-flex wp-block-gallery-is-layout-flex\">\n<figure class=\"wp-block-image size-large\"><img loading=\"lazy\" decoding=\"async\" width=\"1600\" height=\"1067\" data-id=\"37455\" src=\"https:\/\/ligue-golfgrandest.org\/wp-content\/uploads\/2022\/01\/05-KEMPF-10.jpg\" alt=\"\" class=\"wp-image-37455\" srcset=\"https:\/\/ligue-golfgrandest.org\/wp-content\/uploads\/2022\/01\/05-KEMPF-10.jpg 1600w, https:\/\/ligue-golfgrandest.org\/wp-content\/uploads\/2022\/01\/05-KEMPF-10-450x300.jpg 450w, https:\/\/ligue-golfgrandest.org\/wp-content\/uploads\/2022\/01\/05-KEMPF-10-300x200.jpg 300w, https:\/\/ligue-golfgrandest.org\/wp-content\/uploads\/2022\/01\/05-KEMPF-10-768x512.jpg 768w, https:\/\/ligue-golfgrandest.org\/wp-content\/uploads\/2022\/01\/05-KEMPF-10-1536x1024.jpg 1536w, https:\/\/ligue-golfgrandest.org\/wp-content\/uploads\/2022\/01\/05-KEMPF-10-272x182.jpg 272w\" sizes=\"auto, (max-width: 1600px) 100vw, 1600px\" \/><\/figure>\n\n\n\n<figure class=\"wp-block-image size-large\"><img loading=\"lazy\" decoding=\"async\" width=\"1600\" height=\"1067\" data-id=\"37456\" src=\"https:\/\/ligue-golfgrandest.org\/wp-content\/uploads\/2022\/01\/05-KEMPF-11.jpg\" alt=\"\" class=\"wp-image-37456\" srcset=\"https:\/\/ligue-golfgrandest.org\/wp-content\/uploads\/2022\/01\/05-KEMPF-11.jpg 1600w, https:\/\/ligue-golfgrandest.org\/wp-content\/uploads\/2022\/01\/05-KEMPF-11-450x300.jpg 450w, https:\/\/ligue-golfgrandest.org\/wp-content\/uploads\/2022\/01\/05-KEMPF-11-300x200.jpg 300w, https:\/\/ligue-golfgrandest.org\/wp-content\/uploads\/2022\/01\/05-KEMPF-11-768x512.jpg 768w, https:\/\/ligue-golfgrandest.org\/wp-content\/uploads\/2022\/01\/05-KEMPF-11-1536x1024.jpg 1536w, https:\/\/ligue-golfgrandest.org\/wp-content\/uploads\/2022\/01\/05-KEMPF-11-272x182.jpg 272w\" sizes=\"auto, (max-width: 1600px) 100vw, 1600px\" \/><\/figure>\n\n\n\n<figure class=\"wp-block-image size-large\"><img loading=\"lazy\" decoding=\"async\" width=\"1600\" height=\"1067\" data-id=\"37457\" src=\"https:\/\/ligue-golfgrandest.org\/wp-content\/uploads\/2022\/01\/05-KEMPF-12.jpg\" alt=\"\" class=\"wp-image-37457\" srcset=\"https:\/\/ligue-golfgrandest.org\/wp-content\/uploads\/2022\/01\/05-KEMPF-12.jpg 1600w, https:\/\/ligue-golfgrandest.org\/wp-content\/uploads\/2022\/01\/05-KEMPF-12-450x300.jpg 450w, https:\/\/ligue-golfgrandest.org\/wp-content\/uploads\/2022\/01\/05-KEMPF-12-300x200.jpg 300w, https:\/\/ligue-golfgrandest.org\/wp-content\/uploads\/2022\/01\/05-KEMPF-12-768x512.jpg 768w, https:\/\/ligue-golfgrandest.org\/wp-content\/uploads\/2022\/01\/05-KEMPF-12-1536x1024.jpg 1536w, https:\/\/ligue-golfgrandest.org\/wp-content\/uploads\/2022\/01\/05-KEMPF-12-272x182.jpg 272w\" sizes=\"auto, (max-width: 1600px) 100vw, 1600px\" \/><\/figure>\n<\/figure>\n\n\n\n<iframe src=\"https:\/\/www.google.com\/maps\/embed?pb=!1m18!1m12!1m3!1d68154.3296279873!2d7.697603968549586!3d48.47691411948326!2m3!1f0!2f0!3f0!3m2!1i1024!2i768!4f13.1!3m3!1m2!1s0x4796cb323d7b6507%3A0x1f909ced4b83c13a!2sLe%20Kempferhof!5e0!3m2!1sfr!2sfr!4v1642598893246!5m2!1sfr!2sfr\" width=\"100%\" height=\"450\" style=\"border:0;\" allowfullscreen=\"\" loading=\"lazy\"><\/iframe>\n","protected":false},"excerpt":{"rendered":"<p>Asso. Sportive 351, rue du Moulin67115 PLOBSHEIMPr\u00e9sidente AS : Elisabeth BINDSCHEDLERe.bindschedler@hotmail.frwww.as-kempferhof.comFacebook : Association Sportive du Golf &lsquo;Le Kempferhof&rsquo; D\u00e9parts comp\u00e9titionsR\u00e9sultats comp\u00e9titions Le club 1 parcours 18 Trous1 practice couvert1 restaurant1 h\u00f4telDirecteur : Arnaud ABBAScontact@kempferhof.frwww.kempferhof.frFacebook : Golf du Kempferhof03 88 98 72 72<\/p>\n","protected":false},"author":3,"featured_media":0,"parent":135,"menu_order":5,"comment_status":"closed","ping_status":"closed","template":"page-templates\/page-full-width.php","meta":{"footnotes":""},"class_list":["post-415","page","type-page","status-publish","hentry"],"_links":{"self":[{"href":"https:\/\/ligue-golfgrandest.org\/index.php\/wp-json\/wp\/v2\/pages\/415","targetHints":{"allow":["GET"]}}],"collection":[{"href":"https:\/\/ligue-golfgrandest.org\/index.php\/wp-json\/wp\/v2\/pages"}],"about":[{"href":"https:\/\/ligue-golfgrandest.org\/index.php\/wp-json\/wp\/v2\/types\/page"}],"author":[{"embeddable":true,"href":"https:\/\/ligue-golfgrandest.org\/index.php\/wp-json\/wp\/v2\/users\/3"}],"replies":[{"embeddable":true,"href":"https:\/\/ligue-golfgrandest.org\/index.php\/wp-json\/wp\/v2\/comments?post=415"}],"version-history":[{"count":0,"href":"https:\/\/ligue-golfgrandest.org\/index.php\/wp-json\/wp\/v2\/pages\/415\/revisions"}],"up":[{"embeddable":true,"href":"https:\/\/ligue-golfgrandest.org\/index.php\/wp-json\/wp\/v2\/pages\/135"}],"wp:attachment":[{"href":"https:\/\/ligue-golfgrandest.org\/index.php\/wp-json\/wp\/v2\/media?parent=415"}],"curies":[{"name":"wp","href":"https:\/\/api.w.org\/{rel}","templated":true}]}}