{"id":37517,"date":"2022-01-20T11:40:02","date_gmt":"2022-01-20T10:40:02","guid":{"rendered":"https:\/\/ligue-golfgrandest.org\/?page_id=37517"},"modified":"2026-02-23T16:28:06","modified_gmt":"2026-02-23T15:28:06","slug":"messieurs-veterans-competitions-federales","status":"publish","type":"page","link":"https:\/\/ligue-golfgrandest.org\/index.php\/competitions\/messieurs-veterans-competitions-federales\/","title":{"rendered":"MESSIEURS SENIORS 2-3 | COMPETITIONS FEDERALES"},"content":{"rendered":"\n<p class=\"has-vivid-cyan-blue-color has-text-color\">Messieurs Seniors 2 : Joueurs de plus de 60 ans jusqu&rsquo;\u00e0 69 ans la veille de l\u2019\u00e9preuve.<\/p>\n\n\n\n<h2 class=\"wp-block-heading\">CHAMPIONNAT DE FRANCE SENIORS 2 MESSIEURS PAR EQUIPE<\/h2>\n\n\n\n<p><strong>PREMIERE DIVISION <\/strong><\/p>\n\n\n\n<p>13-17 mai 2026 | Golf de Sabl\u00e9 Solesmes<\/p>\n\n\n\n<p>Les \u00e9quipes du Grand Est engag\u00e9es :<br><strong>BOULEAUX<\/strong><br><strong>RHIN<\/strong><br><strong>STRASBOURG<\/strong><\/p>\n\n\n\n<p>Infos et r\u00e9sultats\u00a0|<\/p>\n\n\n\n<hr class=\"wp-block-separator has-alpha-channel-opacity\"\/>\n\n\n\n<h2 class=\"wp-block-heading\">CHAMPIONNAT DE FRANCE SENIORS 2 MESSIEURS PAR EQUIPE<\/h2>\n\n\n\n<p><strong>DEUXIEME DIVISION POULE A <\/strong><\/p>\n\n\n\n<p>14-17 mai 2026 | Golf de Dieppe<\/p>\n\n\n\n<p>L&rsquo;\u00e9quipe du Grand Est engag\u00e9e :<br><strong>METZ TECHNOP\u00d4LE<\/strong><\/p>\n\n\n\n<p>Infos et r\u00e9sultats\u00a0|<\/p>\n\n\n\n<hr class=\"wp-block-separator has-alpha-channel-opacity\"\/>\n\n\n\n<h2 class=\"wp-block-heading\">CHAMPIONNAT DE FRANCE SENIORS 2 MESSIEURS PAR EQUIPE<\/h2>\n\n\n\n<p><strong>TROISIEME DIVISION POULE A <\/strong><\/p>\n\n\n\n<p>15-17 mai 2026 | Golf de Prunevelle<\/p>\n\n\n\n<p>Les \u00e9quipes du Grand Est engag\u00e9es :<br><strong>COMBLES-EN-BARROIS<\/strong><br><strong>\u00c9PINAL<\/strong><br><strong>NANCY PULNOY<\/strong><br><strong>LA WANTZENAU<\/strong><\/p>\n\n\n\n<p>Infos et r\u00e9sultats\u00a0|<\/p>\n\n\n\n<hr class=\"wp-block-separator has-alpha-channel-opacity\"\/>\n\n\n\n<h2 class=\"wp-block-heading\">CHAMPIONNAT DE FRANCE SENIORS 2 MESSIEURS  PAR EQUIPE<\/h2>\n\n\n\n<p><strong>PROMOTION NATIONALE<\/strong><\/p>\n\n\n\n<p>15-17 mai 2026 |<\/p>\n\n\n\n<p>Promotion A : Golf de Nantes Erdre | Promotion B : Golf de Ch\u00e2lons-en-Champagne<\/p>\n\n\n\n<p>Les \u00e9quipes du Grand Est engag\u00e9es :<br><strong>Extranet \u2013 Inscription des Clubs avant le 15\/04<\/strong><br><strong>Extranet \u2013 Inscription des \u00c9quipiers avant le 06\/05<\/strong><\/p>\n\n\n\n<hr class=\"wp-block-separator has-alpha-channel-opacity\"\/>\n\n\n\n<p class=\"has-vivid-cyan-blue-color has-text-color\">Messieurs Seniors 3  : Joueurs de 70 ans et plus la veille de l&rsquo;\u00e9preuve.<\/p>\n\n\n\n<h2 class=\"wp-block-heading\">CHAMPIONNAT DE FRANCE SENIORS 3 MESSIEURS PAR EQUIPE<\/h2>\n\n\n\n<p><strong>PREMIERE DIVISION<\/strong><\/p>\n\n\n\n<p>9-13 juin 2026 | Golf d&rsquo;Albi<\/p>\n\n\n\n<p>L&rsquo;\u00e9quipe du Grand Est engag\u00e9e :<br><strong>RHIN<\/strong><\/p>\n\n\n\n<p>Infos et r\u00e9sultats |<\/p>\n\n\n\n<hr class=\"wp-block-separator has-alpha-channel-opacity\"\/>\n\n\n\n<h2 class=\"wp-block-heading\">CHAMPIONNAT DE FRANCE SENIORS 3 MESSIEURS PAR EQUIPE<\/h2>\n\n\n\n<p><strong>DEUXIEME DIVISION<\/strong><\/p>\n\n\n\n<p>10-12 juin 2026 | Golf de Guerande<\/p>\n\n\n\n<p>Les \u00e9quipes du Grand Est engag\u00e9es :<br><strong>NANCY PULNOY<\/strong><br><strong>STRASBOURG<\/strong><\/p>\n\n\n\n<p>Infos et r\u00e9sultats |<\/p>\n\n\n\n<hr class=\"wp-block-separator has-alpha-channel-opacity\"\/>\n\n\n\n<h2 class=\"wp-block-heading\">CHAMPIONNAT DE FRANCE SENIORS 3 MESSIEURS PAR EQUIPE<\/h2>\n\n\n\n<p><strong>PROMOTION NATIONALE<\/strong><\/p>\n\n\n\n<p>10-12 juin 2026 |<\/p>\n\n\n\n<p>Promotion A : Golf de Nivernais | Promotion B : Golf de Haute Auvergne<\/p>\n\n\n\n<p>Les \u00e9quipes du Grand Est engag\u00e9es :<br><strong>Extranet \u2013 Inscription des Clubs avant le 10\/0<\/strong>5<br><strong>Extranet \u2013 Inscription des \u00c9quipiers avant le 01\/06<\/strong><\/p>\n\n\n\n<p>Infos et r\u00e9sultats |<\/p>\n\n\n\n<hr class=\"wp-block-separator has-alpha-channel-opacity\"\/>\n","protected":false},"excerpt":{"rendered":"<p>Messieurs Seniors 2 : Joueurs de plus de 60 ans jusqu&rsquo;\u00e0 69 ans la veille de l\u2019\u00e9preuve. CHAMPIONNAT DE FRANCE SENIORS 2 MESSIEURS PAR EQUIPE PREMIERE DIVISION 13-17 mai 2026 | Golf de Sabl\u00e9 Solesmes Les \u00e9quipes du Grand Est engag\u00e9es :BOULEAUXRHINSTRASBOURG Infos et r\u00e9sultats\u00a0| CHAMPIONNAT DE FRANCE SENIORS 2 MESSIEURS PAR EQUIPE DEUXIEME DIVISION [&hellip;]<\/p>\n","protected":false},"author":3,"featured_media":0,"parent":77,"menu_order":0,"comment_status":"closed","ping_status":"closed","template":"page-templates\/page-full-width.php","meta":{"footnotes":""},"class_list":["post-37517","page","type-page","status-publish","hentry"],"_links":{"self":[{"href":"https:\/\/ligue-golfgrandest.org\/index.php\/wp-json\/wp\/v2\/pages\/37517","targetHints":{"allow":["GET"]}}],"collection":[{"href":"https:\/\/ligue-golfgrandest.org\/index.php\/wp-json\/wp\/v2\/pages"}],"about":[{"href":"https:\/\/ligue-golfgrandest.org\/index.php\/wp-json\/wp\/v2\/types\/page"}],"author":[{"embeddable":true,"href":"https:\/\/ligue-golfgrandest.org\/index.php\/wp-json\/wp\/v2\/users\/3"}],"replies":[{"embeddable":true,"href":"https:\/\/ligue-golfgrandest.org\/index.php\/wp-json\/wp\/v2\/comments?post=37517"}],"version-history":[{"count":7,"href":"https:\/\/ligue-golfgrandest.org\/index.php\/wp-json\/wp\/v2\/pages\/37517\/revisions"}],"predecessor-version":[{"id":61754,"href":"https:\/\/ligue-golfgrandest.org\/index.php\/wp-json\/wp\/v2\/pages\/37517\/revisions\/61754"}],"up":[{"embeddable":true,"href":"https:\/\/ligue-golfgrandest.org\/index.php\/wp-json\/wp\/v2\/pages\/77"}],"wp:attachment":[{"href":"https:\/\/ligue-golfgrandest.org\/index.php\/wp-json\/wp\/v2\/media?parent=37517"}],"curies":[{"name":"wp","href":"https:\/\/api.w.org\/{rel}","templated":true}]}}