{"id":37180,"date":"2022-01-17T16:50:53","date_gmt":"2022-01-17T15:50:53","guid":{"rendered":"https:\/\/ligue-golfgrandest.org\/?page_id=37180"},"modified":"2025-08-21T10:31:34","modified_gmt":"2025-08-21T08:31:34","slug":"animateur-sportif-benevole-de-club-asbc","status":"publish","type":"page","link":"https:\/\/ligue-golfgrandest.org\/index.php\/la-ligue\/animateur-sportif-benevole-de-club-asbc\/","title":{"rendered":"ANIMATEUR SPORTIF B\u00c9N\u00c9VOLE DE CLUB | ASBC"},"content":{"rendered":"\n<p>L\u2019Animateur Sportif B\u00e9n\u00e9vole de Club, participe \u00e0 la mise en oeuvre de la pratique des jeunes en s\u00e9curit\u00e9 physique et morale, anime les situations de jeu, les ateliers d\u2019entra\u00eenement et d\u2019\u00e9valuation aux tests f\u00e9d\u00e9raux utilis\u00e9s dans le Club (Drapeaux, Opens, animations sportives), accompagne les jeunes en d\u00e9placement, organise et encadre des \u00e9preuves pour jeunes.<\/p>\n\n\n\n<p><strong>Toutes les informations sur l&rsquo;animateur sportif b\u00e9n\u00e9vole de club<a href=\"https:\/\/www.ffgolf.org\/emploi-et-formation\/benevoles-sportifs\/animateur-sportif-benevole-de-club\"> ICI<\/a><\/strong><\/p>\n\n\n\n<p><strong>Organisation d&rsquo;une formation ASBC par la Ligue en<\/strong> <strong>2025.<\/strong><\/p>\n\n\n\n<p>&#8211; Une partie Th\u00e9orique organis\u00e9e en Visio-conf\u00e9rence sur plusieurs cr\u00e9neaux d\u20191h \u00e0 2h (6\/8h environ) courant janvier.<br>&#8211; Une partie Pratique (drapeaux et animation) : sur une journ\u00e9e compl\u00e8te de formation, le 5 avril 2025, au Golf de Ch\u00e9risey (intervenant Ariane PROVOT) et au Golf de Mourmelon (intervenant Nicolas Songy).<\/p>\n\n\n\n<p><strong>Organisation d&rsquo;une formation ASBC par la Ligue en<\/strong> <strong>2023<\/strong>.<\/p>\n\n\n\n<p>&#8211; Une partie Th\u00e9orique organis\u00e9e en Visio-conf\u00e9rence  sur plusieurs cr\u00e9neaux d\u20191h \u00e0 2h (8h environ) courant mars\/avril.<br>&#8211; Une partie Pratique (drapeaux et animation) : sur une journ\u00e9e compl\u00e8te de formation, le 15 avril 2023,  au Golf de Soufflenheim (intervenant Olivier Sabourin) et au Golf de Combles-en-Barrois (intervenant Nicolas Songy).<\/p>\n\n\n\n<p><strong>Organisation d&rsquo;une formation ASBC par la Ligue en 2021.<\/strong><\/p>\n\n\n\n<p>&#8211; Une partie Th\u00e9orique organis\u00e9e en Visio-conf\u00e9rence en mars et avril<br>&#8211; Une partie Pratique (mise en pratique d&rsquo;une animation et du passage des drapeaux) : avec 1 journ\u00e9e pr\u00e9vue le 22 mai, au Golf de Soufflenheim avec Mark Denley et au Golf de Combles-en-Barrois avec Nicolas Songy.<\/p>\n\n\n\n<p>&gt; <strong><a href=\"https:\/\/ligue-golfgrandest.org\/wp-content\/uploads\/2020\/11\/Parcours-ASBC.pdf\">Exemples de parcours de formation de b\u00e9n\u00e9voles d&rsquo;\u00e9cole de golf<\/a> |<\/strong><\/p>\n\n\n\n<p id=\"block-31810cdf-cddd-4fd3-abd7-dfeee6fdc083\"><\/p>\n\n\n\n<figure class=\"wp-block-gallery has-nested-images columns-default is-cropped wp-block-gallery-1 is-layout-flex wp-block-gallery-is-layout-flex\">\n<figure class=\"wp-block-image size-full\"><a href=\"https:\/\/ligue-golfgrandest.org\/wp-content\/uploads\/2021\/06\/188985629_10158491529731387_3279522857159463473_n.jpg\"><img loading=\"lazy\" decoding=\"async\" width=\"960\" height=\"720\" data-id=\"32839\" src=\"https:\/\/ligue-golfgrandest.org\/wp-content\/uploads\/2021\/06\/188985629_10158491529731387_3279522857159463473_n.jpg\" alt=\"\" class=\"wp-image-32839\" srcset=\"https:\/\/ligue-golfgrandest.org\/wp-content\/uploads\/2021\/06\/188985629_10158491529731387_3279522857159463473_n.jpg 960w, https:\/\/ligue-golfgrandest.org\/wp-content\/uploads\/2021\/06\/188985629_10158491529731387_3279522857159463473_n-400x300.jpg 400w, https:\/\/ligue-golfgrandest.org\/wp-content\/uploads\/2021\/06\/188985629_10158491529731387_3279522857159463473_n-768x576.jpg 768w\" sizes=\"auto, (max-width: 960px) 100vw, 960px\" \/><\/a><\/figure>\n\n\n\n<figure class=\"wp-block-image size-full\"><a href=\"https:\/\/ligue-golfgrandest.org\/wp-content\/uploads\/2021\/06\/188614010_10158491529641387_5707931781105614423_n.jpg\"><img loading=\"lazy\" decoding=\"async\" width=\"960\" height=\"720\" data-id=\"32838\" src=\"https:\/\/ligue-golfgrandest.org\/wp-content\/uploads\/2021\/06\/188614010_10158491529641387_5707931781105614423_n.jpg\" alt=\"\" class=\"wp-image-32838\" srcset=\"https:\/\/ligue-golfgrandest.org\/wp-content\/uploads\/2021\/06\/188614010_10158491529641387_5707931781105614423_n.jpg 960w, https:\/\/ligue-golfgrandest.org\/wp-content\/uploads\/2021\/06\/188614010_10158491529641387_5707931781105614423_n-400x300.jpg 400w, https:\/\/ligue-golfgrandest.org\/wp-content\/uploads\/2021\/06\/188614010_10158491529641387_5707931781105614423_n-768x576.jpg 768w\" sizes=\"auto, (max-width: 960px) 100vw, 960px\" \/><\/a><\/figure>\n\n\n\n<figure class=\"wp-block-image size-full\"><a href=\"https:\/\/ligue-golfgrandest.org\/wp-content\/uploads\/2021\/06\/188608880_10158491529491387_3123986229754735950_n.jpg\"><img loading=\"lazy\" decoding=\"async\" width=\"960\" height=\"720\" data-id=\"32837\" src=\"https:\/\/ligue-golfgrandest.org\/wp-content\/uploads\/2021\/06\/188608880_10158491529491387_3123986229754735950_n.jpg\" alt=\"\" class=\"wp-image-32837\" srcset=\"https:\/\/ligue-golfgrandest.org\/wp-content\/uploads\/2021\/06\/188608880_10158491529491387_3123986229754735950_n.jpg 960w, https:\/\/ligue-golfgrandest.org\/wp-content\/uploads\/2021\/06\/188608880_10158491529491387_3123986229754735950_n-400x300.jpg 400w, https:\/\/ligue-golfgrandest.org\/wp-content\/uploads\/2021\/06\/188608880_10158491529491387_3123986229754735950_n-768x576.jpg 768w\" sizes=\"auto, (max-width: 960px) 100vw, 960px\" \/><\/a><\/figure>\n\n\n\n<figure class=\"wp-block-image size-full\"><a href=\"https:\/\/ligue-golfgrandest.org\/wp-content\/uploads\/2021\/06\/188384414_10158491529346387_5866437245953241907_n.jpg\"><img loading=\"lazy\" decoding=\"async\" width=\"960\" height=\"720\" data-id=\"32836\" src=\"https:\/\/ligue-golfgrandest.org\/wp-content\/uploads\/2021\/06\/188384414_10158491529346387_5866437245953241907_n.jpg\" alt=\"\" class=\"wp-image-32836\" srcset=\"https:\/\/ligue-golfgrandest.org\/wp-content\/uploads\/2021\/06\/188384414_10158491529346387_5866437245953241907_n.jpg 960w, https:\/\/ligue-golfgrandest.org\/wp-content\/uploads\/2021\/06\/188384414_10158491529346387_5866437245953241907_n-400x300.jpg 400w, https:\/\/ligue-golfgrandest.org\/wp-content\/uploads\/2021\/06\/188384414_10158491529346387_5866437245953241907_n-768x576.jpg 768w\" sizes=\"auto, (max-width: 960px) 100vw, 960px\" \/><\/a><\/figure>\n\n\n\n<figure class=\"wp-block-image size-full\"><a href=\"https:\/\/ligue-golfgrandest.org\/wp-content\/uploads\/2021\/06\/187955359_1410133489348316_1470859239573798761_n.jpg\"><img loading=\"lazy\" decoding=\"async\" width=\"960\" height=\"720\" data-id=\"32842\" src=\"https:\/\/ligue-golfgrandest.org\/wp-content\/uploads\/2021\/06\/187955359_1410133489348316_1470859239573798761_n.jpg\" alt=\"\" class=\"wp-image-32842\" srcset=\"https:\/\/ligue-golfgrandest.org\/wp-content\/uploads\/2021\/06\/187955359_1410133489348316_1470859239573798761_n.jpg 960w, https:\/\/ligue-golfgrandest.org\/wp-content\/uploads\/2021\/06\/187955359_1410133489348316_1470859239573798761_n-400x300.jpg 400w, https:\/\/ligue-golfgrandest.org\/wp-content\/uploads\/2021\/06\/187955359_1410133489348316_1470859239573798761_n-768x576.jpg 768w\" sizes=\"auto, (max-width: 960px) 100vw, 960px\" \/><\/a><\/figure>\n<\/figure>\n","protected":false},"excerpt":{"rendered":"<p>L\u2019Animateur Sportif B\u00e9n\u00e9vole de Club, participe \u00e0 la mise en oeuvre de la pratique des jeunes en s\u00e9curit\u00e9 physique et morale, anime les situations de jeu, les ateliers d\u2019entra\u00eenement et d\u2019\u00e9valuation aux tests f\u00e9d\u00e9raux utilis\u00e9s dans le Club (Drapeaux, Opens, animations sportives), accompagne les jeunes en d\u00e9placement, organise et encadre des \u00e9preuves pour jeunes. Toutes [&hellip;]<\/p>\n","protected":false},"author":3,"featured_media":0,"parent":150,"menu_order":0,"comment_status":"closed","ping_status":"closed","template":"page-templates\/page-full-width.php","meta":{"footnotes":""},"class_list":["post-37180","page","type-page","status-publish","hentry"],"_links":{"self":[{"href":"https:\/\/ligue-golfgrandest.org\/index.php\/wp-json\/wp\/v2\/pages\/37180","targetHints":{"allow":["GET"]}}],"collection":[{"href":"https:\/\/ligue-golfgrandest.org\/index.php\/wp-json\/wp\/v2\/pages"}],"about":[{"href":"https:\/\/ligue-golfgrandest.org\/index.php\/wp-json\/wp\/v2\/types\/page"}],"author":[{"embeddable":true,"href":"https:\/\/ligue-golfgrandest.org\/index.php\/wp-json\/wp\/v2\/users\/3"}],"replies":[{"embeddable":true,"href":"https:\/\/ligue-golfgrandest.org\/index.php\/wp-json\/wp\/v2\/comments?post=37180"}],"version-history":[{"count":1,"href":"https:\/\/ligue-golfgrandest.org\/index.php\/wp-json\/wp\/v2\/pages\/37180\/revisions"}],"predecessor-version":[{"id":60309,"href":"https:\/\/ligue-golfgrandest.org\/index.php\/wp-json\/wp\/v2\/pages\/37180\/revisions\/60309"}],"up":[{"embeddable":true,"href":"https:\/\/ligue-golfgrandest.org\/index.php\/wp-json\/wp\/v2\/pages\/150"}],"wp:attachment":[{"href":"https:\/\/ligue-golfgrandest.org\/index.php\/wp-json\/wp\/v2\/media?parent=37180"}],"curies":[{"name":"wp","href":"https:\/\/api.w.org\/{rel}","templated":true}]}}