{"id":37178,"date":"2022-01-17T16:48:26","date_gmt":"2022-01-17T15:48:26","guid":{"rendered":"https:\/\/ligue-golfgrandest.org\/?page_id=37178"},"modified":"2025-01-21T13:35:10","modified_gmt":"2025-01-21T12:35:10","slug":"organisateurs-depreuve-oeb","status":"publish","type":"page","link":"https:\/\/ligue-golfgrandest.org\/index.php\/la-ligue\/organisateurs-depreuve-oeb\/","title":{"rendered":"ORGANISATEUR B\u00c9N\u00c9VOLE D&rsquo;\u00c9PREUVE DE CLUB | OBEC"},"content":{"rendered":"\n<p><a href=\"https:\/\/ligue-golfgrandest.org\/wp-content\/uploads\/2025\/01\/OBEC-LGE-2025-08.12.2024.pdf\">LISTE DES ORGANISATEURS D&rsquo;EPREUVE DE CLUB 2025<\/a>\u00a0|<\/p>\n\n\n\n<p>Si vous souhaitez vous investir dans la vie sportive de votre club, des formations sont disponibles au sein de chaque ligue afin de vous permettre d\u2019exercer vos fonctions de b\u00e9n\u00e9voles sportifs dans le respect des r\u00e8gles de s\u00e9curit\u00e9 et des r\u00e8gles du golf. Ces formations sont gratuites et s\u2019adressent aux personnes licenci\u00e9es aupr\u00e8s de la ffgolf. Pour y participez, adressez vous \u00e0 La ligue.<\/p>\n\n\n\n<p><strong>L&rsquo;Organisateur B\u00e9n\u00e9vole d\u2019Epreuves de Club (OBEC)<\/strong> a vocation \u00e0 exercer ses fonctions lors des comp\u00e9titions de Club, voire de Ligue, organis\u00e9es dans son propre Club. Il peut \u00eatre appel\u00e9 \u00e0 assister les Arbitres de Ligue et F\u00e9d\u00e9raux pour la pr\u00e9paration des \u00e9preuves f\u00e9d\u00e9rales. L\u2019OBEC peut aussi bien \u00eatre un b\u00e9n\u00e9vole qu\u2019un salari\u00e9 de Club. Il doit ma\u00eetriser parfaitement tous les aspects administratifs et r\u00e9glementaires d\u2019une comp\u00e9tition \u00ab standard \u00bb. Il n\u2019est pas un arbitre.<br>Les principales t\u00e2ches qui incombent \u00e0 un OBEC sont les suivantes :<\/p>\n\n\n\n<p><strong>Avant la comp\u00e9tition<\/strong> : utilisation du logiciel f\u00e9d\u00e9ral de gestion des comp\u00e9titions avec la cr\u00e9ation et les param\u00e9trages de la comp\u00e9tition, l\u2019inscription des joueurs, la gestion des d\u00e9parts ; mise en place des dispositifs de s\u00e9curit\u00e9 : d\u00e9claration de la comp\u00e9tition aux autorit\u00e9s comp\u00e9tentes ; r\u00e9alisation et affichage du tableau officiel avec les informations r\u00e9glementaires sur le Comit\u00e9 de l\u2019\u00e9preuve, les r\u00e8gles locales de l\u2019\u00e9preuve, le plan d\u2019\u00e9vacuation, l\u2019heure officielle\u2026 et tous les \u00e9l\u00e9ments indispensables \u00e0 son bon d\u00e9roulement.<br>En cas d\u2019\u00e9preuves f\u00e9d\u00e9rales la r\u00e9daction des R\u00e8gles Locales est du ressort de l\u2019Arbitre Directeur du Tournoi ; la pr\u00e9paration du marquage du terrain en cas d\u2019\u00e9preuves f\u00e9d\u00e9rales le marquage sera effectu\u00e9 par l\u2019Arbitre Directeur du Tournoi ; la pr\u00e9servation des zones sensibles : greens et d\u00e9parts doit \u00eatre faite sur indication de l\u2019Arbitre Directeur du Tournoi ; les actions dans ce domaine devront \u00eatre men\u00e9es en concertation \u00e9troite avec les responsables du terrain.<\/p>\n\n\n\n<p><strong>Pendant la comp\u00e9tition<\/strong> : gestion et logistique du starter et du Recording ; gestion des cadences de jeu en coordination avec les arbitres pour les \u00e9preuves f\u00e9d\u00e9rales ; utilisation d\u2019un talkie-walkie et conduite d\u2019une voiturette ; mise en place de la remise des prix ; participation au Comit\u00e9 de l\u2019Epreuve ; respect des r\u00e8gles de s\u00e9curit\u00e9 : gestion du public, contr\u00f4le et suivi m\u00e9t\u00e9o, utilisation des signaux d\u2019arr\u00eat de jeu ; positionnement des commissaires ; utilisation du logiciel f\u00e9d\u00e9ral de gestion des comp\u00e9titions (RMS) pour l\u2019enregistrement des scores et la publication des r\u00e9sultats sur papier.<\/p>\n\n\n\n<p><strong>Apr\u00e8s la comp\u00e9tition<\/strong> : publication des r\u00e9sultats sur le Web du club ; envoi des r\u00e9sultats \u00e0 Fl\u00e9ole \u2013 site informatique de la ffgolf.<\/p>\n\n\n\n<p>Consultez  : <\/p>\n\n\n\n<p>&gt;<a href=\"https:\/\/www.ffgolf.org\/emploi-et-formation\/benevoles-sportifs\/organisateur-benevole-d-epreuves-de-club\" data-type=\"link\" data-id=\"https:\/\/www.ffgolf.org\/emploi-et-formation\/benevoles-sportifs\/organisateur-benevole-d-epreuves-de-club\">Les missions d&rsquo;un Organisateur B\u00e9n\u00e9vole d&rsquo;Epreuve de Club<\/a><\/p>\n\n\n\n<p class=\"has-vivid-red-color has-text-color\">&gt; <a href=\"https:\/\/ligue-golfgrandest.org\/wp-content\/uploads\/2023\/10\/AFFICHE_v7-scaled.jpg\" data-type=\"link\" data-id=\"https:\/\/ligue-golfgrandest.org\/wp-content\/uploads\/2023\/10\/AFFICHE_v7-scaled.jpg\"><strong>Inscription \u00e0 la prochaine formation O.B.E.C (et O.S.E.C.) organis\u00e9e par la Ligue en 2024<\/strong><\/a> | Date limite d&rsquo;inscription le 15 d\u00e9cembre 2023<\/p>\n\n\n\n<p>Nous vous rappelons la <strong><u>n\u00e9cessit\u00e9<\/u> pour les clubs de la Ligue d\u2019avoir <u>au minimum un O.B.E.C ou O.S.E.C<\/u> actif ou en formation, s\u2019ils souhaitent accueillir des \u00e9preuves (R\u00e9gionale ou F\u00e9d\u00e9rale).<\/strong><\/p>\n\n\n\n<figure class=\"wp-block-gallery has-nested-images columns-default is-cropped wp-block-gallery-1 is-layout-flex wp-block-gallery-is-layout-flex\">\n<figure class=\"wp-block-image size-large\"><a href=\"https:\/\/ligue-golfgrandest.org\/wp-content\/uploads\/2023\/10\/AFFICHE_v9-scaled.jpg\"><img loading=\"lazy\" decoding=\"async\" width=\"849\" height=\"1200\" data-id=\"51524\" src=\"https:\/\/ligue-golfgrandest.org\/wp-content\/uploads\/2023\/10\/AFFICHE_v9-849x1200.jpg\" alt=\"\" class=\"wp-image-51524\" srcset=\"https:\/\/ligue-golfgrandest.org\/wp-content\/uploads\/2023\/10\/AFFICHE_v9-849x1200.jpg 849w, https:\/\/ligue-golfgrandest.org\/wp-content\/uploads\/2023\/10\/AFFICHE_v9-212x300.jpg 212w, https:\/\/ligue-golfgrandest.org\/wp-content\/uploads\/2023\/10\/AFFICHE_v9-768x1086.jpg 768w, https:\/\/ligue-golfgrandest.org\/wp-content\/uploads\/2023\/10\/AFFICHE_v9-1086x1536.jpg 1086w, https:\/\/ligue-golfgrandest.org\/wp-content\/uploads\/2023\/10\/AFFICHE_v9-1448x2048.jpg 1448w, https:\/\/ligue-golfgrandest.org\/wp-content\/uploads\/2023\/10\/AFFICHE_v9-scaled.jpg 1810w\" sizes=\"auto, (max-width: 849px) 100vw, 849px\" \/><\/a><\/figure>\n\n\n\n<figure class=\"wp-block-image size-large\"><img loading=\"lazy\" decoding=\"async\" width=\"200\" height=\"300\" data-id=\"46415\" src=\"https:\/\/ligue-golfgrandest.org\/wp-content\/uploads\/2023\/03\/vide.jpg\" alt=\"\" class=\"wp-image-46415\"\/><\/figure>\n\n\n\n<figure class=\"wp-block-image size-large\"><img loading=\"lazy\" decoding=\"async\" width=\"150\" height=\"200\" data-id=\"25216\" src=\"https:\/\/ligue-golfgrandest.org\/wp-content\/uploads\/2020\/03\/vide.jpg\" alt=\"\" class=\"wp-image-25216\"\/><\/figure>\n<\/figure>\n","protected":false},"excerpt":{"rendered":"<p>LISTE DES ORGANISATEURS D&rsquo;EPREUVE DE CLUB 2025\u00a0| Si vous souhaitez vous investir dans la vie sportive de votre club, des formations sont disponibles au sein de chaque ligue afin de vous permettre d\u2019exercer vos fonctions de b\u00e9n\u00e9voles sportifs dans le respect des r\u00e8gles de s\u00e9curit\u00e9 et des r\u00e8gles du golf. Ces formations sont gratuites et [&hellip;]<\/p>\n","protected":false},"author":3,"featured_media":0,"parent":150,"menu_order":0,"comment_status":"closed","ping_status":"closed","template":"page-templates\/page-full-width.php","meta":{"footnotes":""},"class_list":["post-37178","page","type-page","status-publish","hentry"],"_links":{"self":[{"href":"https:\/\/ligue-golfgrandest.org\/index.php\/wp-json\/wp\/v2\/pages\/37178","targetHints":{"allow":["GET"]}}],"collection":[{"href":"https:\/\/ligue-golfgrandest.org\/index.php\/wp-json\/wp\/v2\/pages"}],"about":[{"href":"https:\/\/ligue-golfgrandest.org\/index.php\/wp-json\/wp\/v2\/types\/page"}],"author":[{"embeddable":true,"href":"https:\/\/ligue-golfgrandest.org\/index.php\/wp-json\/wp\/v2\/users\/3"}],"replies":[{"embeddable":true,"href":"https:\/\/ligue-golfgrandest.org\/index.php\/wp-json\/wp\/v2\/comments?post=37178"}],"version-history":[{"count":0,"href":"https:\/\/ligue-golfgrandest.org\/index.php\/wp-json\/wp\/v2\/pages\/37178\/revisions"}],"up":[{"embeddable":true,"href":"https:\/\/ligue-golfgrandest.org\/index.php\/wp-json\/wp\/v2\/pages\/150"}],"wp:attachment":[{"href":"https:\/\/ligue-golfgrandest.org\/index.php\/wp-json\/wp\/v2\/media?parent=37178"}],"curies":[{"name":"wp","href":"https:\/\/api.w.org\/{rel}","templated":true}]}}