{"id":243,"date":"2017-01-23T15:40:36","date_gmt":"2017-01-23T14:40:36","guid":{"rendered":"http:\/\/ligue-golfgrandest.org\/?page_id=243"},"modified":"2026-04-16T11:58:59","modified_gmt":"2026-04-16T09:58:59","slug":"projet-sportif","status":"publish","type":"page","link":"https:\/\/ligue-golfgrandest.org\/index.php\/jeunes\/projet-sportif\/","title":{"rendered":"LA FILIERE JEUNES"},"content":{"rendered":"<div class=\"wp-block-image\">\n<figure class=\"aligncenter size-full is-resized\"><a href=\"https:\/\/ligue-golfgrandest.org\/wp-content\/uploads\/2026\/04\/Filiere-Jeunes-2026-Etapes.jpg\"><img loading=\"lazy\" decoding=\"async\" width=\"1002\" height=\"758\" src=\"https:\/\/ligue-golfgrandest.org\/wp-content\/uploads\/2026\/04\/Filiere-Jeunes-2026-Etapes.jpg\" alt=\"\" class=\"wp-image-62399\" style=\"width:590px;height:auto\" srcset=\"https:\/\/ligue-golfgrandest.org\/wp-content\/uploads\/2026\/04\/Filiere-Jeunes-2026-Etapes.jpg 1002w, https:\/\/ligue-golfgrandest.org\/wp-content\/uploads\/2026\/04\/Filiere-Jeunes-2026-Etapes-397x300.jpg 397w, https:\/\/ligue-golfgrandest.org\/wp-content\/uploads\/2026\/04\/Filiere-Jeunes-2026-Etapes-768x581.jpg 768w\" sizes=\"auto, (max-width: 1002px) 100vw, 1002px\" \/><\/a><\/figure><\/div>\n\n\n<p><\/p>\n\n\n\n<p class=\"has-white-color has-text-color has-background has-medium-font-size\" style=\"background-color:#1e2244\">GROUPES CIBLES R\u00c9GIONAUX 2026 &#8211; POLE GRAND EST<\/p>\n\n\n\n<p><strong>Les documents \u00e0 t\u00e9l\u00e9charger&nbsp;<\/strong>:<\/p>\n\n\n\n<ul class=\"wp-block-list\">\n<li><a href=\"https:\/\/ligue-golfgrandest.org\/wp-content\/uploads\/2026\/01\/PS-Grand-Est-2026-VF.pdf\">Le Projet sportif de la Ligue Grand Est 2026 et la Charte<\/a> <em>|<\/em><\/li>\n\n\n\n<li><a href=\"https:\/\/ligue-golfgrandest.org\/wp-content\/uploads\/2026\/01\/Groupe-regional-Jeunes-Grand-Est-2026-V2.pdf\">La fili\u00e8re Jeunes &#8211; Groupe cibles R\u00e9gionaux 2026<\/a> |<\/li>\n\n\n\n<li>Planning coaching de Ligue 2026 : <a href=\"https:\/\/ligue-golfgrandest.org\/wp-content\/uploads\/2026\/01\/U12-Coachings-PGE-2026.pdf\">U12<\/a> et <a href=\"https:\/\/ligue-golfgrandest.org\/wp-content\/uploads\/2026\/01\/U14-Coachings-PGE-2026.pdf\">U14<\/a> |<\/li>\n\n\n\n<li><a href=\"https:\/\/ligue-golfgrandest.org\/wp-content\/uploads\/2023\/01\/Carnet-de-check-en-competition-.pdf\">Le carnet de check en comp\u00e9tition<\/a>&nbsp;| <\/li>\n\n\n\n<li><a href=\"https:\/\/ligue-golfgrandest.org\/wp-content\/uploads\/2023\/09\/6663_Suivi_des_parties_digital.pdf\" data-type=\"link\" data-id=\"https:\/\/ligue-golfgrandest.org\/wp-content\/uploads\/2023\/09\/6663_Suivi_des_parties_digital.pdf\">Suiveur de partie en comp\u00e9tition&nbsp;: quel comportement adopter pour aider les enfants quand ils jouent sur le parcours<\/a> |<\/li>\n\n\n\n<li><a href=\"https:\/\/ligue-golfgrandest.org\/wp-content\/uploads\/2023\/09\/6800_2023_mon-enfant-joue-en-compet_entier_digital.pdf\" data-type=\"link\" data-id=\"https:\/\/ligue-golfgrandest.org\/wp-content\/uploads\/2023\/09\/6800_2023_mon-enfant-joue-en-compet_entier_digital.pdf\">Mon enfant joue au golf en comp\u00e9tition \u2013 guide des parents<\/a> |<\/li>\n\n\n\n<li><a href=\"https:\/\/ligue-golfgrandest.org\/wp-content\/uploads\/2023\/01\/ETIQUETTE-JEUNES.pdf\">L&rsquo;affichette Accompagnateurs \/ Parents \/ Sanctions <\/a>|<\/li>\n\n\n\n<li><a href=\"http:\/\/ligue-golfgrandest.org\/wp-content\/uploads\/2020\/01\/FICHE-DURGENCE-MEDICALE.pdf\">Fiche d&rsquo;urgence m\u00e9dicale<\/a> | A conserver par le jeune lors de chaque tournoi. Envoyer \u00e9galement une copie \u00e0 la Ligue.<\/li>\n\n\n\n<li><a href=\"https:\/\/ligue-golfgrandest.org\/wp-content\/uploads\/2022\/01\/Autorisation-parentale-2022.pdf\">Autorisation parentale de pr\u00e9l\u00e8vement<\/a> |&nbsp;A conserver par le jeune lors de chaque tournoi. Envoyer \u00e9galement une copie \u00e0 la Ligue.<\/li>\n\n\n\n<li><a href=\"https:\/\/ligue-golfgrandest.org\/wp-content\/uploads\/2022\/01\/AUTORISATION-DE-SORTIE-DU-TERRITOIRE_.pdf\">Autorisation de sortie du territoire (pour les jeunes qui jouent \u00e0 l&rsquo;International)<\/a> |&nbsp;A conserver par le jeune lors de chaque tournoi. Envoyer \u00e9galement une copie \u00e0 la Ligue.<\/li>\n\n\n\n<li><a href=\"https:\/\/ligue-golfgrandest.org\/wp-content\/uploads\/2022\/01\/DROIT-A-L-IMAGE-JEUNES-2022.pdf\">Droit \u00e0 l&rsquo;image <\/a>&nbsp;|<\/li>\n\n\n\n<li><a href=\"https:\/\/ligue-golfgrandest.org\/wp-content\/uploads\/2023\/01\/7401_certificat-medical-caci.pdf\">Certificat m\u00e9dica<\/a>l | <a href=\"https:\/\/ligue-golfgrandest.org\/wp-content\/uploads\/2023\/01\/5442_questionnaire-sante-adulte.pdf\">Questionnaire de sant\u00e9 pour majeurs<\/a> | <a href=\"https:\/\/ligue-golfgrandest.org\/wp-content\/uploads\/2023\/01\/10420_questionnaire-sante-mineur.pdf\">Questionnaire de sant\u00e9 pour mineurs<\/a> |<\/li>\n\n\n\n<li><a href=\"http:\/\/ligue-golfgrandest.org\/wp-content\/uploads\/2020\/01\/Le-Droit-de-Jeu-F\u00e9d\u00e9ral.pdf\">Quand faut-il s&rsquo;acquitter du Droit du Jeu F\u00e9d\u00e9ral<\/a> |<\/li>\n\n\n\n<li>Les M\u00e9mos jeunes de la ffgolf | <a href=\"https:\/\/ligue-golfgrandest.org\/wp-content\/uploads\/2026\/03\/Memo_Jeunes.1er_trimestre_2026.pdf\">1er trimestre 2026 <\/a>| <\/li>\n\n\n\n<li>Le Junior Pass ffgolf : <a href=\"https:\/\/www.ffgolf.org\/golf-amateur\/jeunes\/junior-pass-ffgolf\">les crit\u00e8res d&rsquo;\u00e9ligibilit\u00e9<\/a> | <a href=\"https:\/\/ligue-golfgrandest.org\/wp-content\/uploads\/2025\/03\/JUNIOR_PASS_FFGOLF_GRAND_EST12.pdf\">Les clubs du Grand Est partenaires en 2025<\/a> |<\/li>\n\n\n\n<li>Le tutoriel Seegolfstats : <a href=\"https:\/\/ligue-golfgrandest.org\/wp-content\/uploads\/2025\/03\/TutoSeeGolfStats-GRAND-EST.pdf\">Tuto<\/a><\/li>\n<\/ul>\n\n\n\n<div class=\"wp-block-columns is-layout-flex wp-container-core-columns-is-layout-9d6595d7 wp-block-columns-is-layout-flex\">\n<div class=\"wp-block-column is-layout-flow wp-block-column-is-layout-flow\">\n<div class=\"wp-block-columns is-layout-flex wp-container-core-columns-is-layout-9d6595d7 wp-block-columns-is-layout-flex\">\n<div class=\"wp-block-column is-layout-flow wp-block-column-is-layout-flow\">\n<figure class=\"wp-block-image size-full\"><img loading=\"lazy\" decoding=\"async\" width=\"400\" height=\"600\" src=\"https:\/\/ligue-golfgrandest.org\/wp-content\/uploads\/2026\/01\/Timothe-KIHN_600x400.jpg\" alt=\"\" class=\"wp-image-61240\" srcset=\"https:\/\/ligue-golfgrandest.org\/wp-content\/uploads\/2026\/01\/Timothe-KIHN_600x400.jpg 400w, https:\/\/ligue-golfgrandest.org\/wp-content\/uploads\/2026\/01\/Timothe-KIHN_600x400-200x300.jpg 200w\" sizes=\"auto, (max-width: 400px) 100vw, 400px\" \/><figcaption class=\"wp-element-caption\"><strong>Timoth\u00e9 KIHN<\/strong> <br>Strasbourg &#8211; Minime 1<\/figcaption><\/figure>\n<\/div>\n\n\n\n<div class=\"wp-block-column is-layout-flow wp-block-column-is-layout-flow\">\n<figure class=\"wp-block-image size-full\"><a href=\"https:\/\/ligue-golfgrandest.org\/wp-content\/uploads\/2025\/12\/BUZEA_600x400.jpg\"><img loading=\"lazy\" decoding=\"async\" width=\"400\" height=\"600\" src=\"https:\/\/ligue-golfgrandest.org\/wp-content\/uploads\/2025\/12\/BUZEA_600x400.jpg\" alt=\"\" class=\"wp-image-61176\" srcset=\"https:\/\/ligue-golfgrandest.org\/wp-content\/uploads\/2025\/12\/BUZEA_600x400.jpg 400w, https:\/\/ligue-golfgrandest.org\/wp-content\/uploads\/2025\/12\/BUZEA_600x400-200x300.jpg 200w\" sizes=\"auto, (max-width: 400px) 100vw, 400px\" \/><\/a><figcaption class=\"wp-element-caption\"><strong>Maya<\/strong> <strong>Am\u00e9lie BUZEA<\/strong> <br>Kempferhof -Benj.2<\/figcaption><\/figure>\n<\/div>\n<\/div>\n<\/div>\n\n\n\n<div class=\"wp-block-column is-layout-flow wp-block-column-is-layout-flow\">\n<div class=\"wp-block-columns is-layout-flex wp-container-core-columns-is-layout-9d6595d7 wp-block-columns-is-layout-flex\">\n<div class=\"wp-block-column is-layout-flow wp-block-column-is-layout-flow\">\n<figure class=\"wp-block-image size-full\"><a href=\"https:\/\/ligue-golfgrandest.org\/wp-content\/uploads\/2025\/12\/KOSTELNIK_600x400.jpg\"><img loading=\"lazy\" decoding=\"async\" width=\"400\" height=\"600\" src=\"https:\/\/ligue-golfgrandest.org\/wp-content\/uploads\/2025\/12\/KOSTELNIK_600x400.jpg\" alt=\"\" class=\"wp-image-61180\" srcset=\"https:\/\/ligue-golfgrandest.org\/wp-content\/uploads\/2025\/12\/KOSTELNIK_600x400.jpg 400w, https:\/\/ligue-golfgrandest.org\/wp-content\/uploads\/2025\/12\/KOSTELNIK_600x400-200x300.jpg 200w\" sizes=\"auto, (max-width: 400px) 100vw, 400px\" \/><\/a><figcaption class=\"wp-element-caption\"><strong>Lily-Rose KOSTELNIK <\/strong> <br>Kempferhof &#8211; Benj.2<\/figcaption><\/figure>\n<\/div>\n\n\n\n<div class=\"wp-block-column is-layout-flow wp-block-column-is-layout-flow\">\n<figure class=\"wp-block-image size-full\"><a href=\"https:\/\/ligue-golfgrandest.org\/wp-content\/uploads\/2024\/05\/Arthur-YANEZ-2024_600x400.jpeg\"><img loading=\"lazy\" decoding=\"async\" width=\"399\" height=\"600\" src=\"https:\/\/ligue-golfgrandest.org\/wp-content\/uploads\/2024\/05\/Arthur-YANEZ-2024_600x400.jpeg\" alt=\"\" class=\"wp-image-54615\" srcset=\"https:\/\/ligue-golfgrandest.org\/wp-content\/uploads\/2024\/05\/Arthur-YANEZ-2024_600x400.jpeg 399w, https:\/\/ligue-golfgrandest.org\/wp-content\/uploads\/2024\/05\/Arthur-YANEZ-2024_600x400-200x300.jpeg 200w\" sizes=\"auto, (max-width: 399px) 100vw, 399px\" \/><\/a><figcaption class=\"wp-element-caption\"><strong>Arthur YANEZ<\/strong> <br>Strasbourg &#8211; Benj.2<\/figcaption><\/figure>\n<\/div>\n<\/div>\n<\/div>\n\n\n\n<div class=\"wp-block-column is-layout-flow wp-block-column-is-layout-flow\">\n<div class=\"wp-block-columns is-layout-flex wp-container-core-columns-is-layout-9d6595d7 wp-block-columns-is-layout-flex\">\n<div class=\"wp-block-column is-layout-flow wp-block-column-is-layout-flow\">\n<figure class=\"wp-block-image size-full\"><a href=\"https:\/\/ligue-golfgrandest.org\/wp-content\/uploads\/2026\/01\/ALLEZOT-2026_600x400.jpg\"><img loading=\"lazy\" decoding=\"async\" width=\"400\" height=\"600\" src=\"https:\/\/ligue-golfgrandest.org\/wp-content\/uploads\/2026\/01\/ALLEZOT-2026_600x400.jpg\" alt=\"\" class=\"wp-image-61242\" srcset=\"https:\/\/ligue-golfgrandest.org\/wp-content\/uploads\/2026\/01\/ALLEZOT-2026_600x400.jpg 400w, https:\/\/ligue-golfgrandest.org\/wp-content\/uploads\/2026\/01\/ALLEZOT-2026_600x400-200x300.jpg 200w\" sizes=\"auto, (max-width: 400px) 100vw, 400px\" \/><\/a><figcaption class=\"wp-element-caption\"><strong>Anne-Sophie ALLEZOT<\/strong><br>Combles-en-Barrois-Benj.1<\/figcaption><\/figure>\n<\/div>\n\n\n\n<div class=\"wp-block-column is-layout-flow wp-block-column-is-layout-flow\">\n<figure class=\"wp-block-image size-full\"><a href=\"https:\/\/ligue-golfgrandest.org\/wp-content\/uploads\/2025\/12\/JEUCH_600x400.jpg\"><img loading=\"lazy\" decoding=\"async\" width=\"399\" height=\"600\" src=\"https:\/\/ligue-golfgrandest.org\/wp-content\/uploads\/2025\/12\/JEUCH_600x400.jpg\" alt=\"\" class=\"wp-image-61179\" srcset=\"https:\/\/ligue-golfgrandest.org\/wp-content\/uploads\/2025\/12\/JEUCH_600x400.jpg 399w, https:\/\/ligue-golfgrandest.org\/wp-content\/uploads\/2025\/12\/JEUCH_600x400-200x300.jpg 200w\" sizes=\"auto, (max-width: 399px) 100vw, 399px\" \/><\/a><figcaption class=\"wp-element-caption\"><strong>Eliel JEUCH<\/strong> <br>Kempferhof &#8211; Benj.1<\/figcaption><\/figure>\n<\/div>\n<\/div>\n<\/div>\n<\/div>\n\n\n\n<div class=\"wp-block-columns is-layout-flex wp-container-core-columns-is-layout-9d6595d7 wp-block-columns-is-layout-flex\">\n<div class=\"wp-block-column is-layout-flow wp-block-column-is-layout-flow\">\n<div class=\"wp-block-columns is-layout-flex wp-container-core-columns-is-layout-9d6595d7 wp-block-columns-is-layout-flex\">\n<div class=\"wp-block-column is-layout-flow wp-block-column-is-layout-flow\">\n<figure class=\"wp-block-image size-full\"><img loading=\"lazy\" decoding=\"async\" width=\"401\" height=\"600\" src=\"https:\/\/ligue-golfgrandest.org\/wp-content\/uploads\/2024\/12\/2024_CELINE-ARNOLD_600x400.jpg\" alt=\"\" class=\"wp-image-57510\" srcset=\"https:\/\/ligue-golfgrandest.org\/wp-content\/uploads\/2024\/12\/2024_CELINE-ARNOLD_600x400.jpg 401w, https:\/\/ligue-golfgrandest.org\/wp-content\/uploads\/2024\/12\/2024_CELINE-ARNOLD_600x400-201x300.jpg 201w\" sizes=\"auto, (max-width: 401px) 100vw, 401px\" \/><figcaption class=\"wp-element-caption\"><strong>C\u00e9line ARNOLD<\/strong> <br>Kempferhof &#8211; Pouss.2<\/figcaption><\/figure>\n<\/div>\n\n\n\n<div class=\"wp-block-column is-layout-flow wp-block-column-is-layout-flow\">\n<figure class=\"wp-block-image size-full\"><a href=\"https:\/\/ligue-golfgrandest.org\/wp-content\/uploads\/2025\/12\/Sofia-BOUDJELLEL_600x400.jpg\"><img loading=\"lazy\" decoding=\"async\" width=\"400\" height=\"600\" src=\"https:\/\/ligue-golfgrandest.org\/wp-content\/uploads\/2025\/12\/Sofia-BOUDJELLEL_600x400.jpg\" alt=\"\" class=\"wp-image-61181\" srcset=\"https:\/\/ligue-golfgrandest.org\/wp-content\/uploads\/2025\/12\/Sofia-BOUDJELLEL_600x400.jpg 400w, https:\/\/ligue-golfgrandest.org\/wp-content\/uploads\/2025\/12\/Sofia-BOUDJELLEL_600x400-200x300.jpg 200w\" sizes=\"auto, (max-width: 400px) 100vw, 400px\" \/><\/a><figcaption class=\"wp-element-caption\"><strong>Sofia BOUDJELLEL <\/strong><br>Preisch &#8211; Pouss.2<\/figcaption><\/figure>\n<\/div>\n<\/div>\n<\/div>\n\n\n\n<div class=\"wp-block-column is-layout-flow wp-block-column-is-layout-flow\">\n<div class=\"wp-block-columns is-layout-flex wp-container-core-columns-is-layout-9d6595d7 wp-block-columns-is-layout-flex\">\n<div class=\"wp-block-column is-layout-flow wp-block-column-is-layout-flow\">\n<figure class=\"wp-block-image size-full\"><a href=\"https:\/\/ligue-golfgrandest.org\/wp-content\/uploads\/2025\/12\/Alexandra-VIMBER_600x400.jpg\"><img loading=\"lazy\" decoding=\"async\" width=\"400\" height=\"600\" src=\"https:\/\/ligue-golfgrandest.org\/wp-content\/uploads\/2025\/12\/Alexandra-VIMBER_600x400.jpg\" alt=\"\" class=\"wp-image-61172\" srcset=\"https:\/\/ligue-golfgrandest.org\/wp-content\/uploads\/2025\/12\/Alexandra-VIMBER_600x400.jpg 400w, https:\/\/ligue-golfgrandest.org\/wp-content\/uploads\/2025\/12\/Alexandra-VIMBER_600x400-200x300.jpg 200w\" sizes=\"auto, (max-width: 400px) 100vw, 400px\" \/><\/a><figcaption class=\"wp-element-caption\"><strong>Alexandra VIMBER <\/strong> <br>Alsace Golf Links &#8211; Pouss.2<\/figcaption><\/figure>\n<\/div>\n\n\n\n<div class=\"wp-block-column is-layout-flow wp-block-column-is-layout-flow\">\n<figure class=\"wp-block-image size-full\"><a href=\"https:\/\/ligue-golfgrandest.org\/wp-content\/uploads\/2025\/12\/baptiste-YANEZ_600x400.jpg\"><img loading=\"lazy\" decoding=\"async\" width=\"401\" height=\"600\" src=\"https:\/\/ligue-golfgrandest.org\/wp-content\/uploads\/2025\/12\/baptiste-YANEZ_600x400.jpg\" alt=\"\" class=\"wp-image-61175\" srcset=\"https:\/\/ligue-golfgrandest.org\/wp-content\/uploads\/2025\/12\/baptiste-YANEZ_600x400.jpg 401w, https:\/\/ligue-golfgrandest.org\/wp-content\/uploads\/2025\/12\/baptiste-YANEZ_600x400-201x300.jpg 201w\" sizes=\"auto, (max-width: 401px) 100vw, 401px\" \/><\/a><figcaption class=\"wp-element-caption\"><strong>Baptiste YANEZ<\/strong> <br>Strasbourg &#8211; Pouss.2<\/figcaption><\/figure>\n<\/div>\n<\/div>\n<\/div>\n\n\n\n<div class=\"wp-block-column is-layout-flow wp-block-column-is-layout-flow\">\n<div class=\"wp-block-columns is-layout-flex wp-container-core-columns-is-layout-9d6595d7 wp-block-columns-is-layout-flex\">\n<div class=\"wp-block-column is-layout-flow wp-block-column-is-layout-flow\">\n<figure class=\"wp-block-image size-full\"><a href=\"https:\/\/ligue-golfgrandest.org\/wp-content\/uploads\/2025\/12\/JACQUOT_600x400.jpg\"><img loading=\"lazy\" decoding=\"async\" width=\"400\" height=\"600\" src=\"https:\/\/ligue-golfgrandest.org\/wp-content\/uploads\/2025\/12\/JACQUOT_600x400.jpg\" alt=\"\" class=\"wp-image-61178\" srcset=\"https:\/\/ligue-golfgrandest.org\/wp-content\/uploads\/2025\/12\/JACQUOT_600x400.jpg 400w, https:\/\/ligue-golfgrandest.org\/wp-content\/uploads\/2025\/12\/JACQUOT_600x400-200x300.jpg 200w\" sizes=\"auto, (max-width: 400px) 100vw, 400px\" \/><\/a><figcaption class=\"wp-element-caption\"><strong>Pablo JACQUOT<\/strong><br>Kempferhof &#8211; Pouss.1<\/figcaption><\/figure>\n<\/div>\n\n\n\n<div class=\"wp-block-column is-layout-flow wp-block-column-is-layout-flow\">\n<figure class=\"wp-block-image size-full\"><a href=\"https:\/\/ligue-golfgrandest.org\/wp-content\/uploads\/2024\/12\/vide-600x400-1.png\"><img loading=\"lazy\" decoding=\"async\" width=\"400\" height=\"600\" src=\"https:\/\/ligue-golfgrandest.org\/wp-content\/uploads\/2024\/12\/vide-600x400-1.png\" alt=\"\" class=\"wp-image-57449\" srcset=\"https:\/\/ligue-golfgrandest.org\/wp-content\/uploads\/2024\/12\/vide-600x400-1.png 400w, https:\/\/ligue-golfgrandest.org\/wp-content\/uploads\/2024\/12\/vide-600x400-1-200x300.png 200w\" sizes=\"auto, (max-width: 400px) 100vw, 400px\" \/><\/a><figcaption class=\"wp-element-caption\"> <br><\/figcaption><\/figure>\n<\/div>\n<\/div>\n<\/div>\n<\/div>\n\n\n\n<p class=\"has-white-color has-text-color has-background has-medium-font-size\" style=\"background-color:#1e2244\"><strong>LE P\u00d4LE JEUNES EN VIDEO<\/strong><\/p>\n\n\n\n<div class=\"wp-block-columns is-layout-flex wp-container-core-columns-is-layout-9d6595d7 wp-block-columns-is-layout-flex\">\n<div class=\"wp-block-column is-layout-flow wp-block-column-is-layout-flow\">\n<iframe loading=\"lazy\" width=\"560\" height=\"315\" src=\"https:\/\/www.youtube.com\/embed\/kqt65DltWWo\" frameborder=\"0\" allowfullscreen=\"\" allow=\"accelerometer; autoplay; encrypted-media; gyroscope; picture-in-picture\"><\/iframe>\n\n\n\n<p>Sept 2017 : pr\u00e9sentation du P\u00f4le Jeunes par Philippe PINCELOUP Vice-Pr\u00e9sident de la Ligue<\/p>\n<\/div>\n\n\n\n<div class=\"wp-block-column is-layout-flow wp-block-column-is-layout-flow\">\n<iframe loading=\"lazy\" width=\"560\" height=\"315\" src=\"https:\/\/www.youtube.com\/embed\/Ewu_-V_yFPw\" frameborder=\"0\" allowfullscreen=\"\" allow=\"accelerometer; autoplay; encrypted-media; gyroscope; picture-in-picture\"><\/iframe>\n\n\n\n<p>Juin 2018 : s\u00e9ance de practice avec une \u00e9l\u00e8ve du P\u00f4le Jeunes<\/p>\n<\/div>\n<\/div>\n\n\n\n<p><\/p>\n","protected":false},"excerpt":{"rendered":"<p>GROUPES CIBLES R\u00c9GIONAUX 2026 &#8211; POLE GRAND EST Les documents \u00e0 t\u00e9l\u00e9charger&nbsp;: LE P\u00d4LE JEUNES EN VIDEO Sept 2017 : pr\u00e9sentation du P\u00f4le Jeunes par Philippe PINCELOUP Vice-Pr\u00e9sident de la Ligue Juin 2018 : s\u00e9ance de practice avec une \u00e9l\u00e8ve du P\u00f4le Jeunes<\/p>\n","protected":false},"author":3,"featured_media":0,"parent":130,"menu_order":0,"comment_status":"closed","ping_status":"closed","template":"page-templates\/page-full-width.php","meta":{"footnotes":""},"class_list":["post-243","page","type-page","status-publish","hentry"],"_links":{"self":[{"href":"https:\/\/ligue-golfgrandest.org\/index.php\/wp-json\/wp\/v2\/pages\/243","targetHints":{"allow":["GET"]}}],"collection":[{"href":"https:\/\/ligue-golfgrandest.org\/index.php\/wp-json\/wp\/v2\/pages"}],"about":[{"href":"https:\/\/ligue-golfgrandest.org\/index.php\/wp-json\/wp\/v2\/types\/page"}],"author":[{"embeddable":true,"href":"https:\/\/ligue-golfgrandest.org\/index.php\/wp-json\/wp\/v2\/users\/3"}],"replies":[{"embeddable":true,"href":"https:\/\/ligue-golfgrandest.org\/index.php\/wp-json\/wp\/v2\/comments?post=243"}],"version-history":[{"count":40,"href":"https:\/\/ligue-golfgrandest.org\/index.php\/wp-json\/wp\/v2\/pages\/243\/revisions"}],"predecessor-version":[{"id":62402,"href":"https:\/\/ligue-golfgrandest.org\/index.php\/wp-json\/wp\/v2\/pages\/243\/revisions\/62402"}],"up":[{"embeddable":true,"href":"https:\/\/ligue-golfgrandest.org\/index.php\/wp-json\/wp\/v2\/pages\/130"}],"wp:attachment":[{"href":"https:\/\/ligue-golfgrandest.org\/index.php\/wp-json\/wp\/v2\/media?parent=243"}],"curies":[{"name":"wp","href":"https:\/\/api.w.org\/{rel}","templated":true}]}}