{"id":23558,"date":"2020-02-10T13:19:03","date_gmt":"2020-02-10T12:19:03","guid":{"rendered":"http:\/\/ligue-golfgrandest.org\/?page_id=23558"},"modified":"2026-03-30T09:32:21","modified_gmt":"2026-03-30T07:32:21","slug":"comp-dep-08-10-51","status":"publish","type":"page","link":"https:\/\/ligue-golfgrandest.org\/index.php\/jeunes\/departement\/comp-dep-08-10-51\/","title":{"rendered":"COMPETITIONS DE DEPARTEMENT | 08-10-51-52"},"content":{"rendered":"\n<div class=\"wp-block-columns is-layout-flex wp-container-core-columns-is-layout-9d6595d7 wp-block-columns-is-layout-flex\">\n<div class=\"wp-block-column is-layout-flow wp-block-column-is-layout-flow\" style=\"flex-basis:33.33%\">\n<figure class=\"wp-block-image size-full wp-duotone-unset-1\"><a href=\"https:\/\/ligue-golfgrandest.org\/wp-content\/uploads\/2026\/03\/calendrier-competitions-jeunes.jpg\"><img loading=\"lazy\" decoding=\"async\" width=\"735\" height=\"1043\" src=\"https:\/\/ligue-golfgrandest.org\/wp-content\/uploads\/2026\/03\/calendrier-competitions-jeunes.jpg\" alt=\"\" class=\"wp-image-62141\" srcset=\"https:\/\/ligue-golfgrandest.org\/wp-content\/uploads\/2026\/03\/calendrier-competitions-jeunes.jpg 735w, https:\/\/ligue-golfgrandest.org\/wp-content\/uploads\/2026\/03\/calendrier-competitions-jeunes-211x300.jpg 211w\" sizes=\"auto, (max-width: 735px) 100vw, 735px\" \/><\/a><\/figure>\n<\/div>\n\n\n\n<div class=\"wp-block-column is-layout-flow wp-block-column-is-layout-flow\" style=\"flex-basis:66.66%\">\n<h1 class=\"wp-block-heading\">CHAMPAGNE ARDENNE TOUR 2026 (08-10-51-52)<\/h1>\n\n\n\n<p><strong>U10 &#8211; U12 &#8211; U14 <\/strong><\/p>\n\n\n\n<p><a href=\"https:\/\/ligue-golfgrandest.org\/wp-content\/uploads\/2026\/03\/calendrier-competitions-jeunes.jpg\">Affiche<\/a> |<\/p>\n\n\n\n<p><em><a href=\"https:\/\/ligue-golfgrandest.org\/wp-content\/uploads\/2026\/03\/Les-Tours-Departementaux-U10-U12-U14.pdf\">R\u00e8glement dans le Vademecum de la Ligue en page 35<\/a>&nbsp;<\/em>|<\/p>\n\n\n\n<p>Inscription sur Extranet 7 jours avant chaque \u00e9preuve<\/p>\n\n\n\n<h3 class=\"wp-block-heading\"><strong>Dimanche 29 mars |<\/strong> <strong>Mourmelon (51) <\/strong><\/h3>\n\n\n\n<h3 class=\"wp-block-heading\"><strong>Dimanche 3 mai | Reims (51)<\/strong> &#8211;<em> M\u00e9rite Jeunes<\/em> <em><strong>(18T)<\/strong><\/em><\/h3>\n\n\n\n<h3 class=\"wp-block-heading\"><strong>Dimanche<\/strong> <strong>10 mai<\/strong> | <strong>Troyes Cordeli\u00e8re (10)<\/strong><\/h3>\n\n\n\n<h3 class=\"wp-block-heading\"><strong>Samedi 27 juin | Arc-en-Barrois (52) <\/strong> <\/h3>\n<\/div>\n<\/div>\n\n\n\n<hr class=\"wp-block-separator has-alpha-channel-opacity\"\/>\n\n\n\n<div class=\"wp-block-columns is-layout-flex wp-container-core-columns-is-layout-9d6595d7 wp-block-columns-is-layout-flex\">\n<div class=\"wp-block-column is-layout-flow wp-block-column-is-layout-flow\" style=\"flex-basis:33.33%\">\n<figure class=\"wp-block-image size-full wp-duotone-unset-2\"><a href=\"https:\/\/ligue-golfgrandest.org\/wp-content\/uploads\/2026\/03\/calendrier-competitions-jeunes.jpg\"><img loading=\"lazy\" decoding=\"async\" width=\"735\" height=\"1043\" src=\"https:\/\/ligue-golfgrandest.org\/wp-content\/uploads\/2026\/03\/calendrier-competitions-jeunes.jpg\" alt=\"\" class=\"wp-image-62141\" srcset=\"https:\/\/ligue-golfgrandest.org\/wp-content\/uploads\/2026\/03\/calendrier-competitions-jeunes.jpg 735w, https:\/\/ligue-golfgrandest.org\/wp-content\/uploads\/2026\/03\/calendrier-competitions-jeunes-211x300.jpg 211w\" sizes=\"auto, (max-width: 735px) 100vw, 735px\" \/><\/a><\/figure>\n<\/div>\n\n\n\n<div class=\"wp-block-column is-layout-flow wp-block-column-is-layout-flow\" style=\"flex-basis:66.66%\">\n<h1 class=\"wp-block-heading\">TOUR JUNIOR et CHALLENGE TERRITORIAL 2026<\/h1>\n\n\n\n<p><strong>U10 &#8211; U12  <\/strong><\/p>\n\n\n\n<p><a href=\"https:\/\/ligue-golfgrandest.org\/wp-content\/uploads\/2026\/03\/calendrier-competitions-jeunes.jpg\">Affiche<\/a> |<\/p>\n\n\n\n<h3 class=\"wp-block-heading\"><strong>Dimanche 8 mars <\/strong>| <strong><strong>Grande Romanie (51) <\/strong><\/strong><\/h3>\n\n\n\n<h3 class=\"wp-block-heading\"><strong>Dimanche 5 avril <\/strong>| <strong>Chardonnay (51) <\/strong><\/h3>\n\n\n\n<h3 class=\"wp-block-heading\"><strong>Dimanche 3 mai | Reims (51)<\/strong><\/h3>\n\n\n\n<h3 class=\"wp-block-heading\"><strong><strong>Dimanche 24 mai<\/strong> | <strong>Poursaudes (08) <\/strong><\/strong><\/h3>\n<\/div>\n<\/div>\n\n\n\n<hr class=\"wp-block-separator has-alpha-channel-opacity\"\/>\n\n\n\n<p><\/p>\n","protected":false},"excerpt":{"rendered":"<p>CHAMPAGNE ARDENNE TOUR 2026 (08-10-51-52) U10 &#8211; U12 &#8211; U14 Affiche | R\u00e8glement dans le Vademecum de la Ligue en page 35&nbsp;| Inscription sur Extranet 7 jours avant chaque \u00e9preuve Dimanche 29 mars | Mourmelon (51) Dimanche 3 mai | Reims (51) &#8211; M\u00e9rite Jeunes (18T) Dimanche 10 mai | Troyes Cordeli\u00e8re (10) Samedi 27 [&hellip;]<\/p>\n","protected":false},"author":3,"featured_media":0,"parent":233,"menu_order":0,"comment_status":"closed","ping_status":"closed","template":"page-templates\/page-full-width.php","meta":{"footnotes":""},"class_list":["post-23558","page","type-page","status-publish","hentry"],"_links":{"self":[{"href":"https:\/\/ligue-golfgrandest.org\/index.php\/wp-json\/wp\/v2\/pages\/23558","targetHints":{"allow":["GET"]}}],"collection":[{"href":"https:\/\/ligue-golfgrandest.org\/index.php\/wp-json\/wp\/v2\/pages"}],"about":[{"href":"https:\/\/ligue-golfgrandest.org\/index.php\/wp-json\/wp\/v2\/types\/page"}],"author":[{"embeddable":true,"href":"https:\/\/ligue-golfgrandest.org\/index.php\/wp-json\/wp\/v2\/users\/3"}],"replies":[{"embeddable":true,"href":"https:\/\/ligue-golfgrandest.org\/index.php\/wp-json\/wp\/v2\/comments?post=23558"}],"version-history":[{"count":10,"href":"https:\/\/ligue-golfgrandest.org\/index.php\/wp-json\/wp\/v2\/pages\/23558\/revisions"}],"predecessor-version":[{"id":62155,"href":"https:\/\/ligue-golfgrandest.org\/index.php\/wp-json\/wp\/v2\/pages\/23558\/revisions\/62155"}],"up":[{"embeddable":true,"href":"https:\/\/ligue-golfgrandest.org\/index.php\/wp-json\/wp\/v2\/pages\/233"}],"wp:attachment":[{"href":"https:\/\/ligue-golfgrandest.org\/index.php\/wp-json\/wp\/v2\/media?parent=23558"}],"curies":[{"name":"wp","href":"https:\/\/api.w.org\/{rel}","templated":true}]}}