{"id":22983,"date":"2019-11-12T14:01:06","date_gmt":"2019-11-12T13:01:06","guid":{"rendered":"http:\/\/ligue-golfgrandest.org\/?page_id=22983"},"modified":"2026-04-20T08:26:04","modified_gmt":"2026-04-20T06:26:04","slug":"niveau-depart","status":"publish","type":"page","link":"https:\/\/ligue-golfgrandest.org\/index.php\/la-ligue\/niveau-depart\/","title":{"rendered":"STATUT AMATEUR"},"content":{"rendered":"\n<p><\/p>\n\n\n\n<p class=\"has-very-light-gray-color has-text-color has-background has-medium-font-size\" style=\"background-color:#1e2346\"><strong>LE JUNIOR PASS FFGOLF<\/strong><\/p>\n\n\n<p>Ce Pass a pour objectif de permettre aux jeunes de jouer gratuitement (sous certaines conditions) dans les golfs partenaires du dispositif.\u00a0<\/p>\n<p><strong>Les crit\u00e8res d\u2019\u00e9ligibilit\u00e9 sont :<\/strong><\/p>\n<p>\u2022 Avoir moins de 16 ans en 2026<br \/>\u2022 D\u00e9tenir une licence ffgolf active (Membre AS ou Abonn\u00e9 Golf)<br \/>\u2022 Avoir un index inf\u00e9rieur ou \u00e9gal \u00e0 36<br \/>\u2022 \u00catre membre de l\u2019Ecole de golf d\u2019un club affili\u00e9 \u00e0 la ffgolf<\/p>\n<p>L\u2019Ecole de Golf g\u00e8re l\u2019enregistrement des jeunes sur l\u2019extranet f\u00e9d\u00e9ral et l\u2019activation de leur Junior Pass.<\/p>\n<p>En amont de leur venue, les jeunes doivent contacter les golfs dans lesquels ils souhaitent jouer, afin de v\u00e9rifier les conditions d\u2019accueil, les cr\u00e9neaux horaires ouverts au Junior Pass ffgolf, et r\u00e9server un d\u00e9part.<\/p>\n<p><a href=\"https:\/\/ligue-golfgrandest.org\/wp-content\/uploads\/2025\/03\/JUNIOR_PASS_FFGOLF_GRAND_EST12.pdf\"><strong>Liste des Clubs du Grand Est pr\u00eats \u00e0 accueillir les jeunes gratuitement en 2025<\/strong><\/a> |<\/p>\n\n\n<figure class=\"wp-block-image size-thumbnail\"><img loading=\"lazy\" decoding=\"async\" width=\"300\" height=\"200\" src=\"https:\/\/ligue-golfgrandest.org\/wp-content\/uploads\/2024\/02\/Logo_JuniorGolfPass_quadri-300x200.jpg\" alt=\"\" class=\"wp-image-53250\" srcset=\"https:\/\/ligue-golfgrandest.org\/wp-content\/uploads\/2024\/02\/Logo_JuniorGolfPass_quadri-300x200.jpg 300w, https:\/\/ligue-golfgrandest.org\/wp-content\/uploads\/2024\/02\/Logo_JuniorGolfPass_quadri-272x182.jpg 272w\" sizes=\"auto, (max-width: 300px) 100vw, 300px\" \/><\/figure>\n\n\n\n<p><\/p>\n\n\n\n<p class=\"has-very-light-gray-color has-text-color has-background has-medium-font-size\" style=\"background-color:#1e2346\"><strong>LICENCE OR ET HAUT-NIVEAU<\/strong><\/p>\n\n\n<p>Il est de tradition que les Clubs assurent le meilleur accueil \u00e0 l&rsquo;\u00e9lite des joueuses et joueurs fran\u00e7ais qui viennent occasionnellement s&rsquo;entra\u00eener sur leur terrain, \u00e0 la condition bien \u00e9videmment qu&rsquo;ils en soient pr\u00e9venus \u00e0 l&rsquo;avance par les int\u00e9ress\u00e9s et que ces derniers aient un comportement digne de leur rang.<\/p>\n<p>La Direction Sportive de la FFG, afin de faciliter le travail des secr\u00e9tariats de Club, \u00e9tablit pour les joueurs qu&rsquo;elle souhaite voir b\u00e9n\u00e9ficier de ce meilleur accueil, <strong>une licence sp\u00e9ciale dite de \u00ab\u00a0amateur \u00e9lite\u00a0\u00bb et qui sera reconnaissable \u00e0 sa couleur Or<\/strong>. <strong>Les joueurs concern\u00e9s seront tenus de la pr\u00e9senter pour b\u00e9n\u00e9ficier de cet avantage.<\/strong><\/p>\n<p>Nous rappelons qu&rsquo;il ne s&rsquo;agit en aucune mani\u00e8re d&rsquo;un droit, mais d&rsquo;une tradition \u00e0 l&rsquo;occasion d&rsquo;une visite devant rester occasionnelle, et qui ne pourra se prolonger que si les Clubs ne constatent pas d&rsquo;abus (du type exiger de jouer gratuitement trop souvent), ni de comportement incorrect (du type ne pas pr\u00e9venir \u00e0 l&rsquo;avance, exiger telle heure de d\u00e9part et pas une autre, consid\u00e9rer que tout vous est d\u00fb).<\/p>\n<p><a href=\"https:\/\/ligue-golfgrandest.org\/wp-content\/uploads\/2026\/04\/Liste-sportif-haut-niveau-2026.pdf\"><strong>Fiche Officielle Liste Sportifs de Haut-Niveau 2026<\/strong><\/a>\u00a0|<\/p>\n<p><a href=\"https:\/\/ligue-golfgrandest.org\/wp-content\/uploads\/2026\/04\/Listing-licence-OR-2026.pdf\"><strong>Fiche officielle joueurs licences or 2026<\/strong><\/a> |<\/p>\n<p><a href=\"https:\/\/ligue-golfgrandest.org\/wp-content\/uploads\/2025\/02\/CritA_res_d_accA_s_A_la_liste_des_sportifs_de_haut-niveau_2025.pdf\"><strong>Les crit\u00e8res d&rsquo;accession au statut de sportif de Haut-Niveau<\/strong><\/a>\u00a0|<\/p>\n<p><a href=\"https:\/\/ligue-golfgrandest.org\/wp-content\/uploads\/2026\/04\/Criteres-Licence-OR-2026.pdf\"><strong>Conditions d&rsquo;obtention de la licence Or 2026<\/strong><\/a> |<\/p>\n\n\n<p><\/p>\n\n\n\n<p class=\"has-very-light-gray-color has-text-color has-background has-medium-font-size\" style=\"background-color:#1e2346\"><strong>CHANGEMENT DES REGLES DE GOLF 2023<\/strong><\/p>\n\n\n<p>Au 1er janvier 2023, les r\u00e8gles de golf \u00e9voluent. Voici une affiche r\u00e9capitulant les principaux changements<\/p>\n\n\n<figure class=\"wp-block-image size-full is-resized\"><a href=\"https:\/\/ligue-golfgrandest.org\/wp-content\/uploads\/2023\/06\/Poster-regles-791x1024-1.jpg\"><img loading=\"lazy\" decoding=\"async\" width=\"791\" height=\"1024\" src=\"https:\/\/ligue-golfgrandest.org\/wp-content\/uploads\/2023\/06\/Poster-regles-791x1024-1.jpg\" alt=\"\" class=\"wp-image-48849\" style=\"width:396px;height:512px\" srcset=\"https:\/\/ligue-golfgrandest.org\/wp-content\/uploads\/2023\/06\/Poster-regles-791x1024-1.jpg 791w, https:\/\/ligue-golfgrandest.org\/wp-content\/uploads\/2023\/06\/Poster-regles-791x1024-1-232x300.jpg 232w, https:\/\/ligue-golfgrandest.org\/wp-content\/uploads\/2023\/06\/Poster-regles-791x1024-1-768x994.jpg 768w\" sizes=\"auto, (max-width: 791px) 100vw, 791px\" \/><\/a><\/figure>\n\n\n\n<p><\/p>\n\n\n\n<p><\/p>\n\n\n\n<p class=\"has-very-light-gray-color has-text-color has-background has-medium-font-size\" style=\"background-color:#1e2346\"><strong>NIVEAU DE JEU<\/strong><\/p>\n\n\n<p><strong>LE NIVEAU DE JEU<\/strong><\/p>\n<p>Le Niveau est une valeur calcul\u00e9e sur la base de toutes les cartes de scores enregistr\u00e9es par un licenci\u00e9, qu\u2019elles soient r\u00e9alis\u00e9es en parties amicales, \u00e0 l\u2019occasion d\u2019un Challenge ou en comp\u00e9tition individuelle.<br \/>Cette valeur \u00e9value le niveau de jeu, en s\u2019inspirant de la future m\u00e9thode de calcul du handicap \u00ab World Handicap System \u00bb (WHS), bas\u00e9e sur une moyenne des meilleures cartes rendues.<br \/>Le Niveau remplace l\u2019index simul\u00e9 dans l\u2019espace licenci\u00e9, mais l\u2019index officiel reste la seule valeur de r\u00e9f\u00e9rence pour le jeu en comp\u00e9tition individuelle ou par \u00e9quipe.<\/p>\n<p><strong>LE CALCUL DE VOTRE INDEX : LE WORLD HANDICAP SYSTEM WHS<\/strong><\/p>\n<p>Votre nouvel INDEX correspondra \u00e0 la moyenne arrondie de vos 8 meilleurs niveaux jou\u00e9s sur les 20 derni\u00e8res cartes enregistr\u00e9es (en partie amicale, challenge, ou comp\u00e9tition individuelle) .&nbsp;<\/p>\n<p>Pour \u00e9valuer le niveau jou\u00e9, le score net Stableford est compar\u00e9 \u00e0 36. Chaque point au-dessus de 36 correspond \u00e0 1 point de mieux jou\u00e9 par rapport au niveau pr\u00e9c\u00e9dent.<\/p>\n<p>Formule de calcul : Niveau jou\u00e9 = Niveau de r\u00e9f\u00e9rence + (36 \u2013 Score net Stableford)<\/p>\n<p>Certains ajustements suppl\u00e9mentaires sont aussi appliqu\u00e9s dans le calcul. Consultez les documents de r\u00e9f\u00e9rence pour en savoir plus.<\/p>\n<p><a href=\"http:\/\/ligue-golfgrandest.org\/wp-content\/uploads\/2019\/11\/Niveau-de-jeu-Guide-Pratique-2019.pdf\" target=\"_blank\" rel=\"noopener noreferrer\">T\u00e9l\u00e9charger le document de r\u00e9f\u00e9rence FFG. <\/a>| <a href=\"http:\/\/ligue-golfgrandest.org\/wp-content\/uploads\/2019\/12\/WHS-2020.pdf\">WHS Ce qui va changer en mars 2020<\/a>. | <a href=\"https:\/\/www.ffgolf.org\/Jouer\/World-Handicap-System?utm_source=whs&amp;utm_medium=habillage&amp;utm_campaign=desktop\" target=\"_blank\" rel=\"noopener noreferrer\">Description du fonctionnement&nbsp; du WHS.<\/a><\/p>\n<\/p>\n\n\n<p class=\"has-very-light-gray-color has-text-color has-background has-medium-font-size\" style=\"background-color:#1e2346\"><strong>D\u00c9PART RECOMMAND<\/strong>\u00c9<\/p>\n\n\n\n<p><strong>POURQUOI DES D\u00c9PARTS RECOMMAND\u00c9S ?<\/strong><\/p>\n\n\n\n<p>Vous permettre de jouer mieux et plus vite depuis <strong>la couleur de d\u00e9part qui vous correspond<\/strong>, tel est l\u2019objectif de la ffgolf et de ses clubs avec la mise en place des d\u00e9parts <strong>recommand\u00e9s<\/strong>. Pour que vous preniez toujours plus de plaisir sur les parcours, <strong>la ffgolf vous recommande<\/strong> depuis le 6 novembre 2019, une couleur de d\u00e9part d\u00e9finie en fonction de votre <a href=\"http:\/\/ligue-golfgrandest.org\/wp-content\/uploads\/2019\/11\/Niveau-de-jeu-Guide-Pratique-2019.pdf\" target=\"_blank\" rel=\"noreferrer noopener\"><strong>niveau de jeu<\/strong><\/a>, de votre \u00e2ge et de votre sexe. Cette recommandation de d\u00e9part <strong>n\u2019est en aucun cas une obligation<\/strong>, et vous demeurez libre de l\u2019appliquer ou non. De m\u00eame, les recommandations des s\u00e9ries de d\u00e9parts demeurent <strong>\u00e0 la discr\u00e9tion de chacun des clubs.&nbsp;<\/strong>L\u2019index reste la seule valeur de r\u00e9f\u00e9rence pour le jeu en comp\u00e9tition individuelle ou par \u00e9quipe.<\/p>\n\n\n\n<p>Lorsque vous saisirez vos parties amicales dans l\u2019Espace licenci\u00e9, cette recommandation prendra \u00e9galement en compte la longueur du parcours que vous aurez s\u00e9lectionn\u00e9.<\/p>\n","protected":false},"excerpt":{"rendered":"<p>LE JUNIOR PASS FFGOLF Ce Pass a pour objectif de permettre aux jeunes de jouer gratuitement (sous certaines conditions) dans les golfs partenaires du dispositif.\u00a0 Les crit\u00e8res d\u2019\u00e9ligibilit\u00e9 sont : \u2022 Avoir moins de 16 ans en 2026\u2022 D\u00e9tenir une licence ffgolf active (Membre AS ou Abonn\u00e9 Golf)\u2022 Avoir un index inf\u00e9rieur ou \u00e9gal \u00e0 [&hellip;]<\/p>\n","protected":false},"author":3,"featured_media":0,"parent":150,"menu_order":0,"comment_status":"closed","ping_status":"closed","template":"page-templates\/page-full-width.php","meta":{"footnotes":""},"class_list":["post-22983","page","type-page","status-publish","hentry"],"_links":{"self":[{"href":"https:\/\/ligue-golfgrandest.org\/index.php\/wp-json\/wp\/v2\/pages\/22983","targetHints":{"allow":["GET"]}}],"collection":[{"href":"https:\/\/ligue-golfgrandest.org\/index.php\/wp-json\/wp\/v2\/pages"}],"about":[{"href":"https:\/\/ligue-golfgrandest.org\/index.php\/wp-json\/wp\/v2\/types\/page"}],"author":[{"embeddable":true,"href":"https:\/\/ligue-golfgrandest.org\/index.php\/wp-json\/wp\/v2\/users\/3"}],"replies":[{"embeddable":true,"href":"https:\/\/ligue-golfgrandest.org\/index.php\/wp-json\/wp\/v2\/comments?post=22983"}],"version-history":[{"count":5,"href":"https:\/\/ligue-golfgrandest.org\/index.php\/wp-json\/wp\/v2\/pages\/22983\/revisions"}],"predecessor-version":[{"id":62496,"href":"https:\/\/ligue-golfgrandest.org\/index.php\/wp-json\/wp\/v2\/pages\/22983\/revisions\/62496"}],"up":[{"embeddable":true,"href":"https:\/\/ligue-golfgrandest.org\/index.php\/wp-json\/wp\/v2\/pages\/150"}],"wp:attachment":[{"href":"https:\/\/ligue-golfgrandest.org\/index.php\/wp-json\/wp\/v2\/media?parent=22983"}],"curies":[{"name":"wp","href":"https:\/\/api.w.org\/{rel}","templated":true}]}}