{"id":158,"date":"2017-01-20T13:57:49","date_gmt":"2017-01-20T12:57:49","guid":{"rendered":"http:\/\/ligue-golfgrandest.org\/?page_id=158"},"modified":"2026-04-20T07:39:12","modified_gmt":"2026-04-20T05:39:12","slug":"meurthe-moselle-54","status":"publish","type":"page","link":"https:\/\/ligue-golfgrandest.org\/index.php\/comites-dpt\/meurthe-moselle-54\/","title":{"rendered":"MEURTHE &#038; MOSELLE | 54"},"content":{"rendered":"\n<div class=\"wp-block-columns is-layout-flex wp-container-core-columns-is-layout-9d6595d7 wp-block-columns-is-layout-flex\">\n<div class=\"wp-block-column is-layout-flow wp-block-column-is-layout-flow\" style=\"flex-basis:33.33%\">\n<figure class=\"wp-block-image size-large\"><img decoding=\"async\" src=\"https:\/\/ligue-golfgrandest.org\/wp-content\/uploads\/2017\/01\/CD54WEB.jpg\" alt=\"\" class=\"wp-image-1769\"\/><\/figure>\n<\/div>\n\n\n\n<div class=\"wp-block-column is-layout-flow wp-block-column-is-layout-flow\" style=\"flex-basis:66.66%\">\n<h3 class=\"wp-block-heading has-black-color has-text-color\" id=\"cd-de-golf-de-meurthe-et-moselle\">CD de Golf de Meurthe-et-Moselle<\/h3>\n\n\n\n<p>Si\u00e8ge : Golf de Nancy \u2013 Chemin du Golf \u2013 54 460 AINGERAY<br>06 11 28 06 68<br><a href=\"mailto:herve.hess@ac-nancy-metz.fr\">bruno.fiorucci@orange.fr<\/a><br><a href=\"mailto:cd54@ligue-golfgrandest.org\">cd54@ligue-golfgrandest.org<\/a><br><\/p>\n<\/div>\n<\/div>\n\n\n\n<div class=\"wp-block-columns is-layout-flex wp-container-core-columns-is-layout-9d6595d7 wp-block-columns-is-layout-flex\">\n<div class=\"wp-block-column is-layout-flow wp-block-column-is-layout-flow\" style=\"flex-basis:33.33%\">\n<figure class=\"wp-block-image size-full is-resized\"><img loading=\"lazy\" decoding=\"async\" width=\"857\" height=\"1200\" src=\"https:\/\/ligue-golfgrandest.org\/wp-content\/uploads\/2025\/11\/Bruno-FIORUCCIsite-3-857-1200.jpg\" alt=\"\" class=\"wp-image-61030\" style=\"width:211px;height:auto\" srcset=\"https:\/\/ligue-golfgrandest.org\/wp-content\/uploads\/2025\/11\/Bruno-FIORUCCIsite-3-857-1200.jpg 857w, https:\/\/ligue-golfgrandest.org\/wp-content\/uploads\/2025\/11\/Bruno-FIORUCCIsite-3-857-1200-214x300.jpg 214w, https:\/\/ligue-golfgrandest.org\/wp-content\/uploads\/2025\/11\/Bruno-FIORUCCIsite-3-857-1200-768x1075.jpg 768w\" sizes=\"auto, (max-width: 857px) 100vw, 857px\" \/><\/figure>\n\n\n\n<p><strong>Bruno FIORUCCI<\/strong> : Pr\u00e9sident<\/p>\n<\/div>\n\n\n\n<div class=\"wp-block-column is-layout-flow wp-block-column-is-layout-flow\" style=\"flex-basis:66.66%\">\n<h3 class=\"wp-block-heading\" id=\"le-comite\">Le Comit\u00e9 <\/h3>\n\n\n\n<ul class=\"wp-block-list\">\n<li><strong>Bruno FIORUCCI <\/strong>: Pr\u00e9sident<\/li>\n\n\n\n<li><strong>Liliane DESNOYERS<\/strong> : Tr\u00e9sori\u00e8re<\/li>\n\n\n\n<li><strong>Michel ALLAIT<\/strong> : Secr\u00e9taire<\/li>\n\n\n\n<li><strong>Daniel GREGO<\/strong><\/li>\n\n\n\n<li><strong>Christian CESARI<\/strong><\/li>\n\n\n\n<li><strong>Yannick FAUGOUT<\/strong><\/li>\n\n\n\n<li><strong>Yann BENOIT<\/strong><\/li>\n<\/ul>\n\n\n\n<p><br><\/p>\n<\/div>\n<\/div>\n\n\n\n<h3 class=\"wp-block-heading\" id=\"les-communiques-du-comite-departemental\">Les communiqu\u00e9s du Comit\u00e9 D\u00e9partemental<\/h3>\n\n\n\n<p><a href=\"https:\/\/ligue-golfgrandest.org\/wp-content\/uploads\/2024\/10\/ACTIONS-CD-54-GOLF-2024.pdf\">Bilan actions 2024<\/a> |<\/p>\n\n\n\n<p><strong>\u00c9LECTIONS 2024<\/strong> : <a href=\"https:\/\/ligue-golfgrandest.org\/wp-content\/uploads\/2024\/11\/PV_AGO-Elective_-CD-54_-EXERCICE-2024.pdf\">PV \u00c9lection<\/a> et <a href=\"https:\/\/ligue-golfgrandest.org\/wp-content\/uploads\/2024\/11\/Liste-Comite-Departemental-de-GOLF-de-Meurthe-et-Moselle-2024.pdf\">Liste \u00e9lue<\/a><\/p>\n\n\n\n<p><a href=\"https:\/\/ligue-golfgrandest.org\/wp-content\/uploads\/2024\/10\/REGLEMENT-OPERATIONS-ELECTORALES-CD54-2024-1.pdf\">R\u00e8glement des op\u00e9rations \u00e9lectorales<\/a> | <a href=\"https:\/\/ligue-golfgrandest.org\/wp-content\/uploads\/2024\/10\/APPEL-A-CANDIDATURES-CD54-1.pdf\">Appel \u00e0 candidature<\/a> | <a href=\"https:\/\/ligue-golfgrandest.org\/wp-content\/uploads\/2024\/10\/AG_Elective_CD_M-et-M_2024_Attestation_sur_lhonneur.pdf\">D\u00e9claration sur l\u2019honneur<\/a> | <a href=\"https:\/\/ligue-golfgrandest.org\/wp-content\/uploads\/2024\/10\/Liste-Comite-Departemental-de-GOLF-de-Meurthe-et-Moselle-2024.pdf\">Liste d\u00e9pos\u00e9e<\/a><\/p>\n\n\n\n<p><strong>29 avril 2024 <\/strong>&#8211; <a href=\"https:\/\/ligue-golfgrandest.org\/wp-content\/uploads\/2024\/07\/PV_AGO_-CD-54_-EXERCICE-2023.pdf\">PV AG CD54<\/a><\/p>\n\n\n\n<p>27 novembre 2020 : Election du CD54&nbsp; &#8211; <a href=\"https:\/\/ligue-golfgrandest.org\/wp-content\/uploads\/2020\/11\/PV-AGO-CD54_27112020_1.pdf\">Proc\u00e8s Verbal de l&rsquo;AG \u00e9lective<\/a> |<\/p>\n\n\n\n<div class=\"wp-block-columns is-layout-flex wp-container-core-columns-is-layout-9d6595d7 wp-block-columns-is-layout-flex\">\n<div class=\"wp-block-column is-layout-flow wp-block-column-is-layout-flow\">\n<p><strong>Lyc\u00e9e Bichat de Lun\u00e9ville<\/strong><br>R\u00e9alisation d&rsquo;un parcours&nbsp;9 trous<\/p>\n\n\n\n<figure class=\"wp-block-embed is-type-rich is-provider-prise-en-charge-des-contenus-embarqu-s wp-block-embed-prise-en-charge-des-contenus-embarqu-s wp-embed-aspect-4-3 wp-has-aspect-ratio\"><div class=\"wp-block-embed__wrapper\">\n<iframe loading=\"lazy\" title=\"PRESENTATION GOLF BICHAT 3\" width=\"793\" height=\"595\" src=\"https:\/\/www.youtube.com\/embed\/UZuoOxKaS34?feature=oembed\" frameborder=\"0\" allow=\"accelerometer; autoplay; clipboard-write; encrypted-media; gyroscope; picture-in-picture; web-share\" referrerpolicy=\"strict-origin-when-cross-origin\" allowfullscreen><\/iframe>\n<\/div><\/figure>\n<\/div>\n\n\n\n<div class=\"wp-block-column is-layout-flow wp-block-column-is-layout-flow\">\n<p><strong>Lyc\u00e9e Bichat de Lun\u00e9ville<\/strong><br>Journ\u00e9e d\u00e9couverte pour les lyc\u00e9ens<\/p>\n\n\n\n<figure class=\"wp-block-embed is-type-video is-provider-youtube wp-block-embed-youtube wp-embed-aspect-4-3 wp-has-aspect-ratio\"><div class=\"wp-block-embed__wrapper\">\n<iframe loading=\"lazy\" title=\"TVL   Lun\u00e9ville T\u00e9l\u00e9vision\" width=\"793\" height=\"595\" src=\"https:\/\/www.youtube.com\/embed\/2X1I2dN2Gz8?start=4&#038;feature=oembed\" frameborder=\"0\" allow=\"accelerometer; autoplay; clipboard-write; encrypted-media; gyroscope; picture-in-picture; web-share\" referrerpolicy=\"strict-origin-when-cross-origin\" allowfullscreen><\/iframe>\n<\/div><\/figure>\n<\/div>\n<\/div>\n","protected":false},"excerpt":{"rendered":"<p>CD de Golf de Meurthe-et-Moselle Si\u00e8ge : Golf de Nancy \u2013 Chemin du Golf \u2013 54 460 AINGERAY06 11 28 06 68bruno.fiorucci@orange.frcd54@ligue-golfgrandest.org Bruno FIORUCCI : Pr\u00e9sident Le Comit\u00e9 Les communiqu\u00e9s du Comit\u00e9 D\u00e9partemental Bilan actions 2024 | \u00c9LECTIONS 2024 : PV \u00c9lection et Liste \u00e9lue R\u00e8glement des op\u00e9rations \u00e9lectorales | Appel \u00e0 candidature | D\u00e9claration [&hellip;]<\/p>\n","protected":false},"author":3,"featured_media":0,"parent":156,"menu_order":0,"comment_status":"closed","ping_status":"closed","template":"page-templates\/page-full-width.php","meta":{"footnotes":""},"class_list":["post-158","page","type-page","status-publish","hentry"],"_links":{"self":[{"href":"https:\/\/ligue-golfgrandest.org\/index.php\/wp-json\/wp\/v2\/pages\/158","targetHints":{"allow":["GET"]}}],"collection":[{"href":"https:\/\/ligue-golfgrandest.org\/index.php\/wp-json\/wp\/v2\/pages"}],"about":[{"href":"https:\/\/ligue-golfgrandest.org\/index.php\/wp-json\/wp\/v2\/types\/page"}],"author":[{"embeddable":true,"href":"https:\/\/ligue-golfgrandest.org\/index.php\/wp-json\/wp\/v2\/users\/3"}],"replies":[{"embeddable":true,"href":"https:\/\/ligue-golfgrandest.org\/index.php\/wp-json\/wp\/v2\/comments?post=158"}],"version-history":[{"count":1,"href":"https:\/\/ligue-golfgrandest.org\/index.php\/wp-json\/wp\/v2\/pages\/158\/revisions"}],"predecessor-version":[{"id":62479,"href":"https:\/\/ligue-golfgrandest.org\/index.php\/wp-json\/wp\/v2\/pages\/158\/revisions\/62479"}],"up":[{"embeddable":true,"href":"https:\/\/ligue-golfgrandest.org\/index.php\/wp-json\/wp\/v2\/pages\/156"}],"wp:attachment":[{"href":"https:\/\/ligue-golfgrandest.org\/index.php\/wp-json\/wp\/v2\/media?parent=158"}],"curies":[{"name":"wp","href":"https:\/\/api.w.org\/{rel}","templated":true}]}}